{"id":198,"date":"2025-02-06T17:29:39","date_gmt":"2025-02-06T17:29:39","guid":{"rendered":"https:\/\/www.ccae.ufpb.br\/assessoriaadministrativa\/?page_id=198"},"modified":"2026-01-06T10:59:11","modified_gmt":"2026-01-06T10:59:11","slug":"regras-gerais-para-reservas","status":"publish","type":"page","link":"https:\/\/www.ccae.ufpb.br\/assessoriaadministrativa\/regras-gerais-para-reservas\/","title":{"rendered":"Regras Gerais para Reservas de Ve\u00edculos"},"content":{"rendered":"\n<ul class=\"wp-block-list\">\n<li class=\"has-medium-font-size\"><strong>Anteced\u00eancia:<\/strong>&nbsp;A solicita\u00e7\u00e3o deve ser feita com um prazo m\u00ednimo 08 dias para que o setor organize a agenda.<\/li>\n\n\n\n<li class=\"has-medium-font-size\"><strong>Justificativa:<\/strong>&nbsp;Toda reserva precisa ser acompanhada de uma justificativa que comprove a rela\u00e7\u00e3o da viagem com as atividades institucionais.<\/li>\n\n\n\n<li class=\"has-medium-font-size\"><strong>Prioridades:<\/strong>&nbsp;Viagens de car\u00e1ter acad\u00eamico ou administrativo essencial t\u00eam prioridade na aloca\u00e7\u00e3o dos ve\u00edculos.<\/li>\n<\/ul>\n\n\n\n<div class=\"wp-block-group\"><div class=\"wp-block-group__inner-container is-layout-constrained wp-block-group-is-layout-constrained\">\n<h2 class=\"wp-block-heading has-medium-font-size\">PASSO A PASSO PARA REQUISITANTES SOLICITAREM AS RESERVAS DE VE\u00cdCULOS<\/h2>\n\n\n\n<p><\/p>\n<\/div><\/div>\n\n\n\n<div class=\"wp-block-group\"><div class=\"wp-block-group__inner-container is-layout-constrained wp-block-group-is-layout-constrained\">\n<div data-wp-interactive=\"core\/file\" class=\"wp-block-file\"><object data-wp-bind--hidden=\"!state.hasPdfPreview\" hidden class=\"wp-block-file__embed\" data=\"https:\/\/www.ccae.ufpb.br\/assessoriaadministrativa\/wp-content\/uploads\/sites\/170\/sites\/245\/2026\/01\/TUTORIAL-CADASTRO-DE-REQUISICAO-DE-TRANSPORTES-2.pdf\" type=\"application\/pdf\" style=\"width:100%;height:600px\" aria-label=\"Incorporado de TUTORIAL-CADASTRO-DE-REQUISICAO-DE-TRANSPORTES-2.\"><\/object><a id=\"wp-block-file--media-d69ffe41-f350-4371-a0d0-7c9f751bd51d\" href=\"https:\/\/www.ccae.ufpb.br\/assessoriaadministrativa\/wp-content\/uploads\/sites\/170\/sites\/245\/2026\/01\/TUTORIAL-CADASTRO-DE-REQUISICAO-DE-TRANSPORTES-2.pdf\">TUTORIAL-CADASTRO-DE-REQUISICAO-DE-TRANSPORTES-2<\/a><a href=\"https:\/\/www.ccae.ufpb.br\/assessoriaadministrativa\/wp-content\/uploads\/sites\/170\/sites\/245\/2026\/01\/TUTORIAL-CADASTRO-DE-REQUISICAO-DE-TRANSPORTES-2.pdf\" class=\"wp-block-file__button wp-element-button\" download aria-describedby=\"wp-block-file--media-d69ffe41-f350-4371-a0d0-7c9f751bd51d\">Baixar<\/a><\/div>\n<\/div><\/div>\n\n\n\n<div data-wp-interactive=\"core\/file\" class=\"wp-block-file\"><object data-wp-bind--hidden=\"!state.hasPdfPreview\" hidden class=\"wp-block-file__embed\" data=\"http:\/\/www.ccae.ufpb.br\/assessoriaadministrativa\/wp-content\/uploads\/sites\/170\/sites\/245\/2024\/12\/TUTORIAL-CADASTRO-DE-REQUISICAO-DE-TRANSPORTES-2.pdf\" type=\"application\/pdf\" style=\"width:100%;height:600px\" aria-label=\"Incorporado de TUTORIAL CADASTRO DE REQUISI\u00c7\u00c3O DE TRANSPORTES (2).\"><\/object><a id=\"wp-block-file--media-caadcc12-62c2-42d2-a2fb-ae340e396dfb\" href=\"http:\/\/www.ccae.ufpb.br\/assessoriaadministrativa\/wp-content\/uploads\/sites\/170\/sites\/245\/2024\/12\/TUTORIAL-CADASTRO-DE-REQUISICAO-DE-TRANSPORTES-2.pdf\">TUTORIAL CADASTRO DE REQUISI\u00c7\u00c3O DE TRANSPORTES (2)<\/a><a href=\"http:\/\/www.ccae.ufpb.br\/assessoriaadministrativa\/wp-content\/uploads\/sites\/170\/sites\/245\/2024\/12\/TUTORIAL-CADASTRO-DE-REQUISICAO-DE-TRANSPORTES-2.pdf\" class=\"wp-block-file__button wp-element-button\" download aria-describedby=\"wp-block-file--media-caadcc12-62c2-42d2-a2fb-ae340e396dfb\">Baixar<\/a><\/div>\n","protected":false},"excerpt":{"rendered":"<p>PASSO A PASSO PARA REQUISITANTES SOLICITAREM AS RESERVAS DE VE\u00cdCULOS<\/p>\n","protected":false},"author":63,"featured_media":0,"parent":0,"menu_order":0,"comment_status":"closed","ping_status":"closed","template":"","meta":{"footnotes":""},"class_list":["post-198","page","type-page","status-publish","hentry"],"_links":{"self":[{"href":"https:\/\/www.ccae.ufpb.br\/assessoriaadministrativa\/wp-json\/wp\/v2\/pages\/198","targetHints":{"allow":["GET"]}}],"collection":[{"href":"https:\/\/www.ccae.ufpb.br\/assessoriaadministrativa\/wp-json\/wp\/v2\/pages"}],"about":[{"href":"https:\/\/www.ccae.ufpb.br\/assessoriaadministrativa\/wp-json\/wp\/v2\/types\/page"}],"author":[{"embeddable":true,"href":"https:\/\/www.ccae.ufpb.br\/assessoriaadministrativa\/wp-json\/wp\/v2\/users\/63"}],"replies":[{"embeddable":true,"href":"https:\/\/www.ccae.ufpb.br\/assessoriaadministrativa\/wp-json\/wp\/v2\/comments?post=198"}],"version-history":[{"count":8,"href":"https:\/\/www.ccae.ufpb.br\/assessoriaadministrativa\/wp-json\/wp\/v2\/pages\/198\/revisions"}],"predecessor-version":[{"id":399,"href":"https:\/\/www.ccae.ufpb.br\/assessoriaadministrativa\/wp-json\/wp\/v2\/pages\/198\/revisions\/399"}],"wp:attachment":[{"href":"https:\/\/www.ccae.ufpb.br\/assessoriaadministrativa\/wp-json\/wp\/v2\/media?parent=198"}],"curies":[{"name":"wp","href":"https:\/\/api.w.org\/{rel}","templated":true}]}}