{"id":218,"date":"2025-02-06T17:42:03","date_gmt":"2025-02-06T17:42:03","guid":{"rendered":"https:\/\/www.ccae.ufpb.br\/assessoriaadministrativa\/?page_id=218"},"modified":"2025-12-11T19:28:36","modified_gmt":"2025-12-11T19:28:36","slug":"regras-gerais-para-reservas-2","status":"publish","type":"page","link":"https:\/\/www.ccae.ufpb.br\/assessoriaadministrativa\/regras-gerais-para-reservas-2\/","title":{"rendered":"Regras Gerais Sobre Espa\u00e7os"},"content":{"rendered":"\n<p class=\"has-small-font-size\"><\/p>\n\n\n\n<h2 class=\"wp-block-heading\">OUTORGA DE USO<\/h2>\n\n\n\n<p class=\"has-medium-font-size\">Outorgas de Uso (Cess\u00f5es, Permiss\u00f5es, Concess\u00f5es e Autoriza\u00e7\u00f5es) no \u00e2mbito da Universidade Federal da Para\u00edba, conforme Resolu\u00e7\u00e3o CONSUNI n\u00ba 19, de 1\u00ba de Outubro de 2019.<\/p>\n\n\n\n<p class=\"has-medium-font-size\">Nesta se\u00e7\u00e3o est\u00e3o dispon\u00edveis informa\u00e7\u00f5es acerca das Outorgas de Uso (Cess\u00f5es, Permiss\u00f5es, Concess\u00f5es e Autoriza\u00e7\u00f5es) no \u00e2mbito da Universidade Federal da Para\u00edba, conforme Resolu\u00e7\u00e3o CONSUNI n\u00ba 19, de 1\u00ba de Outubro de 2019.<\/p>\n\n\n\n<h2 class=\"wp-block-heading\">NORMAS APLIC\u00c1VEIS<\/h2>\n\n\n\n<p class=\"has-medium-font-size\"><strong><a href=\"https:\/\/drive.ufpb.br\/s\/m9NTNnncyMf49Qj\" target=\"_blank\" rel=\"noreferrer noopener\"># OFICIO CIRCULAR<\/a><\/strong>\u00a0\u2013 Comunicado \u00e0 comunidade acerca da utiliza\u00e7\u00e3o de espa\u00e7o em dia de aplica\u00e7\u00e3o de provas de vestibular e concurso\u00a0p\u00fablico.<\/p>\n\n\n\n<p><strong><a href=\"https:\/\/drive.ufpb.br\/s\/iKnXas9C2aZCpQx\" target=\"_blank\" rel=\"noreferrer noopener\">#&nbsp;Instru\u00e7\u00e3o Normativa n\u00b0 001\/2023 UFPB<\/a><\/strong>&nbsp;\u2013 Taxa Compartilhada<\/p>\n\n\n\n<p><strong><a href=\"https:\/\/drive.ufpb.br\/s\/ngeCwJ3KZErrrPt\" target=\"_blank\" rel=\"noreferrer noopener\"><strong><\/strong><\/a><a href=\"https:\/\/drive.ufpb.br\/s\/GnmGJeLZGWpp38G\" target=\"_blank\" rel=\"noreferrer noopener\">#&nbsp;Portaria n\u00ba 28\/2023<\/a><\/strong><a href=\"https:\/\/drive.ufpb.br\/s\/ngeCwJ3KZErrrPt\" target=\"_blank\" rel=\"noreferrer noopener\">&nbsp;<\/a>\u2013&nbsp;Institui valores referenciais a serem cobrados pela utiliza\u00e7\u00e3o dos espa\u00e7os f\u00edsicos, constru\u00eddos ou n\u00e3o, nas depend\u00eancias da UFPB.<strong><a href=\"https:\/\/drive.ufpb.br\/s\/qocXzstKgAqQwYb\" target=\"_blank\" rel=\"noreferrer noopener\"><br>#&nbsp;Portaria n\u00ba 256\/2022<\/a><\/strong>&nbsp;\u2013&nbsp;Estabelece retorno a cobran\u00e7a aos cession\u00e1rios pelo uso de espa\u00e7os na UFPB.<br><strong><a href=\"https:\/\/drive.ufpb.br\/s\/WMAdB8oQA48RwBj\" target=\"_blank\" rel=\"noreferrer noopener\">#&nbsp;Portaria n\u00ba 243\/2022<\/a><\/strong>&nbsp;\u2013&nbsp;Estabelece retorno a cobran\u00e7a aos cession\u00e1rios pelo uso de espa\u00e7os na UFPB.<\/p>\n\n\n\n<p><strong><a href=\"http:\/\/www.planalto.gov.br\/ccivil_03\/decreto\/2001\/d3725.htm\" target=\"_blank\" rel=\"noreferrer noopener\"># Decreto n\u00ba 3.725\/2001<\/a><\/strong>&nbsp;\u2013&nbsp;Regulamenta a Lei no 9.636, de 15 de maio de 1998, que disp\u00f5e sobre a regulariza\u00e7\u00e3o, administra\u00e7\u00e3o, aforamento e aliena\u00e7\u00e3o de bens im\u00f3veis de dom\u00ednio da Uni\u00e3o, e d\u00e1 outras provid\u00eancias.<br><strong><a href=\"http:\/\/www.planalto.gov.br\/ccivil_03\/decreto\/Antigos\/D99509.htm\" target=\"_blank\" rel=\"noreferrer noopener\"># Decreto n\u00ba 99.509\/1990<\/a><\/strong>&nbsp;\u2013&nbsp;Veda contribui\u00e7\u00f5es com recursos p\u00fablicos, em favor de clubes e associa\u00e7\u00f5es de servidores ou empregados de \u00f3rg\u00e3os e entidades da Administra\u00e7\u00e3o P\u00fablica Federal, e d\u00e1 outras provid\u00eancias.<\/p>\n\n\n\n<p class=\" \"><strong><a href=\"https:\/\/sig-arq.ufpb.br\/arquivos\/2019009022025716587004a8766fc575f\/consuni.19.2019.pdf\" target=\"_blank\" rel=\"noreferrer noopener\"># Resolu\u00e7\u00e3o n\u00ba 19\/2019<\/a><\/strong>&nbsp;\u2013 Regulamenta a ocupa\u00e7\u00e3o de espa\u00e7os f\u00edsicos e im\u00f3veis da Universidade Federal da Para\u00edba, que sejam disponibilizados para Cess\u00e3o de Uso, objetivando a explora\u00e7\u00e3o comercial e de servi\u00e7os por particulares.<\/p>\n\n\n\n<p><strong>AVALIA\u00c7\u00c3O DOS USU\u00c1RIOS \u2013 LANCHONETES NA UFPB.<\/strong><br>Formul\u00e1rio visando obter a sua opini\u00e3o no que diz respeito ao servi\u00e7o de alimenta\u00e7\u00e3o prestado por este estabelecimento comercial \u2013\u00a0<a href=\"https:\/\/forms.office.com\/r\/MhEn9zTadE\" target=\"_blank\" rel=\"noreferrer noopener\">clique aqui<\/a><\/p>\n\n\n\n<p><em>D\u00favidas, sugest\u00f5es, elogios e cr\u00edticas poder\u00e3o ser encaminhadas para o<strong>\u00a0e-email:\u00a0assessoria.administrativa@ccae.ufpb.br <\/strong><\/em><\/p>\n\n\n\n<p><\/p>\n","protected":false},"excerpt":{"rendered":"<p>OUTORGA DE USO Outorgas de Uso (Cess\u00f5es, Permiss\u00f5es, Concess\u00f5es e Autoriza\u00e7\u00f5es) no \u00e2mbito da Universidade Federal da Para\u00edba, conforme Resolu\u00e7\u00e3o CONSUNI n\u00ba 19, de 1\u00ba de Outubro de 2019. Nesta se\u00e7\u00e3o est\u00e3o dispon\u00edveis informa\u00e7\u00f5es acerca das Outorgas de Uso (Cess\u00f5es, Permiss\u00f5es, Concess\u00f5es e Autoriza\u00e7\u00f5es) no \u00e2mbito da Universidade Federal da Para\u00edba, conforme Resolu\u00e7\u00e3o CONSUNI n\u00ba [&hellip;]<\/p>\n","protected":false},"author":63,"featured_media":0,"parent":0,"menu_order":0,"comment_status":"closed","ping_status":"closed","template":"","meta":{"footnotes":""},"class_list":["post-218","page","type-page","status-publish","hentry"],"_links":{"self":[{"href":"https:\/\/www.ccae.ufpb.br\/assessoriaadministrativa\/wp-json\/wp\/v2\/pages\/218","targetHints":{"allow":["GET"]}}],"collection":[{"href":"https:\/\/www.ccae.ufpb.br\/assessoriaadministrativa\/wp-json\/wp\/v2\/pages"}],"about":[{"href":"https:\/\/www.ccae.ufpb.br\/assessoriaadministrativa\/wp-json\/wp\/v2\/types\/page"}],"author":[{"embeddable":true,"href":"https:\/\/www.ccae.ufpb.br\/assessoriaadministrativa\/wp-json\/wp\/v2\/users\/63"}],"replies":[{"embeddable":true,"href":"https:\/\/www.ccae.ufpb.br\/assessoriaadministrativa\/wp-json\/wp\/v2\/comments?post=218"}],"version-history":[{"count":3,"href":"https:\/\/www.ccae.ufpb.br\/assessoriaadministrativa\/wp-json\/wp\/v2\/pages\/218\/revisions"}],"predecessor-version":[{"id":391,"href":"https:\/\/www.ccae.ufpb.br\/assessoriaadministrativa\/wp-json\/wp\/v2\/pages\/218\/revisions\/391"}],"wp:attachment":[{"href":"https:\/\/www.ccae.ufpb.br\/assessoriaadministrativa\/wp-json\/wp\/v2\/media?parent=218"}],"curies":[{"name":"wp","href":"https:\/\/api.w.org\/{rel}","templated":true}]}}