{"id":243,"date":"2025-02-06T17:57:04","date_gmt":"2025-02-06T17:57:04","guid":{"rendered":"https:\/\/www.ccae.ufpb.br\/assessoriaadministrativa\/?page_id=243"},"modified":"2025-12-11T19:16:16","modified_gmt":"2025-12-11T19:16:16","slug":"material-de-consumo","status":"publish","type":"page","link":"https:\/\/www.ccae.ufpb.br\/assessoriaadministrativa\/material-de-consumo\/","title":{"rendered":"Material de Consumo"},"content":{"rendered":"\n<h1 class=\"wp-block-heading\">Solicita\u00e7\u00e3o de Materiais de Consumo<\/h1>\n\n\n\n<p>\u00daltima atualiza\u00e7\u00e3o em 2025<\/p>\n\n\n\n<p>Prezada Comunidade Universit\u00e1ria,<\/p>\n\n\n\n<p>Na busca de melhorarmos cada vez mais o atendimento para com nossos\/as servidores\/as, a Assessoria Administrativa criou um e-mail espec\u00edfico para dirimir o atendimento de Materiais de Consumo e as solicita\u00e7\u00f5es de \u00e1gua mineral de 20L.<\/p>\n\n\n\n<h2 class=\"wp-block-heading\"><strong>1. Instru\u00e7\u00f5es para Solicita\u00e7\u00f5es de Materiais de Consumo<\/strong><\/h2>\n\n\n\n<p class=\" \">A partir de 03\/02\/2022 solicitamos que o\/s pedido\/s de \u00e1gua e\/ou materiais de consumo seja\/m enviado\/s para o e-mail:&nbsp;<a href=\"mailto:solicitacao@ccae.ufpb.br\">solicitacao@ccae.ufpb.br<\/a><\/p>\n\n\n\n<p class=\" \"><strong>Pedidos de Materiais de Consumo<\/strong><\/p>\n\n\n\n<p>O prazo para atendimento de pedidos de materiais de consumo \u00e9 de&nbsp;<strong>at\u00e9&nbsp;48H.<\/strong>&nbsp;(A depender da disponibilidade de nosso estoque).<\/p>\n\n\n\n<p class=\" \">No ato da solicita\u00e7\u00e3o, favor informar&nbsp;<strong>a sala<\/strong>, o melhor&nbsp;<strong>hor\u00e1rio para a entrega<\/strong>&nbsp;e a&nbsp;<strong>pessoa<\/strong>&nbsp;que estar\u00e1 dispon\u00edvel para receber e assinar a entrega dos itens solicitados.<\/p>\n\n\n\n<h3 class=\"wp-block-heading\"><strong>Pedidos de \u00c1gua<\/strong><\/h3>\n\n\n\n<p>O prazo para atendimento de pedidos de \u00e1gua \u00e9 de&nbsp;<strong>at\u00e9<\/strong>&nbsp;<strong>24H<\/strong>. (A depender da disponibilidade de nosso estoque).<\/p>\n\n\n\n<p>No ato da solicita\u00e7\u00e3o, favor informar a sala para a entrega\u00a0<strong>(Exemplo: Biblioteca de Rio Tinto)<\/strong>.<\/p>\n\n\n\n<p>Orientamos que os\/as servidores\/as fique\/m atento\/s a\/s data\/s de validade do\/s garraf\u00e3o\/\u00f5es que utiliza\/m em sua\/s unidade\/s, para evitar a utiliza\u00e7\u00e3o de vasilhames vencidos em nossas 02 unidades \u2013 Rio Tinto e Mamanguape.<\/p>\n\n\n\n<h3 class=\"wp-block-heading\">Observa\u00e7\u00e3o:<\/h3>\n\n\n\n<p>Sempre que identificarmos que as solicita\u00e7\u00f5es n\u00e3o poder\u00e3o ser atendidas dentro dos prazos pr\u00e9-estabelecidos, os e-mails ser\u00e3o devidamente respondidos com uma justificativa:<\/p>\n\n\n\n<ul class=\"wp-block-list\">\n<li>ou para o n\u00e3o atendimento da solicita\u00e7\u00e3o,<\/li>\n\n\n\n<li>ou para um agendamento do atendimento.<\/li>\n<\/ul>\n\n\n\n<h2 class=\"wp-block-heading\"><strong>2. Entrega Anual de Materiais de Consumo aos CAs<\/strong><\/h2>\n\n\n\n<p>Anualmente a Assessoria Administrativa (com a anu\u00eancia da Dire\u00e7\u00e3o de Centro), realiza a entrega de Kits de materiais de consumo, aos representantes dos CAs.<\/p>\n\n\n\n<p>Para garantir o recebimento destes materiais o\/a representante do CA deve enviar e-mail para o seguinte endere\u00e7o: <strong>assessoria.administrativa@ccae.ufpb.br<\/strong> at\u00e9 a 1\u00aa quinzena do m\u00eas de Mar\u00e7o, com\u00a0<strong>nome completo<\/strong>\u00a0<strong>do\/a representante do CA<\/strong>, e\u00a0<strong>indica\u00e7\u00e3o do CA que representa.<\/strong><\/p>\n\n\n\n<p>As entregas dos Kits obedecer\u00e3o a ordem de recebimento dos e-mails. No ato da entrega o\/a representante dever\u00e1 assinar o TERMO DE RECEBIMENTO junto a Assessoria Administrativa.<\/p>\n","protected":false},"excerpt":{"rendered":"<p>Solicita\u00e7\u00e3o de Materiais de Consumo \u00daltima atualiza\u00e7\u00e3o em 2025 Prezada Comunidade Universit\u00e1ria, Na busca de melhorarmos cada vez mais o atendimento para com nossos\/as servidores\/as, a Assessoria Administrativa criou um e-mail espec\u00edfico para dirimir o atendimento de Materiais de Consumo e as solicita\u00e7\u00f5es de \u00e1gua mineral de 20L. 1. Instru\u00e7\u00f5es para Solicita\u00e7\u00f5es de Materiais de [&hellip;]<\/p>\n","protected":false},"author":63,"featured_media":0,"parent":0,"menu_order":0,"comment_status":"closed","ping_status":"closed","template":"","meta":{"footnotes":""},"class_list":["post-243","page","type-page","status-publish","hentry"],"_links":{"self":[{"href":"https:\/\/www.ccae.ufpb.br\/assessoriaadministrativa\/wp-json\/wp\/v2\/pages\/243","targetHints":{"allow":["GET"]}}],"collection":[{"href":"https:\/\/www.ccae.ufpb.br\/assessoriaadministrativa\/wp-json\/wp\/v2\/pages"}],"about":[{"href":"https:\/\/www.ccae.ufpb.br\/assessoriaadministrativa\/wp-json\/wp\/v2\/types\/page"}],"author":[{"embeddable":true,"href":"https:\/\/www.ccae.ufpb.br\/assessoriaadministrativa\/wp-json\/wp\/v2\/users\/63"}],"replies":[{"embeddable":true,"href":"https:\/\/www.ccae.ufpb.br\/assessoriaadministrativa\/wp-json\/wp\/v2\/comments?post=243"}],"version-history":[{"count":3,"href":"https:\/\/www.ccae.ufpb.br\/assessoriaadministrativa\/wp-json\/wp\/v2\/pages\/243\/revisions"}],"predecessor-version":[{"id":387,"href":"https:\/\/www.ccae.ufpb.br\/assessoriaadministrativa\/wp-json\/wp\/v2\/pages\/243\/revisions\/387"}],"wp:attachment":[{"href":"https:\/\/www.ccae.ufpb.br\/assessoriaadministrativa\/wp-json\/wp\/v2\/media?parent=243"}],"curies":[{"name":"wp","href":"https:\/\/api.w.org\/{rel}","templated":true}]}}