{"id":180,"date":"2024-07-19T12:42:48","date_gmt":"2024-07-19T12:42:48","guid":{"rendered":"https:\/\/www.ccae.ufpb.br\/clleead2\/?page_id=180"},"modified":"2024-10-23T19:16:37","modified_gmt":"2024-10-23T22:16:37","slug":"resolucoes","status":"publish","type":"page","link":"https:\/\/www.ccae.ufpb.br\/clleead\/documentos\/portarias-e-resolucoes\/resolucoes\/","title":{"rendered":"Resolu\u00e7\u00f5es"},"content":{"rendered":"\n<ul class=\"wp-block-list\">\n<li><a href=\"http:\/\/www.ccae.ufpb.br\/clleead\/wp-content\/uploads\/sites\/170\/sites\/173\/2024\/07\/RESOLUCAO292020.pdf\">Resolu\u00e7\u00e3o&nbsp;n\u00ba&nbsp; 29\/2020<\/a><\/li>\n\n\n\n<li><a href=\"http:\/\/www.ccae.ufpb.br\/clleead\/wp-content\/uploads\/sites\/170\/sites\/173\/2024\/07\/22.05.2017-Resolucao-Estagio-Supervisionado-Espanhol.pdf\">Resolu\u00e7\u00e3o n\u00ba 3\/2016 &#8211; Regulamenta o Est\u00e1gio Curricular Obrigat\u00f3rio.<\/a><\/li>\n\n\n\n<li><a href=\"http:\/\/www.ccae.ufpb.br\/clleead2\/wp-content\/uploads\/sites\/170\/sites\/173\/2024\/07\/04.12.2017-Resolucao_TCC-Letras-Espanhol-Colegiado-1.pdf\">Resolu\u00e7\u00e3o n\u00ba 2\/2016 &#8211; Normas para o <\/a><a href=\"http:\/\/www.ccae.ufpb.br\/clleead\/wp-content\/uploads\/sites\/170\/sites\/173\/2024\/07\/04.12.2017-Resolucao_TCC-Letras-Espanhol-Colegiado-1.pdf\">Trabalho de Conclus\u00e3o de\u00a0 Curso de Licenciatura em Letras \u2013 L\u00edngua\u00a0 Espanhola (EAD) do CCAE.<\/a><\/li>\n\n\n\n<li><a href=\"http:\/\/www.ccae.ufpb.br\/clleead\/wp-content\/uploads\/sites\/170\/sites\/173\/2024\/07\/22.05.2017-Resolucao-1-conteudos-flexiveis-Espanhol-EAD.pdf\">Resolu\u00e7\u00e3o&nbsp;n\u00ba 1\/2016 &#8211; Regulamenta o cumprimento de conte\u00fados&nbsp;complementares flex\u00edveis.<\/a><\/li>\n\n\n\n<li><a href=\"http:\/\/www.ccae.ufpb.br\/clleead\/wp-content\/uploads\/sites\/170\/sites\/173\/2024\/07\/26.07.2017-Resolucao-53_2013-Criacao-Letras_-Lingua-Espanhola.pdf\">Resolu\u00e7\u00e3o n\u00ba&nbsp; 53\/ 2013 &#8211; Cria o Curso de Letras em L\u00edngua Espanhola Licenciatura do Centro de Ci\u00eancias Aplicadas e Educa\u00e7\u00e3o, na modalidade Semipresencial, Campus IV, desta Universidade.<\/a><\/li>\n\n\n\n<li><a href=\"http:\/\/www.ccae.ufpb.br\/clleead\/wp-content\/uploads\/sites\/170\/sites\/173\/2024\/10\/Resolucao_CLLEEAD_1_2021_Consulta_Eleitoral_Espanhol_-_ATUALIZADA-3.pdf\" data-type=\"link\" data-id=\"http:\/\/www.ccae.ufpb.br\/clleead2\/wp-content\/uploads\/sites\/170\/sites\/173\/2024\/10\/Resolucao_CLLEEAD_1_2021_Consulta_Eleitoral_Espanhol_-_ATUALIZADA-3.pdf\">Resolu\u00e7\u00e3o CLLEEAD 01\/2021 &#8211; Regulamenta Colegiado do Curso de Licenciatura em Letras &#8211; L\u00edngua Espanhola (EAD).<\/a><\/li>\n<\/ul>\n\n\n\n<p><\/p>\n","protected":false},"excerpt":{"rendered":"","protected":false},"author":109,"featured_media":0,"parent":175,"menu_order":0,"comment_status":"closed","ping_status":"closed","template":"","meta":{"footnotes":""},"class_list":["post-180","page","type-page","status-publish","hentry"],"_links":{"self":[{"href":"https:\/\/www.ccae.ufpb.br\/clleead\/wp-json\/wp\/v2\/pages\/180","targetHints":{"allow":["GET"]}}],"collection":[{"href":"https:\/\/www.ccae.ufpb.br\/clleead\/wp-json\/wp\/v2\/pages"}],"about":[{"href":"https:\/\/www.ccae.ufpb.br\/clleead\/wp-json\/wp\/v2\/types\/page"}],"author":[{"embeddable":true,"href":"https:\/\/www.ccae.ufpb.br\/clleead\/wp-json\/wp\/v2\/users\/109"}],"replies":[{"embeddable":true,"href":"https:\/\/www.ccae.ufpb.br\/clleead\/wp-json\/wp\/v2\/comments?post=180"}],"version-history":[{"count":11,"href":"https:\/\/www.ccae.ufpb.br\/clleead\/wp-json\/wp\/v2\/pages\/180\/revisions"}],"predecessor-version":[{"id":432,"href":"https:\/\/www.ccae.ufpb.br\/clleead\/wp-json\/wp\/v2\/pages\/180\/revisions\/432"}],"up":[{"embeddable":true,"href":"https:\/\/www.ccae.ufpb.br\/clleead\/wp-json\/wp\/v2\/pages\/175"}],"wp:attachment":[{"href":"https:\/\/www.ccae.ufpb.br\/clleead\/wp-json\/wp\/v2\/media?parent=180"}],"curies":[{"name":"wp","href":"https:\/\/api.w.org\/{rel}","templated":true}]}}

Resoluções

<ul class="wp-block-list">
<li><a href="http://www.ccae.ufpb.br/clleead/wp-content/uploads/sites/170/sites/173/2024/07/RESOLUCAO292020.pdf">Resolução&nbsp;nº&nbsp; 29/2020</a></li>



<li><a href="http://www.ccae.ufpb.br/clleead/wp-content/uploads/sites/170/sites/173/2024/07/22.05.2017-Resolucao-Estagio-Supervisionado-Espanhol.pdf">Resolução nº 3/2016 &#8211; Regulamenta o Estágio Curricular Obrigatório.</a></li>



<li><a href="http://www.ccae.ufpb.br/clleead2/wp-content/uploads/sites/170/sites/173/2024/07/04.12.2017-Resolucao_TCC-Letras-Espanhol-Colegiado-1.pdf">Resolução nº 2/2016 &#8211; Normas para o </a><a href="http://www.ccae.ufpb.br/clleead/wp-content/uploads/sites/170/sites/173/2024/07/04.12.2017-Resolucao_TCC-Letras-Espanhol-Colegiado-1.pdf">Trabalho de Conclusão de  Curso de Licenciatura em Letras – Língua  Espanhola (EAD) do CCAE.</a></li>



<li><a href="http://www.ccae.ufpb.br/clleead/wp-content/uploads/sites/170/sites/173/2024/07/22.05.2017-Resolucao-1-conteudos-flexiveis-Espanhol-EAD.pdf">Resolução&nbsp;nº 1/2016 &#8211; Regulamenta o cumprimento de conteúdos&nbsp;complementares flexíveis.</a></li>



<li><a href="http://www.ccae.ufpb.br/clleead/wp-content/uploads/sites/170/sites/173/2024/07/26.07.2017-Resolucao-53_2013-Criacao-Letras_-Lingua-Espanhola.pdf">Resolução nº&nbsp; 53/ 2013 &#8211; Cria o Curso de Letras em Língua Espanhola Licenciatura do Centro de Ciências Aplicadas e Educação, na modalidade Semipresencial, Campus IV, desta Universidade.</a></li>



<li><a href="http://www.ccae.ufpb.br/clleead/wp-content/uploads/sites/170/sites/173/2024/10/Resolucao_CLLEEAD_1_2021_Consulta_Eleitoral_Espanhol_-_ATUALIZADA-3.pdf" data-type="link" data-id="http://www.ccae.ufpb.br/clleead2/wp-content/uploads/sites/170/sites/173/2024/10/Resolucao_CLLEEAD_1_2021_Consulta_Eleitoral_Espanhol_-_ATUALIZADA-3.pdf">Resolução CLLEEAD 01/2021 &#8211; Regulamenta Colegiado do Curso de Licenciatura em Letras &#8211; Língua Espanhola (EAD).</a></li>
</ul>



<p></p>
