{"id":75,"date":"2024-04-23T12:57:12","date_gmt":"2024-04-23T12:57:12","guid":{"rendered":"https:\/\/www.ccae.ufpb.br\/clleead2\/?page_id=75"},"modified":"2026-02-04T16:38:59","modified_gmt":"2026-02-04T19:38:59","slug":"requerimentos","status":"publish","type":"page","link":"https:\/\/www.ccae.ufpb.br\/clleead\/documentos\/requerimentos\/","title":{"rendered":"Requerimentos"},"content":{"rendered":"\n<ol class=\"wp-block-list\">\n<li><a href=\"http:\/\/www.ccae.ufpb.br\/clleead\/wp-content\/uploads\/sites\/170\/sites\/173\/2024\/07\/1.-Requerimento-Geral.pdf\">Requerimento geral<\/a><\/li>\n\n\n\n<li><a href=\"http:\/\/www.ccae.ufpb.br\/clleead\/wp-content\/uploads\/sites\/170\/sites\/173\/2026\/02\/Requerimento-de-Aproveitamento-ou-Dispensa-de-Disciplinas.pdf\" target=\"_blank\" rel=\"noreferrer noopener\">Aproveitamento de Estudos<\/a><\/li>\n\n\n\n<li><a href=\"http:\/\/www.ccae.ufpb.br\/clleead\/wp-content\/uploads\/sites\/170\/sites\/173\/2024\/07\/3.-Cancelamento-de-Matricula.pdf\">Cancelamento de Matr\u00edcula<\/a><\/li>\n\n\n\n<li><a href=\"http:\/\/www.ccae.ufpb.br\/clleead\/wp-content\/uploads\/sites\/170\/sites\/173\/2024\/07\/4.-Requerimento-de-solicitacao-de-Diploma.pdf\">Solicita\u00e7\u00e3o de Diploma<\/a><\/li>\n\n\n\n<li><a href=\"http:\/\/www.ccae.ufpb.br\/clleead\/wp-content\/uploads\/sites\/170\/sites\/173\/2024\/07\/5.-Abreviacao-do-Curso.pdf\">Abrevia\u00e7\u00e3o do Curso de Gradua\u00e7\u00e3o<\/a><\/li>\n\n\n\n<li><a href=\"http:\/\/www.ccae.ufpb.br\/clleead\/wp-content\/uploads\/sites\/170\/sites\/173\/2024\/07\/6.-Requerimento-para-Reopcao-de-Polo.pdf\">Reop\u00e7\u00e3o de Polo<\/a><\/li>\n\n\n\n<li><a href=\"http:\/\/www.ccae.ufpb.br\/clleead\/wp-content\/uploads\/sites\/170\/sites\/173\/2024\/07\/7.-Matricula-fora-do-prazo.pdf\">Matr\u00edcula fora do prazo<\/a><\/li>\n\n\n\n<li><a href=\"http:\/\/www.ccae.ufpb.br\/clleead\/wp-content\/uploads\/sites\/170\/sites\/173\/2024\/07\/8.-Formulario-de-aproveitamento-de-experiencia-profissional-na-area.pdf\">Formul\u00e1rio de aproveitamento de experi\u00eancia profissional na \u00e1rea<\/a><\/li>\n\n\n\n<li><a href=\"http:\/\/www.ccae.ufpb.br\/clleead\/wp-content\/uploads\/sites\/170\/sites\/173\/2024\/07\/9.-Requerimento-de-Colacao-de-Grau-coletiva.pdf\">Requerimento de Cola\u00e7\u00e3o de Grau coletiva<\/a><\/li>\n<\/ol>\n","protected":false},"excerpt":{"rendered":"","protected":false},"author":47,"featured_media":0,"parent":11,"menu_order":0,"comment_status":"closed","ping_status":"closed","template":"","meta":{"footnotes":""},"class_list":["post-75","page","type-page","status-publish","hentry"],"_links":{"self":[{"href":"https:\/\/www.ccae.ufpb.br\/clleead\/wp-json\/wp\/v2\/pages\/75","targetHints":{"allow":["GET"]}}],"collection":[{"href":"https:\/\/www.ccae.ufpb.br\/clleead\/wp-json\/wp\/v2\/pages"}],"about":[{"href":"https:\/\/www.ccae.ufpb.br\/clleead\/wp-json\/wp\/v2\/types\/page"}],"author":[{"embeddable":true,"href":"https:\/\/www.ccae.ufpb.br\/clleead\/wp-json\/wp\/v2\/users\/47"}],"replies":[{"embeddable":true,"href":"https:\/\/www.ccae.ufpb.br\/clleead\/wp-json\/wp\/v2\/comments?post=75"}],"version-history":[{"count":20,"href":"https:\/\/www.ccae.ufpb.br\/clleead\/wp-json\/wp\/v2\/pages\/75\/revisions"}],"predecessor-version":[{"id":510,"href":"https:\/\/www.ccae.ufpb.br\/clleead\/wp-json\/wp\/v2\/pages\/75\/revisions\/510"}],"up":[{"embeddable":true,"href":"https:\/\/www.ccae.ufpb.br\/clleead\/wp-json\/wp\/v2\/pages\/11"}],"wp:attachment":[{"href":"https:\/\/www.ccae.ufpb.br\/clleead\/wp-json\/wp\/v2\/media?parent=75"}],"curies":[{"name":"wp","href":"https:\/\/api.w.org\/{rel}","templated":true}]}}

<ol class="wp-block-list">
<li><a href="http://www.ccae.ufpb.br/clleead/wp-content/uploads/sites/170/sites/173/2024/07/1.-Requerimento-Geral.pdf">Requerimento geral</a></li>



<li><a href="http://www.ccae.ufpb.br/clleead/wp-content/uploads/sites/170/sites/173/2026/02/Requerimento-de-Aproveitamento-ou-Dispensa-de-Disciplinas.pdf" target="_blank" rel="noreferrer noopener">Aproveitamento de Estudos</a></li>



<li><a href="http://www.ccae.ufpb.br/clleead/wp-content/uploads/sites/170/sites/173/2024/07/3.-Cancelamento-de-Matricula.pdf">Cancelamento de Matrícula</a></li>



<li><a href="http://www.ccae.ufpb.br/clleead/wp-content/uploads/sites/170/sites/173/2024/07/4.-Requerimento-de-solicitacao-de-Diploma.pdf">Solicitação de Diploma</a></li>



<li><a href="http://www.ccae.ufpb.br/clleead/wp-content/uploads/sites/170/sites/173/2024/07/5.-Abreviacao-do-Curso.pdf">Abreviação do Curso de Graduação</a></li>



<li><a href="http://www.ccae.ufpb.br/clleead/wp-content/uploads/sites/170/sites/173/2024/07/6.-Requerimento-para-Reopcao-de-Polo.pdf">Reopção de Polo</a></li>



<li><a href="http://www.ccae.ufpb.br/clleead/wp-content/uploads/sites/170/sites/173/2024/07/7.-Matricula-fora-do-prazo.pdf">Matrícula fora do prazo</a></li>



<li><a href="http://www.ccae.ufpb.br/clleead/wp-content/uploads/sites/170/sites/173/2024/07/8.-Formulario-de-aproveitamento-de-experiencia-profissional-na-area.pdf">Formulário de aproveitamento de experiência profissional na área</a></li>



<li><a href="http://www.ccae.ufpb.br/clleead/wp-content/uploads/sites/170/sites/173/2024/07/9.-Requerimento-de-Colacao-de-Grau-coletiva.pdf">Requerimento de Colação de Grau coletiva</a></li>
</ol>
