{"id":1052,"date":"2025-05-29T09:40:30","date_gmt":"2025-05-29T12:40:30","guid":{"rendered":"https:\/\/www.ccae.ufpb.br\/clliead\/?page_id=1052"},"modified":"2026-01-27T15:19:47","modified_gmt":"2026-01-27T18:19:47","slug":"calendario-academico1","status":"publish","type":"page","link":"https:\/\/www.ccae.ufpb.br\/clliead\/perguntas-frequentes\/calendario-academico1\/","title":{"rendered":"Calend\u00e1rios"},"content":{"rendered":"\n<h2 class=\"wp-block-heading has-text-color has-link-color wp-elements-97b27e10262da58cc5e628bbaf0a60a3\" style=\"color:#20409a\"><strong>Calend\u00e1rios EAD 2026<\/strong><\/h2>\n\n\n\n<p><strong>Calend\u00e1rio A<strong>cad\u00eamico<\/strong> 2026.2 &#8211;\u00a0<a href=\"http:\/\/www.ccae.ufpb.br\/clliead\/wp-content\/uploads\/sites\/170\/sites\/174\/2026\/01\/CALENDARIO-ACADEMICO-EAD-2026.2.pdf\" data-type=\"attachment\" data-id=\"1428\" target=\"_blank\" rel=\"noreferrer noopener\">CLIQUE AQUI<\/a><\/strong><\/p>\n\n\n\n<p><strong>Calend\u00e1rio Administrativo 2026.2 &#8211;&nbsp;<a href=\"https:\/\/www.ccae.ufpb.br\/clliead\/wp-content\/uploads\/sites\/170\/sites\/174\/2025\/11\/CALENDARIO-ADMINISTRATIVO-EAD-2026.2.pdf\" data-type=\"attachment\" data-id=\"1429\" target=\"_blank\" rel=\"noreferrer noopener\">CLIQUE AQUI<\/a><\/strong><\/p>\n\n\n\n<p><strong>Calend\u00e1rio A<strong>cad\u00eamico<\/strong> 2026.1 &#8211;\u00a0<a href=\"http:\/\/www.ccae.ufpb.br\/clliead\/wp-content\/uploads\/sites\/170\/sites\/174\/2026\/01\/CALENDARIO-ACADEMICO-EAD-2026.1.pdf\" data-type=\"attachment\" data-id=\"1428\" target=\"_blank\" rel=\"noreferrer noopener\">CLIQUE AQUI<\/a><\/strong><\/p>\n\n\n\n<p><strong>Calend\u00e1rio Administrativo 2026.1 &#8211;\u00a0<a href=\"https:\/\/www.ccae.ufpb.br\/clliead\/wp-content\/uploads\/sites\/170\/sites\/174\/2025\/11\/CALENDARIO-ADMINISTRATIVO-EAD-2026.1.pdf\" data-type=\"attachment\" data-id=\"1428\" target=\"_blank\" rel=\"noreferrer noopener\">CLIQUE AQUI<\/a><\/strong><\/p>\n\n\n\n<h2 class=\"wp-block-heading has-text-color has-link-color wp-elements-2b138d8718bc4ae4a034eb38546505b5\" style=\"color:#20409a\"><strong>Calend\u00e1rios EAD 2025<\/strong><\/h2>\n\n\n\n<p><strong>Calend\u00e1rio Acad\u00eamico 2025.2 &#8211;&nbsp;<a href=\"https:\/\/www.sead.ufpb.br\/sead\/contents\/documentos\/calendarios-2022.1\/CALENDRIOACADMICO2025.2_EAD.pdf\" target=\"_blank\" rel=\"noreferrer noopener\">CLIQUE AQUI<\/a><\/strong><\/p>\n\n\n\n<p><strong>Calend\u00e1rio Administrativo 2025.2 &#8211;&nbsp;<a href=\"https:\/\/www.sead.ufpb.br\/sead\/contents\/documentos\/calendarios-2022.1\/CALENDRIOADMINISTRATIVO2025.2_EAD.pdf\" target=\"_blank\" rel=\"noreferrer noopener\">CLIQUE AQUI<\/a><\/strong><\/p>\n\n\n\n<p><strong>Calend\u00e1rio Acad\u00eamico 2025.1 &#8211;&nbsp;<a href=\"https:\/\/www.sead.ufpb.br\/sead\/contents\/documentos\/calendarios-2022.1\/CALENDRIOACADMICODEENSINODISTNCIAEAD2025.1.pdf\" target=\"_blank\" rel=\"noreferrer noopener\">CLIQUE AQUI<\/a><\/strong><\/p>\n\n\n\n<p><strong>Calend\u00e1rio Administrativo 2025.1 &#8211;&nbsp;<a href=\"https:\/\/www.sead.ufpb.br\/sead\/contents\/documentos\/calendarios-2022.1\/CALENDRIOADMINISTRATIVODAEDUCAODISTNCIAEAD2025.11.pdf\" target=\"_blank\" rel=\"noreferrer noopener\">CLIQUE AQUI<\/a><\/strong><\/p>\n\n\n\n<h2 class=\"wp-block-heading has-text-color has-link-color wp-elements-1e8cbe959de190126d2165435e6ec40a\" style=\"color:#20409a\"><strong>Calend\u00e1rios EAD 2024<\/strong><\/h2>\n\n\n\n<p><strong>Calend\u00e1rio Acad\u00eamico 2024.2 &#8211;&nbsp;<a href=\"https:\/\/www.sead.ufpb.br\/sead\/contents\/documentos\/calendarios-2022.1\/calendarioacademico20242ead.pdf\" target=\"_blank\" rel=\"noreferrer noopener\">CLIQUE AQUI<\/a><\/strong><\/p>\n\n\n\n<p><strong>Calend\u00e1rio Administrativo 2024.2 &#8211;&nbsp;<a href=\"https:\/\/www.sead.ufpb.br\/sead\/contents\/documentos\/calendarios-2022.1\/calendarioadministrativo20242ead.pdf\" target=\"_blank\" rel=\"noreferrer noopener\">CLIQUE AQUI<\/a><\/strong><\/p>\n\n\n\n<p><strong>Calend\u00e1rio Administrativo 2024.2 (Retifica\u00e7\u00e3o) &#8211;&nbsp;<a href=\"https:\/\/www.sead.ufpb.br\/sead\/contents\/documentos\/calendarios-2022.1\/OFIEAD.pdf\" target=\"_blank\" rel=\"noreferrer noopener\">CLIQUE AQUI<\/a><\/strong><\/p>\n\n\n\n<p><strong>Calend\u00e1rio Acad\u00eamico 2024.2 (Retifica\u00e7\u00e3o) &#8211;&nbsp;<a href=\"https:\/\/www.sead.ufpb.br\/sead\/contents\/documentos\/calendarios-2022.1\/CALENDRIOACADMICO2024.2RETIFICADOEAD.pdf\" target=\"_blank\" rel=\"noreferrer noopener\">CLIQUE AQUI<\/a><\/strong><\/p>\n\n\n\n<p><strong>Calend\u00e1rio Acad\u00eamico 2024.1 &#8211;&nbsp;<a href=\"https:\/\/www.sead.ufpb.br\/sead\/contents\/documentos\/calendarios-2022.1\/calendarioacademico20241ead.pdf\" target=\"_blank\" rel=\"noreferrer noopener\">CLIQUE AQUI<\/a><\/strong><\/p>\n\n\n\n<p><strong>Calend\u00e1rio Administrativo 2024.1 &#8211;&nbsp;<a href=\"https:\/\/www.sead.ufpb.br\/sead\/contents\/documentos\/calendarios-2022.1\/calendarioadministrativo20241ead.pdf\" target=\"_blank\" rel=\"noreferrer noopener\">CLIQUE AQUI<\/a><\/strong><\/p>\n\n\n\n<h2 class=\"wp-block-heading has-text-color has-link-color wp-elements-d2f2b78267fa5a6adedce9ea88470b4f\" style=\"color:#20409a\"><strong>Calend\u00e1rio EAD 2023<\/strong><\/h2>\n\n\n\n<p><strong>Turmas de f\u00e9rias EAD 2023.3\/ Calend\u00e1rio Administrativo 2023.2 (Alterado) &#8211;&nbsp;<a href=\"https:\/\/www.sead.ufpb.br\/sead\/contents\/documentos\/editais-uab\/OFEADECALENDRIOADM23.2.pdf\" target=\"_blank\" rel=\"noreferrer noopener\">CLIQUE AQUI<\/a><\/strong><\/p>\n\n\n\n<p><strong>Calend\u00e1rio Acad\u00eamico 2023.2 &#8211;&nbsp;<a href=\"https:\/\/www.sead.ufpb.br\/sead\/contents\/documentos\/calendarios-2022.1\/CALENDRIOACADMICO2023.2_EAD.pdf\" target=\"_blank\" rel=\"noreferrer noopener\">CLIQUE AQUI<\/a><\/strong><\/p>\n\n\n\n<p><strong>Calend\u00e1rio Administrativo 2023.2 &#8211;&nbsp;<a href=\"https:\/\/www.sead.ufpb.br\/sead\/contents\/documentos\/calendarios-2022.1\/CALENDRIOADMINISTRATIVOEAD2023.2_EAD.pdf\" target=\"_blank\" rel=\"noreferrer noopener\">CLIQUE AQUI<\/a><\/strong><\/p>\n\n\n\n<p><strong>Calend\u00e1rio Acad\u00eamico 2023.1 &#8211;&nbsp;<a href=\"https:\/\/www.sead.ufpb.br\/sead\/contents\/documentos\/documentos-sead\/calendarioacademicoead2023.1.pdf\" target=\"_blank\" rel=\"noreferrer noopener\">CLIQUE AQUI<\/a><\/strong><\/p>\n\n\n\n<p><strong>Calend\u00e1rio Acad\u00eamico 2023.1 (em LIBRAS) &#8211;&nbsp;<a href=\"https:\/\/youtu.be\/9c5gbHok-EI\" target=\"_blank\" rel=\"noreferrer noopener\">CLIQUE AQUI<\/a><\/strong><\/p>\n\n\n\n<p><strong>Calend\u00e1rio Administrativo 2023.1 &#8211;&nbsp;<a href=\"https:\/\/www.sead.ufpb.br\/sead\/contents\/documentos\/documentos-sead\/calendarioadministrativoead2023.1.pdf\" target=\"_blank\" rel=\"noreferrer noopener\">CLIQUE AQUI<\/a><\/strong><\/p>\n\n\n\n<p><strong>Calend\u00e1rio Administrativo 2023.1 (em LIBRAS) &#8211;&nbsp;<a href=\"https:\/\/youtu.be\/xMnbVh_4USk\" target=\"_blank\" rel=\"noreferrer noopener\">CLIQUE AQUI<\/a><\/strong><\/p>\n\n\n\n<p><\/p>\n","protected":false},"excerpt":{"rendered":"<p>Calend\u00e1rios EAD 2026 Calend\u00e1rio Acad\u00eamico 2026.2 &#8211;\u00a0CLIQUE AQUI Calend\u00e1rio Administrativo 2026.2 &#8211;&nbsp;CLIQUE AQUI Calend\u00e1rio Acad\u00eamico 2026.1 &#8211;\u00a0CLIQUE AQUI Calend\u00e1rio Administrativo 2026.1 &#8211;\u00a0CLIQUE AQUI Calend\u00e1rios EAD 2025 Calend\u00e1rio Acad\u00eamico 2025.2 &#8211;&nbsp;CLIQUE AQUI Calend\u00e1rio Administrativo 2025.2 &#8211;&nbsp;CLIQUE AQUI Calend\u00e1rio Acad\u00eamico 2025.1 &#8211;&nbsp;CLIQUE AQUI Calend\u00e1rio Administrativo 2025.1 &#8211;&nbsp;CLIQUE AQUI Calend\u00e1rios EAD 2024 Calend\u00e1rio Acad\u00eamico 2024.2 &#8211;&nbsp;CLIQUE AQUI Calend\u00e1rio [&hellip;]<\/p>\n","protected":false},"author":110,"featured_media":0,"parent":10,"menu_order":0,"comment_status":"closed","ping_status":"closed","template":"","meta":{"footnotes":""},"class_list":["post-1052","page","type-page","status-publish","hentry"],"_links":{"self":[{"href":"https:\/\/www.ccae.ufpb.br\/clliead\/wp-json\/wp\/v2\/pages\/1052","targetHints":{"allow":["GET"]}}],"collection":[{"href":"https:\/\/www.ccae.ufpb.br\/clliead\/wp-json\/wp\/v2\/pages"}],"about":[{"href":"https:\/\/www.ccae.ufpb.br\/clliead\/wp-json\/wp\/v2\/types\/page"}],"author":[{"embeddable":true,"href":"https:\/\/www.ccae.ufpb.br\/clliead\/wp-json\/wp\/v2\/users\/110"}],"replies":[{"embeddable":true,"href":"https:\/\/www.ccae.ufpb.br\/clliead\/wp-json\/wp\/v2\/comments?post=1052"}],"version-history":[{"count":10,"href":"https:\/\/www.ccae.ufpb.br\/clliead\/wp-json\/wp\/v2\/pages\/1052\/revisions"}],"predecessor-version":[{"id":1459,"href":"https:\/\/www.ccae.ufpb.br\/clliead\/wp-json\/wp\/v2\/pages\/1052\/revisions\/1459"}],"up":[{"embeddable":true,"href":"https:\/\/www.ccae.ufpb.br\/clliead\/wp-json\/wp\/v2\/pages\/10"}],"wp:attachment":[{"href":"https:\/\/www.ccae.ufpb.br\/clliead\/wp-json\/wp\/v2\/media?parent=1052"}],"curies":[{"name":"wp","href":"https:\/\/api.w.org\/{rel}","templated":true}]}}

Calendários

<h2 class="wp-block-heading has-text-color has-link-color wp-elements-97b27e10262da58cc5e628bbaf0a60a3" style="color:#20409a"><strong>Calendários EAD 2026</strong></h2>



<p><strong>Calendário A<strong>cadêmico</strong> 2026.2 &#8211; <a href="http://www.ccae.ufpb.br/clliead/wp-content/uploads/sites/170/sites/174/2026/01/CALENDARIO-ACADEMICO-EAD-2026.2.pdf" data-type="attachment" data-id="1428" target="_blank" rel="noreferrer noopener">CLIQUE AQUI</a></strong></p>



<p><strong>Calendário Administrativo 2026.2 &#8211;&nbsp;<a href="https://www.ccae.ufpb.br/clliead/wp-content/uploads/sites/170/sites/174/2025/11/CALENDARIO-ADMINISTRATIVO-EAD-2026.2.pdf" data-type="attachment" data-id="1429" target="_blank" rel="noreferrer noopener">CLIQUE AQUI</a></strong></p>



<p><strong>Calendário A<strong>cadêmico</strong> 2026.1 &#8211; <a href="http://www.ccae.ufpb.br/clliead/wp-content/uploads/sites/170/sites/174/2026/01/CALENDARIO-ACADEMICO-EAD-2026.1.pdf" data-type="attachment" data-id="1428" target="_blank" rel="noreferrer noopener">CLIQUE AQUI</a></strong></p>



<p><strong>Calendário Administrativo 2026.1 &#8211; <a href="https://www.ccae.ufpb.br/clliead/wp-content/uploads/sites/170/sites/174/2025/11/CALENDARIO-ADMINISTRATIVO-EAD-2026.1.pdf" data-type="attachment" data-id="1428" target="_blank" rel="noreferrer noopener">CLIQUE AQUI</a></strong></p>



<h2 class="wp-block-heading has-text-color has-link-color wp-elements-2b138d8718bc4ae4a034eb38546505b5" style="color:#20409a"><strong>Calendários EAD 2025</strong></h2>



<p><strong>Calendário Acadêmico 2025.2 &#8211;&nbsp;<a href="https://www.sead.ufpb.br/sead/contents/documentos/calendarios-2022.1/CALENDRIOACADMICO2025.2_EAD.pdf" target="_blank" rel="noreferrer noopener">CLIQUE AQUI</a></strong></p>



<p><strong>Calendário Administrativo 2025.2 &#8211;&nbsp;<a href="https://www.sead.ufpb.br/sead/contents/documentos/calendarios-2022.1/CALENDRIOADMINISTRATIVO2025.2_EAD.pdf" target="_blank" rel="noreferrer noopener">CLIQUE AQUI</a></strong></p>



<p><strong>Calendário Acadêmico 2025.1 &#8211;&nbsp;<a href="https://www.sead.ufpb.br/sead/contents/documentos/calendarios-2022.1/CALENDRIOACADMICODEENSINODISTNCIAEAD2025.1.pdf" target="_blank" rel="noreferrer noopener">CLIQUE AQUI</a></strong></p>



<p><strong>Calendário Administrativo 2025.1 &#8211;&nbsp;<a href="https://www.sead.ufpb.br/sead/contents/documentos/calendarios-2022.1/CALENDRIOADMINISTRATIVODAEDUCAODISTNCIAEAD2025.11.pdf" target="_blank" rel="noreferrer noopener">CLIQUE AQUI</a></strong></p>



<h2 class="wp-block-heading has-text-color has-link-color wp-elements-1e8cbe959de190126d2165435e6ec40a" style="color:#20409a"><strong>Calendários EAD 2024</strong></h2>



<p><strong>Calendário Acadêmico 2024.2 &#8211;&nbsp;<a href="https://www.sead.ufpb.br/sead/contents/documentos/calendarios-2022.1/calendarioacademico20242ead.pdf" target="_blank" rel="noreferrer noopener">CLIQUE AQUI</a></strong></p>



<p><strong>Calendário Administrativo 2024.2 &#8211;&nbsp;<a href="https://www.sead.ufpb.br/sead/contents/documentos/calendarios-2022.1/calendarioadministrativo20242ead.pdf" target="_blank" rel="noreferrer noopener">CLIQUE AQUI</a></strong></p>



<p><strong>Calendário Administrativo 2024.2 (Retificação) &#8211;&nbsp;<a href="https://www.sead.ufpb.br/sead/contents/documentos/calendarios-2022.1/OFIEAD.pdf" target="_blank" rel="noreferrer noopener">CLIQUE AQUI</a></strong></p>



<p><strong>Calendário Acadêmico 2024.2 (Retificação) &#8211;&nbsp;<a href="https://www.sead.ufpb.br/sead/contents/documentos/calendarios-2022.1/CALENDRIOACADMICO2024.2RETIFICADOEAD.pdf" target="_blank" rel="noreferrer noopener">CLIQUE AQUI</a></strong></p>



<p><strong>Calendário Acadêmico 2024.1 &#8211;&nbsp;<a href="https://www.sead.ufpb.br/sead/contents/documentos/calendarios-2022.1/calendarioacademico20241ead.pdf" target="_blank" rel="noreferrer noopener">CLIQUE AQUI</a></strong></p>



<p><strong>Calendário Administrativo 2024.1 &#8211;&nbsp;<a href="https://www.sead.ufpb.br/sead/contents/documentos/calendarios-2022.1/calendarioadministrativo20241ead.pdf" target="_blank" rel="noreferrer noopener">CLIQUE AQUI</a></strong></p>



<h2 class="wp-block-heading has-text-color has-link-color wp-elements-d2f2b78267fa5a6adedce9ea88470b4f" style="color:#20409a"><strong>Calendário EAD 2023</strong></h2>



<p><strong>Turmas de férias EAD 2023.3/ Calendário Administrativo 2023.2 (Alterado) &#8211;&nbsp;<a href="https://www.sead.ufpb.br/sead/contents/documentos/editais-uab/OFEADECALENDRIOADM23.2.pdf" target="_blank" rel="noreferrer noopener">CLIQUE AQUI</a></strong></p>



<p><strong>Calendário Acadêmico 2023.2 &#8211;&nbsp;<a href="https://www.sead.ufpb.br/sead/contents/documentos/calendarios-2022.1/CALENDRIOACADMICO2023.2_EAD.pdf" target="_blank" rel="noreferrer noopener">CLIQUE AQUI</a></strong></p>



<p><strong>Calendário Administrativo 2023.2 &#8211;&nbsp;<a href="https://www.sead.ufpb.br/sead/contents/documentos/calendarios-2022.1/CALENDRIOADMINISTRATIVOEAD2023.2_EAD.pdf" target="_blank" rel="noreferrer noopener">CLIQUE AQUI</a></strong></p>



<p><strong>Calendário Acadêmico 2023.1 &#8211;&nbsp;<a href="https://www.sead.ufpb.br/sead/contents/documentos/documentos-sead/calendarioacademicoead2023.1.pdf" target="_blank" rel="noreferrer noopener">CLIQUE AQUI</a></strong></p>



<p><strong>Calendário Acadêmico 2023.1 (em LIBRAS) &#8211;&nbsp;<a href="https://youtu.be/9c5gbHok-EI" target="_blank" rel="noreferrer noopener">CLIQUE AQUI</a></strong></p>



<p><strong>Calendário Administrativo 2023.1 &#8211;&nbsp;<a href="https://www.sead.ufpb.br/sead/contents/documentos/documentos-sead/calendarioadministrativoead2023.1.pdf" target="_blank" rel="noreferrer noopener">CLIQUE AQUI</a></strong></p>



<p><strong>Calendário Administrativo 2023.1 (em LIBRAS) &#8211;&nbsp;<a href="https://youtu.be/xMnbVh_4USk" target="_blank" rel="noreferrer noopener">CLIQUE AQUI</a></strong></p>



<p></p>

<p>Calendários EAD 2026 Calendário Acadêmico 2026.2 &#8211; CLIQUE AQUI Calendário Administrativo 2026.2 &#8211;&nbsp;CLIQUE AQUI Calendário Acadêmico 2026.1 &#8211; CLIQUE AQUI Calendário Administrativo 2026.1 &#8211; CLIQUE AQUI Calendários EAD 2025 Calendário Acadêmico 2025.2 &#8211;&nbsp;CLIQUE AQUI Calendário Administrativo 2025.2 &#8211;&nbsp;CLIQUE AQUI Calendário Acadêmico 2025.1 &#8211;&nbsp;CLIQUE AQUI Calendário Administrativo 2025.1 &#8211;&nbsp;CLIQUE AQUI Calendários EAD 2024 Calendário Acadêmico 2024.2 &#8211;&nbsp;CLIQUE AQUI Calendário [&hellip;]</p>
