{"id":1205,"date":"2025-06-15T08:13:11","date_gmt":"2025-06-15T11:13:11","guid":{"rendered":"https:\/\/www.ccae.ufpb.br\/clliead\/?page_id=1205"},"modified":"2025-11-28T11:49:50","modified_gmt":"2025-11-28T14:49:50","slug":"coordenadores-de-polo","status":"publish","type":"page","link":"https:\/\/www.ccae.ufpb.br\/clliead\/coordenadores-de-polo\/","title":{"rendered":"Coordenadores de Polo"},"content":{"rendered":"\n<p><strong>POLOS<\/strong><\/p>\n\n\n\n<figure class=\"wp-block-table\"><table class=\"has-fixed-layout\"><tbody><tr><td><strong>NOME DO\/A COORDENADOR\/A DE POLO<\/strong><\/td><td><strong>POLO UAB<\/strong><\/td><td><strong><em>E-mail<\/em><\/strong><strong>&nbsp;do Polo<\/strong><\/td><\/tr><tr><td>Roseana Palmeira dos Santos<\/td><td>ALAGOA GRANDE (PB)<\/td><td>polouabalagoagrande@gmail.com<\/td><\/tr><tr><td>Maria L\u00facia De Brito Ara\u00fajo<\/td><td>ARARUNA (PB)<\/td><td>polo.ararunapb@gmail.com<\/td><\/tr><tr><td>Silvia Fernanda Sampaio de Andrade<\/td><td>CABACEIRAS<\/td><td><a href=\"mailto:uab.cab@gmail.com\" target=\"_blank\" rel=\"noreferrer noopener\"><strong>uab.cab@gmail.com<\/strong><\/a><\/td><\/tr><tr><td>Sandra Carla Pereira Barbosa&nbsp;<\/td><td>CAMPINA GRANDE (PB)<\/td><td>polomunicipaldecampinagrande@gmail.com<\/td><\/tr><tr><td>Maria Veral\u00facia da Silva Barbosa&nbsp;<\/td><td>CUIT\u00c9 DE MAMANGUAPE (PB)<\/td><td>polo.cuitedemamanguape@gmail.com<\/td><\/tr><tr><td>Selda Em\u00edlio Alves de Sousa<\/td><td>CONDE (PB)<\/td><td>seldaeasousa@gmail.com<\/td><\/tr><tr><td>Gislaine&nbsp;Muniz de Lima<\/td><td>DUAS ESTRADAS (PB)<\/td><td>gislaineuab25@gmail.com<\/td><\/tr><tr><td>Maria de Lourdes Pereira Alves&nbsp;<\/td><td>ITAPORANGA (PB)<\/td><td>polo.itaporangapb@gmail.com<\/td><\/tr><tr><td>Cristiane Sousa de Assis<\/td><td>JO\u00c3O PESSOA (PB)<\/td><td>uabjoaopessoa@educa.joaopessoa.pb.gov.br<\/td><\/tr><tr><td>Edilma Nascimento&nbsp;<\/td><td>LUCENA (PB)<\/td><td>poluab.lucena@gmail.com<\/td><\/tr><tr><td>Marineide Martiniano do Nascimento&nbsp;<\/td><td>MARI (PB)<\/td><td>uabmari@hotmail.com<\/td><\/tr><tr><td>Erisl\u00e2ndia Rejane de S\u00e1<\/td><td>POMBAL (PB)<\/td><td>polouabpombal@gmail.com<\/td><\/tr><tr><td>Francisco Clesio Medeiros Dantas de Ara\u00fajo<\/td><td>S\u00c3O BENTO (PB)<\/td><td>polosaobento.pb@gmail.com<\/td><\/tr><tr><td>Nixomara Marinho de Lira<\/td><td>SANTA LUZIA (PB)<\/td><td>uabpolosantaluzia22@gmail.com<\/td><\/tr><tr><td>Vamberto Fl\u00e1vio Teofilo de Oliveira&nbsp;<\/td><td>TAPERO\u00c1 (PB)<\/td><td>uabtaperoapb@yahoo.com.br<\/td><\/tr><\/tbody><\/table><\/figure>\n","protected":false},"excerpt":{"rendered":"<p>POLOS NOME DO\/A COORDENADOR\/A DE POLO POLO UAB E-mail&nbsp;do Polo Roseana Palmeira dos Santos ALAGOA GRANDE (PB) polouabalagoagrande@gmail.com Maria L\u00facia De Brito Ara\u00fajo ARARUNA (PB) polo.ararunapb@gmail.com Silvia Fernanda Sampaio de Andrade CABACEIRAS uab.cab@gmail.com Sandra Carla Pereira Barbosa&nbsp; CAMPINA GRANDE (PB) polomunicipaldecampinagrande@gmail.com Maria Veral\u00facia da Silva Barbosa&nbsp; CUIT\u00c9 DE MAMANGUAPE (PB) polo.cuitedemamanguape@gmail.com Selda Em\u00edlio Alves de [&hellip;]<\/p>\n","protected":false},"author":47,"featured_media":0,"parent":0,"menu_order":0,"comment_status":"closed","ping_status":"closed","template":"","meta":{"footnotes":""},"class_list":["post-1205","page","type-page","status-publish","hentry"],"_links":{"self":[{"href":"https:\/\/www.ccae.ufpb.br\/clliead\/wp-json\/wp\/v2\/pages\/1205","targetHints":{"allow":["GET"]}}],"collection":[{"href":"https:\/\/www.ccae.ufpb.br\/clliead\/wp-json\/wp\/v2\/pages"}],"about":[{"href":"https:\/\/www.ccae.ufpb.br\/clliead\/wp-json\/wp\/v2\/types\/page"}],"author":[{"embeddable":true,"href":"https:\/\/www.ccae.ufpb.br\/clliead\/wp-json\/wp\/v2\/users\/47"}],"replies":[{"embeddable":true,"href":"https:\/\/www.ccae.ufpb.br\/clliead\/wp-json\/wp\/v2\/comments?post=1205"}],"version-history":[{"count":5,"href":"https:\/\/www.ccae.ufpb.br\/clliead\/wp-json\/wp\/v2\/pages\/1205\/revisions"}],"predecessor-version":[{"id":1424,"href":"https:\/\/www.ccae.ufpb.br\/clliead\/wp-json\/wp\/v2\/pages\/1205\/revisions\/1424"}],"wp:attachment":[{"href":"https:\/\/www.ccae.ufpb.br\/clliead\/wp-json\/wp\/v2\/media?parent=1205"}],"curies":[{"name":"wp","href":"https:\/\/api.w.org\/{rel}","templated":true}]}}