{"id":14,"date":"2024-04-17T18:29:36","date_gmt":"2024-04-17T18:29:36","guid":{"rendered":"https:\/\/www.ccae.ufpb.br\/clliead2\/?page_id=14"},"modified":"2025-08-19T21:39:22","modified_gmt":"2025-08-20T00:39:22","slug":"selecoes","status":"publish","type":"page","link":"https:\/\/www.ccae.ufpb.br\/clliead\/selecoes\/","title":{"rendered":"Sele\u00e7\u00f5es"},"content":{"rendered":"\n<p><\/p>\n\n\n\n<ul class=\"wp-block-list\">\n<li><a href=\"https:\/\/www.ccae.ufpb.br\/clliead\/selecoes\/edital-clliead-n-01-2025-processo-seletivo-para-tutor\/\">Edital CLLIEAD n. 01\/2025 &#8211; Processo Seletivo para tutor\u00a0<\/a><\/li>\n\n\n\n<li><a href=\"https:\/\/www.ccae.ufpb.br\/clliead\/selecoes\/consulta-eleitoral-2\/proxima\/\">CONSULTA ELEITORAL<\/a><\/li>\n\n\n\n<li><a href=\"https:\/\/www.ccae.ufpb.br\/clliead\/vagas-para-bolsistas-do-idiomas-sem-fronteiras\/\">EDITAL DE SELE\u00c7\u00c3O N\u00ba 01\/2025 &#8211; PROFESSOR IDIOMAS sem FRONTEIRAS<\/a><\/li>\n\n\n\n<li><a href=\"https:\/\/www.ccae.ufpb.br\/clliead\/selecoes\/consulta-eleitoral-coordenador-2019-2021-2\/\">Consulta Eleitoral &#8211; Coordenador &#8211; 2019-2021<\/a><\/li>\n\n\n\n<li><a href=\"https:\/\/www.ccae.ufpb.br\/clliead\/selecoes\/edital-de-selecao-para-professor-formador-letras-linguas-ingles\/\">Edital de sele\u00e7\u00e3o para professor formador LETRAS L\u00cdNGUAS INGL\u00caS &#8211; EDITAL N\u00ba. 03\/2019<\/a><\/li>\n\n\n\n<li><a href=\"https:\/\/www.ccae.ufpb.br\/clliead\/selecoes\/edital-de-selecao-para-professor-formador-letras-linguas-ingles-edital-no-04-2019\/\">Edital de sele\u00e7\u00e3o para professor formador LETRAS L\u00cdNGUAS INGL\u00caS &#8211; EDITAL N\u00ba. 04\/2019<\/a><\/li>\n\n\n\n<li><a href=\"https:\/\/www.ccae.ufpb.br\/clliead\/edital-de-selecao-para-monitoria-das-disciplinas-de-lingua-inglesa-2020-2\/\">Edital de Sele\u00e7\u00e3o para Monitoria das Disciplinas de L\u00edngua Inglesa 2020.2<\/a><\/li>\n\n\n\n<li><a href=\"https:\/\/www.ccae.ufpb.br\/clliead\/edital-de-selecao-de-alunos-para-monitoria-2021-1\/\">Edital de Sele\u00e7\u00e3o de Alunos para Monitoria 2021.1<\/a><\/li>\n\n\n\n<li><a href=\"https:\/\/www.ccae.ufpb.br\/clliead\/selecoes\/consulta-eleitoral-coordenador-2019-2021-2-2\/\">Consulta Eleitoral &#8211; Coordenador &#8211; 2019-2021<\/a><\/li>\n\n\n\n<li><a href=\"https:\/\/www.ccae.ufpb.br\/clliead\/selecoes\/edital-no-03-2022-prg-ufpb-de-selecao-de-alunos-para-monitoria-2021-2-e-2022-1\/\">Edital N\u00ba 03\/2022 PRG\/UFPB de Sele\u00e7\u00e3o de Alunos para Monitoria 2021.2 e 2022.1<\/a><\/li>\n\n\n\n<li><a href=\"https:\/\/www.ccae.ufpb.br\/clliead\/selecoes\/edital-no-04-2023-periodos-letivos-2022-2-e-2023-1\/\">Edital N\u00ba 04\/2023 (PER\u00cdODOS LETIVOS 2022.2 e 2023.1)<\/a><\/li>\n\n\n\n<li><a href=\"https:\/\/www.ccae.ufpb.br\/clliead\/selecoes\/edital-de-selecao-de-tutor-para-o-curso-de-licenciatura-em-letras-lingua-inglesa-ead-edital-no-01-2023\/\">Edital de sele\u00e7\u00e3o de tutor para o curso de Licenciatura em Letras L\u00edngua Inglesa EaD (Edital N\u00ba 01\/2023)<\/a><\/li>\n\n\n\n<li><a href=\"https:\/\/www.ccae.ufpb.br\/clliead\/selecoes\/edital-de-selecao-de-alunos-para-monitoria-no-periodo-letivo-2023-2-edital-no05-2023-ccae-dl\/\">Edital de Sele\u00e7\u00e3o de Alunos para Monitoria no per\u00edodo Letivo 2023.2 (Edital N\u00ba05\/2023 &#8211; CCAE\/DL)<\/a><\/li>\n\n\n\n<li><a href=\"https:\/\/www.ccae.ufpb.br\/clliead\/selecoes\/divulgacao-edital-de-professor-substituto-uepb-lingua-inglesa-edital-no-04-2023\/\">Divulga\u00e7\u00e3o &#8211; Edital de professor substituto UEPB &#8211; L\u00edngua Inglesa (Edital N\u00ba 04\/2023)<\/a><\/li>\n\n\n\n<li><a href=\"https:\/\/www.ccae.ufpb.br\/clliead\/selecoes\/consulta-eleitoral-para-selecao-dos-novos-coordenadora-e-vice-coordenadora-do-curso-de-licenciatura-em-letras-lingua-inglesa-ead-edital-no-02-2023\/\">Consulta Eleitoral para sele\u00e7\u00e3o dos novos coordenador(a) e vice-coordenador(a) do Curso de Licenciatura em Letras L\u00edngua Inglesa &#8211; EAD (Edital N\u00ba 02\/2023)<\/a><\/li>\n\n\n\n<li><a href=\"http:\/\/www.ccae.ufpb.br\/clliead\/wp-content\/uploads\/sites\/170\/sites\/174\/2025\/08\/EDITAL-PARA-TUTOR-LETRAS-INGLES-EAD.pdf\">EDITAL N.\u00ba 01\/2025 &#8211;  PROCESSO SELETIVO PARA TUTOR DO CURSO DE LICECNCIATURA EM LETRAS L\u00cdNGUA INGLESA A DIST\u00c2NCIA<\/a><\/li>\n<\/ul>\n","protected":false},"excerpt":{"rendered":"","protected":false},"author":47,"featured_media":0,"parent":0,"menu_order":0,"comment_status":"closed","ping_status":"closed","template":"","meta":{"footnotes":""},"class_list":["post-14","page","type-page","status-publish","hentry"],"_links":{"self":[{"href":"https:\/\/www.ccae.ufpb.br\/clliead\/wp-json\/wp\/v2\/pages\/14","targetHints":{"allow":["GET"]}}],"collection":[{"href":"https:\/\/www.ccae.ufpb.br\/clliead\/wp-json\/wp\/v2\/pages"}],"about":[{"href":"https:\/\/www.ccae.ufpb.br\/clliead\/wp-json\/wp\/v2\/types\/page"}],"author":[{"embeddable":true,"href":"https:\/\/www.ccae.ufpb.br\/clliead\/wp-json\/wp\/v2\/users\/47"}],"replies":[{"embeddable":true,"href":"https:\/\/www.ccae.ufpb.br\/clliead\/wp-json\/wp\/v2\/comments?post=14"}],"version-history":[{"count":26,"href":"https:\/\/www.ccae.ufpb.br\/clliead\/wp-json\/wp\/v2\/pages\/14\/revisions"}],"predecessor-version":[{"id":1282,"href":"https:\/\/www.ccae.ufpb.br\/clliead\/wp-json\/wp\/v2\/pages\/14\/revisions\/1282"}],"wp:attachment":[{"href":"https:\/\/www.ccae.ufpb.br\/clliead\/wp-json\/wp\/v2\/media?parent=14"}],"curies":[{"name":"wp","href":"https:\/\/api.w.org\/{rel}","templated":true}]}}