{"id":9,"date":"2024-04-17T18:29:35","date_gmt":"2024-04-17T18:29:35","guid":{"rendered":"https:\/\/www.ccae.ufpb.br\/clliead2\/?page_id=9"},"modified":"2025-05-04T08:51:43","modified_gmt":"2025-05-04T11:51:43","slug":"sobre-o-curso","status":"publish","type":"page","link":"https:\/\/www.ccae.ufpb.br\/clliead\/sobre-o-curso\/","title":{"rendered":"Sobre o curso"},"content":{"rendered":"\n<p class=\"has-text-align-left\">Os desafios apresentados pelos atuais est\u00e1gios de desenvolvimento sociocultural do pa\u00eds, particularmente os encontrados na regi\u00e3o Nordeste, e os termos da legisla\u00e7\u00e3o em vigor \u2013 Lei de Diretrizes e Bases da Educa\u00e7\u00e3o \u2013 demandam das Institui\u00e7\u00f5es de Ensino Superior, especialmente dos cursos de Licenciatura, a pronta reformula\u00e7\u00e3o de seus princ\u00edpios filos\u00f3ficos, te\u00f3ricos e metodol\u00f3gicos. O acesso \u00e0 Educa\u00e7\u00e3o \u00e9 um Direito Universal B\u00e1sico, que deve compreender todos os setores sociais. A defesa de uma educa\u00e7\u00e3o de qualidade \u00e9, portanto, um dos princ\u00edpios filos\u00f3ficos que norteia este Curso.<\/p>\n\n\n\n<p class=\"has-text-align-left\">      Para que os princ\u00edpios acima possam ser postos em pr\u00e1tica, o compromisso primordial de oferecer uma pr\u00e1tica de Ensino de Qualidade voltada para um mundo cada vez mais exigente \u00e9 condi\u00e7\u00e3o indispens\u00e1vel. Al\u00e9m disso, \u00e9 necess\u00e1rio viabilizar uma din\u00e2mica de constantes discuss\u00f5es que propiciem avan\u00e7os significativos para que mudan\u00e7as socioculturais, cient\u00edficas e pedag\u00f3gicas aconte\u00e7am, cumprindo, dessa forma, o maior objetivo da pr\u00f3pria Universidade Federal da Para\u00edba \u2013 a promo\u00e7\u00e3o do desenvolvimento socioecon\u00f4mico da Para\u00edba, do Nordeste e do Brasil.<\/p>\n\n\n\n<p class=\"has-text-align-left\">      Dessa forma, o Curso de Licenciatura em Letras L\u00edngua Inglesa tem como um de seus objetivos adequar a instaura\u00e7\u00e3o desta gradua\u00e7\u00e3o a essas necessidades e a todos esses prop\u00f3sitos de mudan\u00e7as socioculturais e institucionais.<\/p>\n\n\n\n<p><strong>IDENTIFICA\u00c7\u00c3O DO CURSO<\/strong><\/p>\n\n\n\n<p><strong>Curso<\/strong>: Licenciatura em Letras L\u00edngua Inglesa a (com funcionamento semipresencial)<\/p>\n\n\n\n<p><strong>Regime Acad\u00eamico<\/strong>: Cr\u00e9ditos<\/p>\n\n\n\n<p><strong>Tempo para integraliza\u00e7\u00e3o curricular<\/strong>:&nbsp;<\/p>\n\n\n\n<p>M\u00ednimo: 08 (oito) per\u00edodos letivos<\/p>\n\n\n\n<p>M\u00e1ximo: 12 (doze) per\u00edodos letivos<\/p>\n\n\n\n<p><strong>Limite de cr\u00e9ditos por per\u00edodo letivo<\/strong>:<\/p>\n\n\n\n<p>M\u00ednimo: 08 (oito) cr\u00e9ditos<\/p>\n\n\n\n<p>M\u00e1ximo: 32 (trinta e dois) cr\u00e9ditos<\/p>\n\n\n\n<p>Carga Hor\u00e1ria Total: 3.000 horas\/aula ou 200 cr\u00e9ditos<\/p>\n\n\n\n<p><strong>Vagas<\/strong>: A definir \u2013 em conformidade com edital espec\u00edfico<\/p>\n\n\n\n<p><strong>BASE LEGAL:<\/strong><\/p>\n\n\n\n<ul class=\"wp-block-list\">\n<li>Lei de Diretrizes e Bases da Educa\u00e7\u00e3o Nacional 9.394\/96<\/li>\n\n\n\n<li>Resolu\u00e7\u00f5es n\u00ba 07\/2010 e 46\/2012 do CONSEPE<\/li>\n\n\n\n<li>Resolu\u00e7\u00e3o CNE\/CP, de 19 de fevereiro de 2002<\/li>\n\n\n\n<li>Parecer CES 492 de 2001.<\/li>\n\n\n\n<li>Portaria do MEC n\u00ba 4059 de 10 de dezembro de 2004<\/li>\n\n\n\n<li>Decreto n\u00ba 5.622, de 19 de dezembro de 2005<\/li>\n\n\n\n<li>Chamada UAB n\u00ba 01\/2013<\/li>\n<\/ul>\n\n\n\n<p><strong>OBJETIVOS<\/strong><\/p>\n\n\n\n<p>&nbsp; &nbsp; &nbsp; O curso aqui proposto tem por objetivo formar professores de L\u00edngua Inglesa e respectivas Literaturas habilitados a ministrar as disciplinas da \u00e1rea tanto no Ensino Fundamental como no M\u00e9dio, numa perspectiva curricular interdisciplinar que segue novos preceitos de ensino, combinando a pr\u00e1tica docente com as necessidades da sociedade.<\/p>\n\n\n\n<p>Esta forma\u00e7\u00e3o visa, especificamente, uma capacita\u00e7\u00e3o para:<\/p>\n\n\n\n<ul class=\"wp-block-list\">\n<li>Desenvolver uma vis\u00e3o cr\u00edtica sobre perspectivas te\u00f3ricas adotadas nas investiga\u00e7\u00f5es lingu\u00edsticas e liter\u00e1rias que fundamentam sua forma\u00e7\u00e3o profissional;<\/li>\n\n\n\n<li>Oportunizar o desenvolvimento de uma postura acad\u00eamico-cient\u00edfica frente \u00e0s quest\u00f5es relacionadas \u00e0 aquisi\u00e7\u00e3o e desenvolvimento de uma l\u00edngua estrangeira;<\/li>\n\n\n\n<li>Aprimorar o exerc\u00edcio profissional com utiliza\u00e7\u00e3o de tecnologias contempor\u00e2neas;<\/li>\n\n\n\n<li>Desenvolver a percep\u00e7\u00e3o sobre a rela\u00e7\u00e3o entre conhecimentos lingu\u00edsticos e liter\u00e1rios e estabelecer rela\u00e7\u00f5es de intertextualidade com a literatura universal, buscando o entendimento de contextos interculturais;<\/li>\n\n\n\n<li>Valorizar a constru\u00e7\u00e3o do conhecimento atrav\u00e9s da intera\u00e7\u00e3o (a dist\u00e2ncia e presencial) entre aluno-aluno, aluno-tutor, tutor-professor formador e aluno professor-formador;<\/li>\n\n\n\n<li>Propiciar a experi\u00eancia com o ensino, a pesquisa e a extens\u00e3o;<\/li>\n\n\n\n<li>Formar profissionais para suprir a necessidade do Estado da Para\u00edba, diretamente, de m\u00e3o de obra qualificada em l\u00edngua estrangeira para o Ensino Fundamental e M\u00e9dio.<\/li>\n\n\n\n<li>Ampliar a vis\u00e3o de mundo atrav\u00e9s do conhecimento de culturas diversas, propiciando a toler\u00e2ncia e a compreens\u00e3o entre os povos.&nbsp;<\/li>\n<\/ul>\n\n\n\n<p>&nbsp; &nbsp; &nbsp; Esses objetivos dever\u00e3o ser considerados, para o seu detalhamento, em conson\u00e2ncia com o perfil do aluno egresso da Licenciatura em L\u00edngua Inglesa.<\/p>\n\n\n\n<p><strong>FORMAS DE INGRESSO<\/strong><\/p>\n\n\n\n<p>&nbsp; &nbsp; &nbsp; Processo seletivo para ingresso nas gradua\u00e7\u00f5es na modalidade de ensino a dist\u00e2ncia, no \u00e2mbito do Sistema Universidade Aberta do Brasil, realizado por meio de edital espec\u00edfico.<\/p>\n\n\n\n<p><strong>CONTATO<\/strong><\/p>\n\n\n\n<p>&nbsp; &nbsp; &nbsp; Email: letrasingles@sead.ufpb.br<\/p>\n","protected":false},"excerpt":{"rendered":"<p> Curso de Licenciatura em Letras L\u00edngua Inglesa tem como um de seus objetivos adequar a instaura\u00e7\u00e3o desta gradua\u00e7\u00e3o a essas necessidades e a todos esses prop\u00f3sitos de mudan\u00e7as socioculturais e institucionais.<\/p>\n","protected":false},"author":47,"featured_media":948,"parent":0,"menu_order":0,"comment_status":"closed","ping_status":"closed","template":"","meta":{"footnotes":""},"class_list":["post-9","page","type-page","status-publish","has-post-thumbnail","hentry"],"_links":{"self":[{"href":"https:\/\/www.ccae.ufpb.br\/clliead\/wp-json\/wp\/v2\/pages\/9","targetHints":{"allow":["GET"]}}],"collection":[{"href":"https:\/\/www.ccae.ufpb.br\/clliead\/wp-json\/wp\/v2\/pages"}],"about":[{"href":"https:\/\/www.ccae.ufpb.br\/clliead\/wp-json\/wp\/v2\/types\/page"}],"author":[{"embeddable":true,"href":"https:\/\/www.ccae.ufpb.br\/clliead\/wp-json\/wp\/v2\/users\/47"}],"replies":[{"embeddable":true,"href":"https:\/\/www.ccae.ufpb.br\/clliead\/wp-json\/wp\/v2\/comments?post=9"}],"version-history":[{"count":6,"href":"https:\/\/www.ccae.ufpb.br\/clliead\/wp-json\/wp\/v2\/pages\/9\/revisions"}],"predecessor-version":[{"id":253,"href":"https:\/\/www.ccae.ufpb.br\/clliead\/wp-json\/wp\/v2\/pages\/9\/revisions\/253"}],"wp:featuredmedia":[{"embeddable":true,"href":"https:\/\/www.ccae.ufpb.br\/clliead\/wp-json\/wp\/v2\/media\/948"}],"wp:attachment":[{"href":"https:\/\/www.ccae.ufpb.br\/clliead\/wp-json\/wp\/v2\/media?parent=9"}],"curies":[{"name":"wp","href":"https:\/\/api.w.org\/{rel}","templated":true}]}}