{"id":25,"date":"2025-11-03T14:06:30","date_gmt":"2025-11-03T17:06:30","guid":{"rendered":"https:\/\/www.ccae.ufpb.br\/contabeis\/?page_id=25"},"modified":"2025-11-03T14:06:49","modified_gmt":"2025-11-03T17:06:49","slug":"sobre-o-curso","status":"publish","type":"page","link":"https:\/\/www.ccae.ufpb.br\/contabeis\/sobre-o-curso\/","title":{"rendered":"Sobre o curso"},"content":{"rendered":"\n<p><\/p>\n\n\n<div class=\"wp-block-image\">\n<figure class=\"aligncenter size-full\"><img decoding=\"async\" src=\"http:\/\/www.ccae.ufpb.br\/contabeis\/wp-content\/uploads\/sites\/170\/sites\/414\/2025\/11\/ApresentaoGraduaoCinciasContbeisCCAE1.png\" alt=\"\" class=\"wp-image-21\"\/><\/figure>\n<\/div>\n\n\n<p><\/p>\n\n\n\n<h3 class=\"wp-block-heading\">O Curso de Gradua\u00e7\u00e3o em Ci\u00eancias Cont\u00e1beis tem como foco a forma\u00e7\u00e3o de contadores e gestores das informa\u00e7\u00f5es cont\u00e1beis, capazes de desenvolver, analisar e implementar sistemas de informa\u00e7\u00e3o cont\u00e1bil e de controle gerencial, exercendo com \u00e9tica as atribui\u00e7\u00f5es e prerrogativas previstas na legisla\u00e7\u00e3o pertinente.<\/h3>\n\n\n\n<h3 class=\"wp-block-heading\">O profissional bacharel em Ci\u00eancias Cont\u00e1beis estar\u00e1 apto para:<\/h3>\n\n\n\n<ul class=\"wp-block-list\">\n<li>Programar, acompanhar e controlar o processo de gest\u00e3o or\u00e7ament\u00e1ria e financeira, coordenando, coletando, registrando, analisando e interpretando os fen\u00f4menos que produzem altera\u00e7\u00f5es na situa\u00e7\u00e3o econ\u00f4mica, financeira e patrimonial das empresas.<\/li>\n\n\n\n<li>O mercado de trabalho do contador inclui, entre outras, empresas p\u00fablicas e privadas, \u00f3rg\u00e3os governamentais, como consultorias, institui\u00e7\u00f5es de ensino superior e de pesquisa.<\/li>\n<\/ul>\n\n\n\n<p><strong>Nome do Curso:&nbsp;<\/strong>Bacharelado em Ci\u00eancias Cont\u00e1beis<\/p>\n\n\n\n<p><strong>Turno:&nbsp;<\/strong>Noturno<\/p>\n\n\n\n<p><strong>E-mail:&nbsp;<a href=\"mailto:ccontabilidade@ccae.ufpb.br\">ccontabilidade@ccae.ufpb.br<\/a><\/strong><\/p>\n\n\n\n<p><strong>Conceito de Curso:&nbsp;<\/strong>Conceito 3 (De acordo com a portaria MEC n\u00ba 1.016\/2019)&nbsp;<\/p>\n\n\n\n<p><strong>Dura\u00e7\u00e3o do Curso:&nbsp;<\/strong>M\u00ednima de 10 per\u00edodos \/ M\u00e1xima de 15 per\u00edodos<\/p>\n\n\n\n<p><strong><\/strong><strong>Vagas<\/strong>: 100<\/p>\n\n\n\n<p><strong>Entrada<\/strong>: Semestral<\/p>\n\n\n\n<ul class=\"wp-block-list\">\n<li>50 vagas para o 1\u00ba semestre;<\/li>\n\n\n\n<li>50 vagas para o 2\u00ba semestre.<\/li>\n<\/ul>\n\n\n\n<p><strong>Coordenador:&nbsp;<\/strong>Prof\u00ba.&nbsp;Jo\u00e3o Marcelo Alves Mac\u00eado<\/p>\n\n\n\n<p><strong>E-mail:<\/strong>&nbsp;joao.marcelo@academico.ufpb.br&nbsp;<\/p>\n\n\n\n<p><strong>Vice-Coordenadora:&nbsp;<\/strong>Prof\u00ba.&nbsp;Josicarla Soares Santiago<\/p>\n\n\n\n<p><strong>E-mail:<\/strong>&nbsp;josicarla.santiago@academico.ufpb.br&nbsp;&nbsp;<\/p>\n\n\n\n<p><strong>Assistente em Administra\u00e7\u00e3o (CCAE-UFPB):<\/strong>&nbsp;Cristiano Batista<\/p>\n\n\n\n<p><strong>E-mail:<\/strong>&nbsp;ccontabilidade@ccae.ufpb.br<\/p>\n","protected":false},"excerpt":{"rendered":"<p>O Curso de Gradua\u00e7\u00e3o em Ci\u00eancias Cont\u00e1beis tem como foco a forma\u00e7\u00e3o de contadores e [&hellip;]<\/p>\n","protected":false},"author":63,"featured_media":0,"parent":0,"menu_order":0,"comment_status":"closed","ping_status":"closed","template":"","meta":{"footnotes":""},"class_list":["post-25","page","type-page","status-publish","hentry"],"_links":{"self":[{"href":"https:\/\/www.ccae.ufpb.br\/contabeis\/wp-json\/wp\/v2\/pages\/25","targetHints":{"allow":["GET"]}}],"collection":[{"href":"https:\/\/www.ccae.ufpb.br\/contabeis\/wp-json\/wp\/v2\/pages"}],"about":[{"href":"https:\/\/www.ccae.ufpb.br\/contabeis\/wp-json\/wp\/v2\/types\/page"}],"author":[{"embeddable":true,"href":"https:\/\/www.ccae.ufpb.br\/contabeis\/wp-json\/wp\/v2\/users\/63"}],"replies":[{"embeddable":true,"href":"https:\/\/www.ccae.ufpb.br\/contabeis\/wp-json\/wp\/v2\/comments?post=25"}],"version-history":[{"count":2,"href":"https:\/\/www.ccae.ufpb.br\/contabeis\/wp-json\/wp\/v2\/pages\/25\/revisions"}],"predecessor-version":[{"id":27,"href":"https:\/\/www.ccae.ufpb.br\/contabeis\/wp-json\/wp\/v2\/pages\/25\/revisions\/27"}],"wp:attachment":[{"href":"https:\/\/www.ccae.ufpb.br\/contabeis\/wp-json\/wp\/v2\/media?parent=25"}],"curies":[{"name":"wp","href":"https:\/\/api.w.org\/{rel}","templated":true}]}}

<p></p>


<div class="wp-block-image">
<figure class="aligncenter size-full"><img decoding="async" src="http://www.ccae.ufpb.br/contabeis/wp-content/uploads/sites/170/sites/414/2025/11/ApresentaoGraduaoCinciasContbeisCCAE1.png" alt="" class="wp-image-21"/></figure>
</div>


<p></p>



<h3 class="wp-block-heading">O Curso de Graduação em Ciências Contábeis tem como foco a formação de contadores e gestores das informações contábeis, capazes de desenvolver, analisar e implementar sistemas de informação contábil e de controle gerencial, exercendo com ética as atribuições e prerrogativas previstas na legislação pertinente.</h3>



<h3 class="wp-block-heading">O profissional bacharel em Ciências Contábeis estará apto para:</h3>



<ul class="wp-block-list">
<li>Programar, acompanhar e controlar o processo de gestão orçamentária e financeira, coordenando, coletando, registrando, analisando e interpretando os fenômenos que produzem alterações na situação econômica, financeira e patrimonial das empresas.</li>



<li>O mercado de trabalho do contador inclui, entre outras, empresas públicas e privadas, órgãos governamentais, como consultorias, instituições de ensino superior e de pesquisa.</li>
</ul>



<p><strong>Nome do Curso:&nbsp;</strong>Bacharelado em Ciências Contábeis</p>



<p><strong>Turno:&nbsp;</strong>Noturno</p>



<p><strong>E-mail:&nbsp;<a href="mailto:ccontabilidade@ccae.ufpb.br">ccontabilidade@ccae.ufpb.br</a></strong></p>



<p><strong>Conceito de Curso:&nbsp;</strong>Conceito 3 (De acordo com a portaria MEC nº 1.016/2019)&nbsp;</p>



<p><strong>Duração do Curso:&nbsp;</strong>Mínima de 10 períodos / Máxima de 15 períodos</p>



<p><strong></strong><strong>Vagas</strong>: 100</p>



<p><strong>Entrada</strong>: Semestral</p>



<ul class="wp-block-list">
<li>50 vagas para o 1º semestre;</li>



<li>50 vagas para o 2º semestre.</li>
</ul>



<p><strong>Coordenador:&nbsp;</strong>Profº.&nbsp;João Marcelo Alves Macêdo</p>



<p><strong>E-mail:</strong>&nbsp;joao.marcelo@academico.ufpb.br&nbsp;</p>



<p><strong>Vice-Coordenadora:&nbsp;</strong>Profº.&nbsp;Josicarla Soares Santiago</p>



<p><strong>E-mail:</strong>&nbsp;josicarla.santiago@academico.ufpb.br&nbsp;&nbsp;</p>



<p><strong>Assistente em Administração (CCAE-UFPB):</strong>&nbsp;Cristiano Batista</p>



<p><strong>E-mail:</strong>&nbsp;ccontabilidade@ccae.ufpb.br</p>

<p>O Curso de Graduação em Ciências Contábeis tem como foco a formação de contadores e [&hellip;]</p>
