{"id":17,"date":"2024-10-28T19:27:42","date_gmt":"2024-10-28T22:27:42","guid":{"rendered":"https:\/\/www.ccae.ufpb.br\/dcsa2\/?page_id=17"},"modified":"2024-11-18T10:18:44","modified_gmt":"2024-11-18T13:18:44","slug":"comissoes-administrativas","status":"publish","type":"page","link":"https:\/\/www.ccae.ufpb.br\/dcsa2\/gestao\/comissoes-administrativas\/","title":{"rendered":"Comiss\u00f5es Administrativas"},"content":{"rendered":"\n<h2 class=\"wp-block-heading\"><div class=\"linha-header\">COMISS\u00d5ES INTERNAS DO DCSA<\/div><\/h2>\n\n\n\n<p>As&nbsp;Comiss\u00f5es Internas dos Departamentos&nbsp;s\u00e3o criadas para resolver demandas espec\u00edficas do setor. A sua maioria \u00e9 composta por comiss\u00f5es permanentes, mas eventualmente podem ser criadas comiss\u00f5es especiais para atenderem a demandas extraordin\u00e1rias. De uma forma geral, voc\u00ea precisar\u00e1 se atentar \u00e0 data de expira\u00e7\u00e3o das comiss\u00f5es&nbsp;permanentes. Sempre que estiverem pr\u00f3ximas de expirar, avise ao chefe de departamento, para que seja emitida uma nova portaria com novos membros, ou com a renova\u00e7\u00e3o da equipe anterior.<\/p>\n\n\n\n<p><strong>Comiss\u00e3o de Distribui\u00e7\u00e3o de Encargos Docentes<\/strong><\/p>\n\n\n\n<p>Respons\u00e1vel por avaliar os Planos e Relat\u00f3rios de Atividades Individuais, al\u00e9m de elaborar o Plano e o Relat\u00f3rio Departamental a serem apreciados e votados pelo Colegiado Departamental.<\/p>\n\n\n\n<p><strong>Titulares<\/strong>:&nbsp;Cibelle (Presidente), Luiz Gustavo, Eddla, Edilane, Yara e Tabira.<\/p>\n\n\n\n<p><strong>Suplentes<\/strong>: M\u00e1rcia e Maika.<\/p>\n\n\n\n<p><strong>Portaria\/Of\u00edcio<\/strong>:&nbsp;23074.051648\/2023-37 (<a href=\"https:\/\/www.ufpb.br\/dcsa\/contents\/documentos\/portaria_5_2023_ccae_-_dcsa-encargosdoc4505061948192034620.pdf\">clique aqui!<\/a>).<\/p>\n\n\n\n<p><strong>Data de Expira\u00e7\u00e3o<\/strong>:&nbsp;23\/05\/2025.<\/p>\n\n\n\n<p><strong>Comiss\u00e3o de Progress\u00e3o Funcional<\/strong><\/p>\n\n\n\n<p>Respons\u00e1vel por emitir os&nbsp;<strong>pareceres<\/strong>&nbsp;dos processos de<strong>progress\u00e3o funcional<\/strong>&nbsp;dos docentes<\/p>\n\n\n\n<p><strong>Titulares<\/strong>: Luiz Gustavo (Presidente), Francisca Janete, M\u00e1rcia e Rosiele.<\/p>\n\n\n\n<p><strong>Suplentes<\/strong>: Eliane.<\/p>\n\n\n\n<p><strong>Portaria\/Of\u00edcio<\/strong>:&nbsp;23074.051650\/2023-80&nbsp;(<a href=\"https:\/\/www.ufpb.br\/dcsa\/contents\/documentos\/portaria_6_2023_ccae-prog-funcional_-_dcsa2884043845762022110.pdf\">clique aqui!<\/a>).<\/p>\n\n\n\n<p><strong>Data de Expira\u00e7\u00e3o<\/strong>: 23\/05\/2025.<\/p>\n\n\n\n<p><strong>Comiss\u00e3o de Capacita\u00e7\u00e3o Docente<\/strong><\/p>\n\n\n\n<p>Respons\u00e1vel por&nbsp;<strong>acompanhar<\/strong>&nbsp;os&nbsp;<strong>professores<\/strong>&nbsp;que est\u00e3o&nbsp;<strong>afastados<\/strong>&nbsp;para&nbsp;<strong>capacita\u00e7\u00e3o<\/strong>&nbsp;(Mestrado ou Doutorado)<\/p>\n\n\n\n<p><strong>Titulares<\/strong>: Thales, Josicarla e Tabira.<\/p>\n\n\n\n<p><strong>Suplentes<\/strong>: n\u00e3o h\u00e1.<\/p>\n\n\n\n<p><strong>Portaria\/Of\u00edcio<\/strong>: 23074.034404\/2024-22&nbsp;(<a href=\"https:\/\/www.ufpb.br\/dcsa\/contents\/documentos\/portaria_3_2024_ccae_-_dcsa8179613041734563404.pdf\">clique aqui!<\/a>).<\/p>\n\n\n\n<p><strong>Data de Expira\u00e7\u00e3o<\/strong>: 21\/12\/2025.<\/p>\n\n\n\n<p><strong>Comiss\u00e3o de Avalia\u00e7\u00e3o de Est\u00e1gio Probat\u00f3rio<\/strong><\/p>\n\n\n\n<p>Respons\u00e1vel por emitir os&nbsp;<strong>pareceres<\/strong>&nbsp;dos processos de<strong>est\u00e1gio probat\u00f3rio<\/strong>&nbsp;dos docentes<\/p>\n\n\n\n<p><strong>Titulares<\/strong>: N\u00edvea (Presidente), Eddla e&nbsp;Jassuipe.<\/p>\n\n\n\n<p><strong>Suplente<\/strong>: Luiz Marcelo.<\/p>\n\n\n\n<p><strong>Portaria\/Of\u00edcio<\/strong>:&nbsp;23074.098766\/2024-03&nbsp;(<a href=\"https:\/\/www.ufpb.br\/dcsa\/contents\/documentos\/portaria-comissao-de-avaliacao-estagio-probatorio.pdf\">clique aqui!<\/a>).<\/p>\n\n\n\n<p><strong>Data de Expira\u00e7\u00e3o<\/strong>: 03\/11\/2026.<\/p>\n\n\n\n<p><strong>Comiss\u00e3o de Elabora\u00e7\u00e3o e Atualiza\u00e7\u00e3o do PDS (Plano de Desenvolvimento Setorial)<\/strong><\/p>\n\n\n\n<p>Respons\u00e1vel por&nbsp;<strong>elaborar e atualizar o Plano de Desenvolvimento Setorial (PDS)<\/strong>&nbsp;do DCSA.<\/p>\n\n\n\n<p><strong>Titulares<\/strong>: Cibelle (Presidente), Luiz Gustavo, Angeluce e Edilane.<\/p>\n\n\n\n<p><strong>Suplentes<\/strong>: Maria Luzitana, Josicarla, Tabira e M\u00e1rcia.<\/p>\n\n\n\n<p><strong>Portaria\/Of\u00edcio<\/strong>:&nbsp;23074.082668\/2023-92&nbsp;(<a href=\"https:\/\/www.ufpb.br\/dcsa\/contents\/documentos\/portaria_11_2023_ccae_-_dcsa2459095740417428467.pdf\">clique aqui!<\/a>).<\/p>\n\n\n\n<p><strong>Data de Expira\u00e7\u00e3o<\/strong>: 22\/08\/2025.<\/p>\n","protected":false},"excerpt":{"rendered":"<p>COMISS\u00d5ES INTERNAS DO DCSA As&nbsp;Comiss\u00f5es Internas dos Departamentos&nbsp;s\u00e3o criadas para resolver demandas espec\u00edficas do setor. [&hellip;]<\/p>\n","protected":false},"author":47,"featured_media":0,"parent":85,"menu_order":0,"comment_status":"closed","ping_status":"closed","template":"","meta":{"footnotes":""},"class_list":["post-17","page","type-page","status-publish","hentry"],"_links":{"self":[{"href":"https:\/\/www.ccae.ufpb.br\/dcsa2\/wp-json\/wp\/v2\/pages\/17","targetHints":{"allow":["GET"]}}],"collection":[{"href":"https:\/\/www.ccae.ufpb.br\/dcsa2\/wp-json\/wp\/v2\/pages"}],"about":[{"href":"https:\/\/www.ccae.ufpb.br\/dcsa2\/wp-json\/wp\/v2\/types\/page"}],"author":[{"embeddable":true,"href":"https:\/\/www.ccae.ufpb.br\/dcsa2\/wp-json\/wp\/v2\/users\/47"}],"replies":[{"embeddable":true,"href":"https:\/\/www.ccae.ufpb.br\/dcsa2\/wp-json\/wp\/v2\/comments?post=17"}],"version-history":[{"count":4,"href":"https:\/\/www.ccae.ufpb.br\/dcsa2\/wp-json\/wp\/v2\/pages\/17\/revisions"}],"predecessor-version":[{"id":143,"href":"https:\/\/www.ccae.ufpb.br\/dcsa2\/wp-json\/wp\/v2\/pages\/17\/revisions\/143"}],"up":[{"embeddable":true,"href":"https:\/\/www.ccae.ufpb.br\/dcsa2\/wp-json\/wp\/v2\/pages\/85"}],"wp:attachment":[{"href":"https:\/\/www.ccae.ufpb.br\/dcsa2\/wp-json\/wp\/v2\/media?parent=17"}],"curies":[{"name":"wp","href":"https:\/\/api.w.org\/{rel}","templated":true}]}}

Comissões Administrativas

<h2 class="wp-block-heading"><div class="linha-header">COMISSÕES INTERNAS DO DCSA</div></h2>



<p>As&nbsp;Comissões Internas dos Departamentos&nbsp;são criadas para resolver demandas específicas do setor. A sua maioria é composta por comissões permanentes, mas eventualmente podem ser criadas comissões especiais para atenderem a demandas extraordinárias. De uma forma geral, você precisará se atentar à data de expiração das comissões&nbsp;permanentes. Sempre que estiverem próximas de expirar, avise ao chefe de departamento, para que seja emitida uma nova portaria com novos membros, ou com a renovação da equipe anterior.</p>



<p><strong>Comissão de Distribuição de Encargos Docentes</strong></p>



<p>Responsável por avaliar os Planos e Relatórios de Atividades Individuais, além de elaborar o Plano e o Relatório Departamental a serem apreciados e votados pelo Colegiado Departamental.</p>



<p><strong>Titulares</strong>:&nbsp;Cibelle (Presidente), Luiz Gustavo, Eddla, Edilane, Yara e Tabira.</p>



<p><strong>Suplentes</strong>: Márcia e Maika.</p>



<p><strong>Portaria/Ofício</strong>:&nbsp;23074.051648/2023-37 (<a href="https://www.ufpb.br/dcsa/contents/documentos/portaria_5_2023_ccae_-_dcsa-encargosdoc4505061948192034620.pdf">clique aqui!</a>).</p>



<p><strong>Data de Expiração</strong>:&nbsp;23/05/2025.</p>



<p><strong>Comissão de Progressão Funcional</strong></p>



<p>Responsável por emitir os&nbsp;<strong>pareceres</strong>&nbsp;dos processos de<strong>progressão funcional</strong>&nbsp;dos docentes</p>



<p><strong>Titulares</strong>: Luiz Gustavo (Presidente), Francisca Janete, Márcia e Rosiele.</p>



<p><strong>Suplentes</strong>: Eliane.</p>



<p><strong>Portaria/Ofício</strong>:&nbsp;23074.051650/2023-80&nbsp;(<a href="https://www.ufpb.br/dcsa/contents/documentos/portaria_6_2023_ccae-prog-funcional_-_dcsa2884043845762022110.pdf">clique aqui!</a>).</p>



<p><strong>Data de Expiração</strong>: 23/05/2025.</p>



<p><strong>Comissão de Capacitação Docente</strong></p>



<p>Responsável por&nbsp;<strong>acompanhar</strong>&nbsp;os&nbsp;<strong>professores</strong>&nbsp;que estão&nbsp;<strong>afastados</strong>&nbsp;para&nbsp;<strong>capacitação</strong>&nbsp;(Mestrado ou Doutorado)</p>



<p><strong>Titulares</strong>: Thales, Josicarla e Tabira.</p>



<p><strong>Suplentes</strong>: não há.</p>



<p><strong>Portaria/Ofício</strong>: 23074.034404/2024-22&nbsp;(<a href="https://www.ufpb.br/dcsa/contents/documentos/portaria_3_2024_ccae_-_dcsa8179613041734563404.pdf">clique aqui!</a>).</p>



<p><strong>Data de Expiração</strong>: 21/12/2025.</p>



<p><strong>Comissão de Avaliação de Estágio Probatório</strong></p>



<p>Responsável por emitir os&nbsp;<strong>pareceres</strong>&nbsp;dos processos de<strong>estágio probatório</strong>&nbsp;dos docentes</p>



<p><strong>Titulares</strong>: Nívea (Presidente), Eddla e&nbsp;Jassuipe.</p>



<p><strong>Suplente</strong>: Luiz Marcelo.</p>



<p><strong>Portaria/Ofício</strong>:&nbsp;23074.098766/2024-03&nbsp;(<a href="https://www.ufpb.br/dcsa/contents/documentos/portaria-comissao-de-avaliacao-estagio-probatorio.pdf">clique aqui!</a>).</p>



<p><strong>Data de Expiração</strong>: 03/11/2026.</p>



<p><strong>Comissão de Elaboração e Atualização do PDS (Plano de Desenvolvimento Setorial)</strong></p>



<p>Responsável por&nbsp;<strong>elaborar e atualizar o Plano de Desenvolvimento Setorial (PDS)</strong>&nbsp;do DCSA.</p>



<p><strong>Titulares</strong>: Cibelle (Presidente), Luiz Gustavo, Angeluce e Edilane.</p>



<p><strong>Suplentes</strong>: Maria Luzitana, Josicarla, Tabira e Márcia.</p>



<p><strong>Portaria/Ofício</strong>:&nbsp;23074.082668/2023-92&nbsp;(<a href="https://www.ufpb.br/dcsa/contents/documentos/portaria_11_2023_ccae_-_dcsa2459095740417428467.pdf">clique aqui!</a>).</p>



<p><strong>Data de Expiração</strong>: 22/08/2025.</p>

<p>COMISSÕES INTERNAS DO DCSA As&nbsp;Comissões Internas dos Departamentos&nbsp;são criadas para resolver demandas específicas do setor. [&hellip;]</p>
