{"id":35,"date":"2024-10-29T08:12:17","date_gmt":"2024-10-29T11:12:17","guid":{"rendered":"https:\/\/www.ccae.ufpb.br\/dcsa2\/?page_id=35"},"modified":"2026-03-16T19:58:32","modified_gmt":"2026-03-16T22:58:32","slug":"reunioes","status":"publish","type":"page","link":"https:\/\/www.ccae.ufpb.br\/dcsa2\/gestao\/reunioes\/","title":{"rendered":"Reuni\u00f5es"},"content":{"rendered":"\n<p><strong>Calend\u00e1rio de Reuni\u00f5es Ordin\u00e1rias de 2026 do DCSA<\/strong><\/p>\n\n\n\n<figure class=\"wp-block-image size-full\"><img loading=\"lazy\" decoding=\"async\" width=\"760\" height=\"600\" src=\"https:\/\/www.ccae.ufpb.br\/dcsa2\/wp-content\/uploads\/sites\/170\/sites\/225\/2026\/03\/Captura-de-tela-2026-03-12-191909.png\" alt=\"\" class=\"wp-image-211\" style=\"aspect-ratio:1.119304216297977\" srcset=\"https:\/\/www.ccae.ufpb.br\/dcsa2\/wp-content\/uploads\/sites\/170\/sites\/225\/2026\/03\/Captura-de-tela-2026-03-12-191909.png 760w, https:\/\/www.ccae.ufpb.br\/dcsa2\/wp-content\/uploads\/sites\/170\/sites\/225\/2026\/03\/Captura-de-tela-2026-03-12-191909-300x237.png 300w\" sizes=\"auto, (max-width: 760px) 100vw, 760px\" \/><\/figure>\n\n\n\n<p><\/p>\n\n\n\n<p><strong>Documentos Relevantes<\/strong><\/p>\n\n\n\n<p><a href=\"https:\/\/www.ccae.ufpb.br\/dcsa2\/gestao\/reunioes\/pauta-da-reunioes-de-2026-do-dcsa\/\" data-type=\"page\" data-id=\"220\">Pauta 2026 <\/a><\/p>\n\n\n\n<p><a href=\"http:\/\/plone.ufpb.br\/dcsa\/contents\/paginas\/pautas\">Pautas Anteriores a 2026<\/a><\/p>\n\n\n\n<p><a href=\"http:\/\/plone.ufpb.br\/dcsa\/contents\/paginas\/atas\">Atas<\/a><\/p>\n\n\n\n<p><a href=\"http:\/\/plone.ufpb.br\/dcsa\/contents\/paginas\/listas-de-presenca\">Listas de Presen\u00e7a<\/a><\/p>\n\n\n\n<p><\/p>\n","protected":false},"excerpt":{"rendered":"<p>Calend\u00e1rio de Reuni\u00f5es Ordin\u00e1rias de 2026 do DCSA Documentos Relevantes Pauta 2026 Pautas Anteriores a [&hellip;]<\/p>\n","protected":false},"author":47,"featured_media":0,"parent":85,"menu_order":0,"comment_status":"closed","ping_status":"closed","template":"","meta":{"footnotes":""},"class_list":["post-35","page","type-page","status-publish","hentry"],"_links":{"self":[{"href":"https:\/\/www.ccae.ufpb.br\/dcsa2\/wp-json\/wp\/v2\/pages\/35","targetHints":{"allow":["GET"]}}],"collection":[{"href":"https:\/\/www.ccae.ufpb.br\/dcsa2\/wp-json\/wp\/v2\/pages"}],"about":[{"href":"https:\/\/www.ccae.ufpb.br\/dcsa2\/wp-json\/wp\/v2\/types\/page"}],"author":[{"embeddable":true,"href":"https:\/\/www.ccae.ufpb.br\/dcsa2\/wp-json\/wp\/v2\/users\/47"}],"replies":[{"embeddable":true,"href":"https:\/\/www.ccae.ufpb.br\/dcsa2\/wp-json\/wp\/v2\/comments?post=35"}],"version-history":[{"count":7,"href":"https:\/\/www.ccae.ufpb.br\/dcsa2\/wp-json\/wp\/v2\/pages\/35\/revisions"}],"predecessor-version":[{"id":227,"href":"https:\/\/www.ccae.ufpb.br\/dcsa2\/wp-json\/wp\/v2\/pages\/35\/revisions\/227"}],"up":[{"embeddable":true,"href":"https:\/\/www.ccae.ufpb.br\/dcsa2\/wp-json\/wp\/v2\/pages\/85"}],"wp:attachment":[{"href":"https:\/\/www.ccae.ufpb.br\/dcsa2\/wp-json\/wp\/v2\/media?parent=35"}],"curies":[{"name":"wp","href":"https:\/\/api.w.org\/{rel}","templated":true}]}}