{"id":44,"date":"2024-10-30T08:38:33","date_gmt":"2024-10-30T11:38:33","guid":{"rendered":"https:\/\/www.ccae.ufpb.br\/dcsa2\/?page_id=44"},"modified":"2025-05-26T11:14:07","modified_gmt":"2025-05-26T14:14:07","slug":"horario-das-disciplinas","status":"publish","type":"page","link":"https:\/\/www.ccae.ufpb.br\/dcsa2\/ensino\/horario-das-disciplinas\/","title":{"rendered":"Hor\u00e1rio das Disciplinas"},"content":{"rendered":"\n<p><strong>CURSO DE ADMINISTRA\u00c7\u00c3O<\/strong><\/p>\n\n\n\n<p><strong><a href=\"https:\/\/www.ufpb.br\/dcsa\/contents\/documentos\/2025-1-horario-administracao.pdf\">2025.1<\/a><\/strong><\/p>\n\n\n\n<p><strong><a href=\"http:\/\/plone.ufpb.br\/dcsa\/contents\/documentos\/2024-1-horario-administracao.pdf\">2024.1<\/a><\/strong><\/p>\n\n\n\n<p><strong><a href=\"http:\/\/plone.ufpb.br\/dcsa\/contents\/documentos\/horario-2023-2-administracao.pdf\">2023.2<\/a><\/strong><\/p>\n\n\n\n<p><strong><a href=\"http:\/\/plone.ufpb.br\/dcsa\/contents\/documentos\/horario-2023-1-administracao-atualizado-em-29-06.pdf\">2023.1<\/a><\/strong><\/p>\n\n\n\n<p><strong>CURSO DE CI\u00caNCIAS CONT\u00c1BEIS<\/strong><\/p>\n\n\n\n<p><strong><a href=\"https:\/\/www.ufpb.br\/dcsa\/contents\/documentos\/2025-1-horario-contabeis.pdf\">2025.1<\/a><\/strong><\/p>\n\n\n\n<p><strong><a href=\"http:\/\/plone.ufpb.br\/dcsa\/contents\/documentos\/ofertas-contabeis-ccae_2024-2-v1-1.docx\">2024.2<\/a><\/strong><\/p>\n\n\n\n<p><strong><a href=\"http:\/\/plone.ufpb.br\/dcsa\/contents\/documentos\/ofertas-contabeis-ccae_2024-1-v2.docx\">2024.1<\/a><\/strong><\/p>\n\n\n\n<p><strong><a href=\"http:\/\/plone.ufpb.br\/dcsa\/contents\/documentos\/2023.2Horrio.docx\" target=\"_blank\" rel=\"noreferrer noopener\">2023.2<\/a><\/strong><\/p>\n\n\n\n<p><strong><a href=\"http:\/\/plone.ufpb.br\/dcsa\/contents\/documentos\/2023.1disciplinasofertadas.docx\" target=\"_blank\" rel=\"noreferrer noopener\">2023.1<\/a><\/strong><\/p>\n\n\n\n<p><strong>CURSO DE SECRETARIADO EXECUTIVO BIL\u00cdNGUE<\/strong><\/p>\n\n\n\n<p><strong><a href=\"https:\/\/www.ufpb.br\/dcsa\/contents\/documentos\/2025-1-horario-sec-exec-oficial.pdf\">2025.1<\/a><\/strong><\/p>\n\n\n\n<p class=\" \"><strong><a href=\"http:\/\/plone.ufpb.br\/dcsa\/contents\/documentos\/2024-2-horario-sec-exec-final.pdf\">2024.2<\/a><\/strong><\/p>\n\n\n\n<p class=\" \"><strong><a href=\"http:\/\/plone.ufpb.br\/dcsa\/contents\/documentos\/horrio2024-1secexec.pdf\">2024.1<\/a><\/strong><\/p>\n\n\n\n<p class=\" \"><strong><a href=\"http:\/\/plone.ufpb.br\/dcsa\/contents\/documentos\/2023.2HORRIOSECEXEC.pdf\" target=\"_blank\" rel=\"noreferrer noopener\">2023.2<\/a><\/strong><\/p>\n\n\n\n<p class=\" \"><strong><a href=\"http:\/\/plone.ufpb.br\/dcsa\/contents\/documentos\/2023.1HORRIOSECEXEC.pdf\" target=\"_blank\" rel=\"noreferrer noopener\">2023.1<\/a><\/strong><\/p>\n","protected":false},"excerpt":{"rendered":"<p>CURSO DE ADMINISTRA\u00c7\u00c3O 2025.1 2024.1 2023.2 2023.1 CURSO DE CI\u00caNCIAS CONT\u00c1BEIS 2025.1 2024.2 2024.1 2023.2 [&hellip;]<\/p>\n","protected":false},"author":47,"featured_media":0,"parent":83,"menu_order":0,"comment_status":"closed","ping_status":"closed","template":"","meta":{"footnotes":""},"class_list":["post-44","page","type-page","status-publish","hentry"],"_links":{"self":[{"href":"https:\/\/www.ccae.ufpb.br\/dcsa2\/wp-json\/wp\/v2\/pages\/44","targetHints":{"allow":["GET"]}}],"collection":[{"href":"https:\/\/www.ccae.ufpb.br\/dcsa2\/wp-json\/wp\/v2\/pages"}],"about":[{"href":"https:\/\/www.ccae.ufpb.br\/dcsa2\/wp-json\/wp\/v2\/types\/page"}],"author":[{"embeddable":true,"href":"https:\/\/www.ccae.ufpb.br\/dcsa2\/wp-json\/wp\/v2\/users\/47"}],"replies":[{"embeddable":true,"href":"https:\/\/www.ccae.ufpb.br\/dcsa2\/wp-json\/wp\/v2\/comments?post=44"}],"version-history":[{"count":2,"href":"https:\/\/www.ccae.ufpb.br\/dcsa2\/wp-json\/wp\/v2\/pages\/44\/revisions"}],"predecessor-version":[{"id":188,"href":"https:\/\/www.ccae.ufpb.br\/dcsa2\/wp-json\/wp\/v2\/pages\/44\/revisions\/188"}],"up":[{"embeddable":true,"href":"https:\/\/www.ccae.ufpb.br\/dcsa2\/wp-json\/wp\/v2\/pages\/83"}],"wp:attachment":[{"href":"https:\/\/www.ccae.ufpb.br\/dcsa2\/wp-json\/wp\/v2\/media?parent=44"}],"curies":[{"name":"wp","href":"https:\/\/api.w.org\/{rel}","templated":true}]}}