{"id":48,"date":"2024-10-30T08:39:56","date_gmt":"2024-10-30T11:39:56","guid":{"rendered":"https:\/\/www.ccae.ufpb.br\/dcsa2\/?page_id=48"},"modified":"2024-10-30T09:20:03","modified_gmt":"2024-10-30T12:20:03","slug":"ambientes-de-professores","status":"publish","type":"page","link":"https:\/\/www.ccae.ufpb.br\/dcsa2\/ensino\/ambientes-de-professores\/","title":{"rendered":"Ambientes de Professores"},"content":{"rendered":"\n<h2 class=\"wp-block-heading\"><div class=\"linha-header\"><a href=\"http:\/\/plone.ufpb.br\/dcsa\/contents\/documentos\/quadro-de-ambientes-dos-professores-do-dcsa-2024.pdf\">Quadro de ambientes dos professores do DCSA&nbsp;&#8211; 2024<\/a><\/div><\/h2>\n\n\n\n<figure class=\"wp-block-table\"><table class=\"has-fixed-layout\"><tbody><tr><td><strong>&nbsp; &nbsp;Sala&nbsp; &nbsp; &nbsp;<\/strong><\/td><td><strong>Docentes alocados<\/strong><\/td><\/tr><tr><td>04<\/td><td>&nbsp; &nbsp; &nbsp; &nbsp; &nbsp; &nbsp; &nbsp; &nbsp;Maria Angeluce, M\u00e1rcia Travassos*, J\u00falio Pinho Neto, Leandro Wickboldt<\/td><\/tr><tr><td>09<\/td><td>Thales Batista, N\u00edvea Marcela Mac\u00eado, Eliane Martins, Ana Maria Magalh\u00e3es*<\/td><\/tr><tr><td>10<\/td><td>&nbsp; &nbsp; &nbsp; &nbsp; &nbsp; &nbsp; &nbsp; &nbsp; &nbsp; &nbsp; &nbsp; &nbsp; &nbsp; &nbsp;Jo\u00e3o Marcelo*, Fernanda Marques, Daniela C\u00edntia, Augusto Cezar<\/td><\/tr><tr><td>12<\/td><td>Cibelle Santiago, Maika Zampier*<\/td><\/tr><tr><td>13<\/td><td>Isabelle Carlos, Josicarla Soares*, Luiz Gustavo, Yara Magaly<\/td><\/tr><tr><td>14<\/td><td>Laura Taddei, Eddla Karina*, Daniel Chacon, Luiz Marcelo<\/td><\/tr><tr><td>18<\/td><td>Jos\u00e9 Jassu\u00edpe*, Dimmitre Morant, F\u00e1bio Lira<\/td><\/tr><tr><td>19<\/td><td>Saulo Vieira*, Rosiele Fernandes<\/td><\/tr><tr><td>22<\/td><td>Maria Luzitana, Francisca Janete*, K\u00e1tia Regina<\/td><\/tr><\/tbody><\/table><\/figure>\n\n\n\n<p><strong>* Docentes respons\u00e1veis por acompanhar o Invent\u00e1rio 2024 de cada ambiente de professor.<\/strong><\/p>\n","protected":false},"excerpt":{"rendered":"<p>Quadro de ambientes dos professores do DCSA&nbsp;&#8211; 2024 &nbsp; &nbsp;Sala&nbsp; &nbsp; &nbsp; Docentes alocados 04 [&hellip;]<\/p>\n","protected":false},"author":47,"featured_media":0,"parent":83,"menu_order":0,"comment_status":"closed","ping_status":"closed","template":"","meta":{"footnotes":""},"class_list":["post-48","page","type-page","status-publish","hentry"],"_links":{"self":[{"href":"https:\/\/www.ccae.ufpb.br\/dcsa2\/wp-json\/wp\/v2\/pages\/48","targetHints":{"allow":["GET"]}}],"collection":[{"href":"https:\/\/www.ccae.ufpb.br\/dcsa2\/wp-json\/wp\/v2\/pages"}],"about":[{"href":"https:\/\/www.ccae.ufpb.br\/dcsa2\/wp-json\/wp\/v2\/types\/page"}],"author":[{"embeddable":true,"href":"https:\/\/www.ccae.ufpb.br\/dcsa2\/wp-json\/wp\/v2\/users\/47"}],"replies":[{"embeddable":true,"href":"https:\/\/www.ccae.ufpb.br\/dcsa2\/wp-json\/wp\/v2\/comments?post=48"}],"version-history":[{"count":1,"href":"https:\/\/www.ccae.ufpb.br\/dcsa2\/wp-json\/wp\/v2\/pages\/48\/revisions"}],"predecessor-version":[{"id":49,"href":"https:\/\/www.ccae.ufpb.br\/dcsa2\/wp-json\/wp\/v2\/pages\/48\/revisions\/49"}],"up":[{"embeddable":true,"href":"https:\/\/www.ccae.ufpb.br\/dcsa2\/wp-json\/wp\/v2\/pages\/83"}],"wp:attachment":[{"href":"https:\/\/www.ccae.ufpb.br\/dcsa2\/wp-json\/wp\/v2\/media?parent=48"}],"curies":[{"name":"wp","href":"https:\/\/api.w.org\/{rel}","templated":true}]}}

<h2 class="wp-block-heading"><div class="linha-header"><a href="http://plone.ufpb.br/dcsa/contents/documentos/quadro-de-ambientes-dos-professores-do-dcsa-2024.pdf">Quadro de ambientes dos professores do DCSA&nbsp;&#8211; 2024</a></div></h2>



<figure class="wp-block-table"><table class="has-fixed-layout"><tbody><tr><td><strong>&nbsp; &nbsp;Sala&nbsp; &nbsp; &nbsp;</strong></td><td><strong>Docentes alocados</strong></td></tr><tr><td>04</td><td>&nbsp; &nbsp; &nbsp; &nbsp; &nbsp; &nbsp; &nbsp; &nbsp;Maria Angeluce, Márcia Travassos*, Júlio Pinho Neto, Leandro Wickboldt</td></tr><tr><td>09</td><td>Thales Batista, Nívea Marcela Macêdo, Eliane Martins, Ana Maria Magalhães*</td></tr><tr><td>10</td><td>&nbsp; &nbsp; &nbsp; &nbsp; &nbsp; &nbsp; &nbsp; &nbsp; &nbsp; &nbsp; &nbsp; &nbsp; &nbsp; &nbsp;João Marcelo*, Fernanda Marques, Daniela Cíntia, Augusto Cezar</td></tr><tr><td>12</td><td>Cibelle Santiago, Maika Zampier*</td></tr><tr><td>13</td><td>Isabelle Carlos, Josicarla Soares*, Luiz Gustavo, Yara Magaly</td></tr><tr><td>14</td><td>Laura Taddei, Eddla Karina*, Daniel Chacon, Luiz Marcelo</td></tr><tr><td>18</td><td>José Jassuípe*, Dimmitre Morant, Fábio Lira</td></tr><tr><td>19</td><td>Saulo Vieira*, Rosiele Fernandes</td></tr><tr><td>22</td><td>Maria Luzitana, Francisca Janete*, Kátia Regina</td></tr></tbody></table></figure>



<p><strong>* Docentes responsáveis por acompanhar o Inventário 2024 de cada ambiente de professor.</strong></p>
