{"id":52,"date":"2024-10-30T08:42:34","date_gmt":"2024-10-30T11:42:34","guid":{"rendered":"https:\/\/www.ccae.ufpb.br\/dcsa2\/?page_id=52"},"modified":"2024-11-11T10:22:25","modified_gmt":"2024-11-11T13:22:25","slug":"monitoria","status":"publish","type":"page","link":"https:\/\/www.ccae.ufpb.br\/dcsa2\/ensino\/monitoria\/","title":{"rendered":"Monitoria"},"content":{"rendered":"\n<p><strong>Projetos 2023-2024<\/strong><\/p>\n\n\n\n<p><strong>Administra\u00e7\u00e3o<\/strong><\/p>\n\n\n\n<p><br><strong>Ci\u00eancias Cont\u00e1beis<\/strong><\/p>\n\n\n\n<p><br><strong>Secretariado Executivo<\/strong><\/p>\n","protected":false},"excerpt":{"rendered":"<p>Projetos 2023-2024 Administra\u00e7\u00e3o Ci\u00eancias Cont\u00e1beis Secretariado Executivo<\/p>\n","protected":false},"author":47,"featured_media":0,"parent":83,"menu_order":0,"comment_status":"closed","ping_status":"closed","template":"","meta":{"footnotes":""},"class_list":["post-52","page","type-page","status-publish","hentry"],"_links":{"self":[{"href":"https:\/\/www.ccae.ufpb.br\/dcsa2\/wp-json\/wp\/v2\/pages\/52","targetHints":{"allow":["GET"]}}],"collection":[{"href":"https:\/\/www.ccae.ufpb.br\/dcsa2\/wp-json\/wp\/v2\/pages"}],"about":[{"href":"https:\/\/www.ccae.ufpb.br\/dcsa2\/wp-json\/wp\/v2\/types\/page"}],"author":[{"embeddable":true,"href":"https:\/\/www.ccae.ufpb.br\/dcsa2\/wp-json\/wp\/v2\/users\/47"}],"replies":[{"embeddable":true,"href":"https:\/\/www.ccae.ufpb.br\/dcsa2\/wp-json\/wp\/v2\/comments?post=52"}],"version-history":[{"count":3,"href":"https:\/\/www.ccae.ufpb.br\/dcsa2\/wp-json\/wp\/v2\/pages\/52\/revisions"}],"predecessor-version":[{"id":118,"href":"https:\/\/www.ccae.ufpb.br\/dcsa2\/wp-json\/wp\/v2\/pages\/52\/revisions\/118"}],"up":[{"embeddable":true,"href":"https:\/\/www.ccae.ufpb.br\/dcsa2\/wp-json\/wp\/v2\/pages\/83"}],"wp:attachment":[{"href":"https:\/\/www.ccae.ufpb.br\/dcsa2\/wp-json\/wp\/v2\/media?parent=52"}],"curies":[{"name":"wp","href":"https:\/\/api.w.org\/{rel}","templated":true}]}}