{"id":73,"date":"2024-10-30T08:55:05","date_gmt":"2024-10-30T11:55:05","guid":{"rendered":"https:\/\/www.ccae.ufpb.br\/dcsa2\/?page_id=73"},"modified":"2024-11-11T10:31:50","modified_gmt":"2024-11-11T13:31:50","slug":"pos-graduacao","status":"publish","type":"page","link":"https:\/\/www.ccae.ufpb.br\/dcsa2\/ensino\/pos-graduacao\/","title":{"rendered":"P\u00f3s-Gradua\u00e7\u00e3o"},"content":{"rendered":"\n<h2 class=\"wp-block-heading\"><div class=\"linha-header\">P\u00d3S-GRADUA\u00c7\u00c3O STRICTO SENSU<\/div><\/h2>\n\n\n\n<p><strong>Mestrado Administra\u00e7\u00e3o P\u00fablica PROFIAP<br><\/strong><strong>Coordena\u00e7\u00e3o<\/strong><\/p>\n\n\n\n<p class=\" \"><strong>Prof. Dr. Luiz Gustavo de Sena Brand\u00e3o Pessoa<\/strong><\/p>\n\n\n\n<p>E-mail:&nbsp;gustavobrandao@bol.com.br.<\/p>\n\n\n\n<p class=\" \"><strong>&nbsp;<\/strong><\/p>\n\n\n\n<p><strong>Portaria de designa\u00e7\u00e3o da Coordena\u00e7\u00e3o do Programa<\/strong><\/p>\n\n\n\n<p class=\" \"><a href=\"http:\/\/plone.ufpb.br\/dcsa\/contents\/documentos\/portaria-coordenacao-profiap.pdf\">&nbsp;Portaria n\u00ba 25\/2024 &#8211; CCAE-DC<\/a><\/p>\n\n\n\n<p class=\" \">&nbsp;<\/p>\n\n\n\n<p><strong>Sobre o curso<\/strong><\/p>\n\n\n\n<p>&nbsp;O Profiap \u00e9 um curso de mestrado profissional em Administra\u00e7\u00e3o P\u00fablica ofertado nacionalmente. O programa \u00e9 coordenado pela Associa\u00e7\u00e3o Nacional dos Dirigentes das Institui\u00e7\u00f5es Federais de Ensino Superior (Andifes), associadas em rede nacional.<\/p>\n\n\n\n<p>O curso destina-se a formar profissionais com n\u00edtido entendimento do papel do Estado no Brasil, do exerc\u00edcio da cidadania e preocupado com as quest\u00f5es \u00e9ticas, sociais e ambientais que subsidiar\u00e3o as pol\u00edticas p\u00fablicas que impactam a sociedade. Neste contexto, este profissional reunir\u00e1 as condi\u00e7\u00f5es cientificas e t\u00e9cnicas para promover melhorias na gest\u00e3o p\u00fablica.<\/p>\n\n\n\n<p><strong>Tem como objetivos:<\/strong><\/p>\n\n\n\n<p>1) Capacitar profissionais para o exerc\u00edcio da pr\u00e1tica administrativa avan\u00e7ada nas organiza\u00e7\u00f5es p\u00fablicas;<\/p>\n\n\n\n<p>2) Contribuir para aumentar a produtividade e a efetividade das organiza\u00e7\u00f5es p\u00fablicas; e<\/p>\n\n\n\n<p>3) Disponibilizar instrumentos, modelos e metodologias que sirvam de refer\u00eancia para a melhoria da gest\u00e3o p\u00fablica.<\/p>\n\n\n\n<h2 class=\"wp-block-heading\"><div class=\"linha-header\"><\/div><\/h2>\n\n\n\n<h2 class=\"wp-block-heading\"><div class=\"linha-header\">A admiss\u00e3o de discentes ao PROFIAP ser\u00e1 feita por meio do&nbsp;<a href=\"https:\/\/testeanpad.org.br\/\" target=\"_blank\" rel=\"noreferrer noopener\">teste da ANPAD<\/a>.<\/div><\/h2>\n\n\n\n<p>&nbsp;<strong>Estrutura Curricular<\/strong><\/p>\n\n\n\n<p>O Mestrado Profissional em Administra\u00e7\u00e3o P\u00fablica tem uma&nbsp;<strong>\u00fanica \u00e1rea de concentra\u00e7\u00e3o: Administra\u00e7\u00e3o P\u00fablica.<\/strong><\/p>\n\n\n\n<p><strong>Duas Linhas de Atua\u00e7\u00e3o:<\/strong>&nbsp;Pol\u00edticas P\u00fablicas e Administra\u00e7\u00e3o P\u00fablica e Organiza\u00e7\u00f5es.<\/p>\n\n\n\n<p><strong>O PROFIAP prev\u00ea no m\u00ednimo&nbsp;480 (quatrocentos e oitenta) horas&nbsp;de atividades did\u00e1ticas, correspondentes a&nbsp;32 (trinta e dois) cr\u00e9ditos, assim divididos:<\/strong><\/p>\n\n\n\n<ol class=\"wp-block-list\">\n<li>Disciplinas (obrigat\u00f3rias e optativas):\u00a024 cr\u00e9ditos ou 360 horas;<\/li>\n\n\n\n<li>Trabalho de Conclus\u00e3o de Curso (TCC):\u00a08 cr\u00e9ditos ou 120 horas.<\/li>\n<\/ol>\n\n\n\n<figure class=\"wp-block-table\"><table class=\"has-fixed-layout\"><tbody><tr><td>&nbsp; &nbsp; &nbsp; &nbsp; &nbsp; &nbsp; &nbsp; &nbsp; &nbsp; &nbsp; &nbsp; &nbsp; &nbsp; &nbsp; &nbsp; &nbsp; &nbsp; &nbsp; &nbsp;&nbsp;<strong>&nbsp; &nbsp; &nbsp; &nbsp;<\/strong><strong>Composi\u00e7\u00e3o da Carga Hor\u00e1ria Total: 480 horas&nbsp; &nbsp;<\/strong>&nbsp;&nbsp; &nbsp; &nbsp; &nbsp; &nbsp; &nbsp; &nbsp; &nbsp; &nbsp; &nbsp; &nbsp; &nbsp; &nbsp; &nbsp; &nbsp; &nbsp;&nbsp;<\/td><\/tr><tr><td>Disciplinas Obrigat\u00f3rias: 180h<\/td><\/tr><tr><td>Disciplinas Optativas: 180h<\/td><\/tr><tr><td>Projeto de TCC: 60h<\/td><\/tr><tr><td>Trabalho de Conclus\u00e3o de Curso (TCC): 60h<\/td><\/tr><\/tbody><\/table><\/figure>\n\n\n\n<p>Para integralizar os cr\u00e9ditos m\u00ednimos exigidos do Programa,&nbsp;<strong>o discente dever\u00e1 cumprir as&nbsp;4 Disciplinas Obrigat\u00f3rias e 3 Disciplinas Optativas.<\/strong><\/p>\n\n\n\n<h2 class=\"wp-block-heading\"><div class=\"linha-header\"><\/div><\/h2>\n\n\n\n<h2 class=\"wp-block-heading\"><div class=\"linha-header\"><strong><a href=\"http:\/\/plone.ufpb.br\/dcsa\/contents\/documentos\/gradeprofiapeementas2023versaopublicadanosite080623.pdf\" target=\"_blank\" rel=\"noreferrer noopener\">Acesse Matriz Curricular&nbsp;com as ementas das disciplinas<\/a><\/strong><\/div><\/h2>\n\n\n\n<p><strong>Normas Acad\u00eamicas<\/strong><\/p>\n\n\n\n<p><strong><a href=\"http:\/\/plone.ufpb.br\/dcsa\/contents\/documentos\/copy_of_profiapnormasrevistas2023versao090323.pdf\" target=\"_blank\" rel=\"noreferrer noopener\">Normas Acad\u00eamicas &#8211; Turmas a partir 2023<\/a><\/strong><\/p>\n\n\n\n<p><strong>Regimentos<\/strong><\/p>\n\n\n\n<p><strong><a href=\"http:\/\/plone.ufpb.br\/dcsa\/contents\/documentos\/Regimentoprofiap.pdf\" target=\"_blank\" rel=\"noreferrer noopener\">Regimento Nacional Aprovado em 06\/10\/2023.&nbsp;<\/a><\/strong><\/p>\n\n\n\n<p><strong>Corpo Docente do Programa<\/strong><\/p>\n\n\n\n<p class=\" \">1 Ana Maria Magalh\u00e3es Correia<\/p>\n\n\n\n<p class=\" \">2 Cibelle da Silva Santiago<\/p>\n\n\n\n<p class=\" \">3 Eliane Martins de Paiva<\/p>\n\n\n\n<p class=\" \">4 Leandro Ara\u00fajo Wickboldt<\/p>\n\n\n\n<p class=\" \">5 Luiz Gustavo de Sena Brand\u00e3o Pessoa<\/p>\n\n\n\n<p class=\" \">6 Luiz Marcelo Martins do Amaral Carneiro Cabral<\/p>\n\n\n\n<p class=\" \">&nbsp;<\/p>\n\n\n\n<p><strong>INFORMA\u00c7\u00d5ES SOBRE O PROCESSO SELETIVO<\/strong><\/p>\n\n\n\n<p><a href=\"http:\/\/plone.ufpb.br\/dcsa\/contents\/documentos\/edital-19-2024-ena-2025-1.pdf\">EDITAL PROFIAP N\u00ba\u00a019\/2024<\/a><\/p>\n\n\n\n<p><\/p>\n\n\n\n<h2 class=\"wp-block-heading\"><div class=\"linha-header\">P\u00d3S-GRADUA\u00c7\u00c3O LATO SENSU<\/div><\/h2>\n\n\n\n<p><strong>Especializa\u00e7\u00e3o Gest\u00e3o e Sustentabilidade nas Organiza\u00e7\u00f5es<br><\/strong><\/p>\n\n\n\n<p><strong>Especializa\u00e7\u00e3o Controladoria<br><\/strong><\/p>\n","protected":false},"excerpt":{"rendered":"<p>P\u00d3S-GRADUA\u00c7\u00c3O STRICTO SENSU Mestrado Administra\u00e7\u00e3o P\u00fablica PROFIAPCoordena\u00e7\u00e3o Prof. Dr. Luiz Gustavo de Sena Brand\u00e3o Pessoa [&hellip;]<\/p>\n","protected":false},"author":47,"featured_media":0,"parent":83,"menu_order":0,"comment_status":"closed","ping_status":"closed","template":"","meta":{"footnotes":""},"class_list":["post-73","page","type-page","status-publish","hentry"],"_links":{"self":[{"href":"https:\/\/www.ccae.ufpb.br\/dcsa2\/wp-json\/wp\/v2\/pages\/73","targetHints":{"allow":["GET"]}}],"collection":[{"href":"https:\/\/www.ccae.ufpb.br\/dcsa2\/wp-json\/wp\/v2\/pages"}],"about":[{"href":"https:\/\/www.ccae.ufpb.br\/dcsa2\/wp-json\/wp\/v2\/types\/page"}],"author":[{"embeddable":true,"href":"https:\/\/www.ccae.ufpb.br\/dcsa2\/wp-json\/wp\/v2\/users\/47"}],"replies":[{"embeddable":true,"href":"https:\/\/www.ccae.ufpb.br\/dcsa2\/wp-json\/wp\/v2\/comments?post=73"}],"version-history":[{"count":2,"href":"https:\/\/www.ccae.ufpb.br\/dcsa2\/wp-json\/wp\/v2\/pages\/73\/revisions"}],"predecessor-version":[{"id":120,"href":"https:\/\/www.ccae.ufpb.br\/dcsa2\/wp-json\/wp\/v2\/pages\/73\/revisions\/120"}],"up":[{"embeddable":true,"href":"https:\/\/www.ccae.ufpb.br\/dcsa2\/wp-json\/wp\/v2\/pages\/83"}],"wp:attachment":[{"href":"https:\/\/www.ccae.ufpb.br\/dcsa2\/wp-json\/wp\/v2\/media?parent=73"}],"curies":[{"name":"wp","href":"https:\/\/api.w.org\/{rel}","templated":true}]}}