{"id":72,"date":"2026-05-06T15:43:57","date_gmt":"2026-05-06T18:43:57","guid":{"rendered":"https:\/\/www.ccae.ufpb.br\/dcx\/?page_id=72"},"modified":"2026-05-06T15:48:23","modified_gmt":"2026-05-06T18:48:23","slug":"sobre-o-dcx","status":"publish","type":"page","link":"https:\/\/www.ccae.ufpb.br\/dcx\/sobre-o-dcx\/","title":{"rendered":"Sobre o DCX"},"content":{"rendered":"\n<figure class=\"wp-block-image size-large\"><img loading=\"lazy\" decoding=\"async\" width=\"1024\" height=\"477\" src=\"http:\/\/www.ccae.ufpb.br\/dcx\/wp-content\/uploads\/sites\/170\/sites\/293\/2025\/05\/professores_2021-e1778092980939-1024x477.jpg\" alt=\"\" class=\"wp-image-27\" srcset=\"https:\/\/www.ccae.ufpb.br\/dcx\/wp-content\/uploads\/sites\/170\/sites\/293\/2025\/05\/professores_2021-e1778092980939-1024x477.jpg 1024w, https:\/\/www.ccae.ufpb.br\/dcx\/wp-content\/uploads\/sites\/170\/sites\/293\/2025\/05\/professores_2021-e1778092980939-300x140.jpg 300w, https:\/\/www.ccae.ufpb.br\/dcx\/wp-content\/uploads\/sites\/170\/sites\/293\/2025\/05\/professores_2021-e1778092980939-768x358.jpg 768w, https:\/\/www.ccae.ufpb.br\/dcx\/wp-content\/uploads\/sites\/170\/sites\/293\/2025\/05\/professores_2021-e1778092980939.jpg 1203w\" sizes=\"auto, (max-width: 1024px) 100vw, 1024px\" \/><\/figure>\n\n\n\n<p><\/p>\n\n\n\n<p><strong>Chefe:<\/strong>&nbsp;Prof. Rodrigo Rebou\u00e7as de Almeida<\/p>\n\n\n\n<p><strong>Vice-chefe:<\/strong>&nbsp;Prof. Carlos Alberto&nbsp;Gomes de Almeida<\/p>\n\n\n\n<p>O Departamento de Ci\u00eancias Exatas foi criado no Centro de Ci\u00eancias Aplicadas e Educa\u00e7\u00e3o &#8211; CCAE, Campus IV da UFPB, desde a implanta\u00e7\u00e3o do campus, em 2006. O Campus IV est\u00e1 dividido em duas Unidades, uma Unidade na cidade de Mamanguape e outra, na cidade de Rio Tinto. O Departamento de Ci\u00eancias Exatas est\u00e1 localizado na Unidade de Rio Tinto, e \u00e9 em n\u00famero de professores, o maior departamento do CCAE.<\/p>\n\n\n\n<p>Em 2014, o colegiado do Departamento de Ci\u00eancias Exatas decidiu alterar a sigla do departamento para DCX, antes identificado com a sigla DCE. O DCX atualmente \u00e9 composto por 46 professores efetivos formados \u00e1reas nas de computa\u00e7\u00e3o, f\u00edsica, estat\u00edstica e matem\u00e1tica. As disciplinas nessas \u00e1reas s\u00e3o ofertadas aos cursos de licenciatura em Ci\u00eancia Computa\u00e7\u00e3o, Matem\u00e1tica, e aos cursos de bacharelados em Sistemas de Informa\u00e7\u00e3o, Ecologia, Design, Antropologia, Administra\u00e7\u00e3o, Secretariado Executivo e Ci\u00eancias Cont\u00e1beis.<\/p>\n\n\n\n<p>Al\u00e9m do DCX possuir professores ministrando disciplinas em quase todos os cursos do CCAE, muitos de seus docentes ocupam ou ocuparam cargos de chefia, na dire\u00e7\u00e3o de Centro, nas coordena\u00e7\u00f5es de cursos e \u00e0 frente do pr\u00f3prio DCX. <\/p>\n","protected":false},"excerpt":{"rendered":"<p>Chefe:&nbsp;Prof. Rodrigo Rebou\u00e7as de Almeida Vice-chefe:&nbsp;Prof. Carlos Alberto&nbsp;Gomes de Almeida O Departamento de Ci\u00eancias Exatas [&hellip;]<\/p>\n","protected":false},"author":63,"featured_media":0,"parent":0,"menu_order":0,"comment_status":"closed","ping_status":"closed","template":"","meta":{"footnotes":""},"class_list":["post-72","page","type-page","status-publish","hentry"],"_links":{"self":[{"href":"https:\/\/www.ccae.ufpb.br\/dcx\/wp-json\/wp\/v2\/pages\/72","targetHints":{"allow":["GET"]}}],"collection":[{"href":"https:\/\/www.ccae.ufpb.br\/dcx\/wp-json\/wp\/v2\/pages"}],"about":[{"href":"https:\/\/www.ccae.ufpb.br\/dcx\/wp-json\/wp\/v2\/types\/page"}],"author":[{"embeddable":true,"href":"https:\/\/www.ccae.ufpb.br\/dcx\/wp-json\/wp\/v2\/users\/63"}],"replies":[{"embeddable":true,"href":"https:\/\/www.ccae.ufpb.br\/dcx\/wp-json\/wp\/v2\/comments?post=72"}],"version-history":[{"count":3,"href":"https:\/\/www.ccae.ufpb.br\/dcx\/wp-json\/wp\/v2\/pages\/72\/revisions"}],"predecessor-version":[{"id":75,"href":"https:\/\/www.ccae.ufpb.br\/dcx\/wp-json\/wp\/v2\/pages\/72\/revisions\/75"}],"wp:attachment":[{"href":"https:\/\/www.ccae.ufpb.br\/dcx\/wp-json\/wp\/v2\/media?parent=72"}],"curies":[{"name":"wp","href":"https:\/\/api.w.org\/{rel}","templated":true}]}}