{"id":77,"date":"2026-05-06T15:55:28","date_gmt":"2026-05-06T18:55:28","guid":{"rendered":"https:\/\/www.ccae.ufpb.br\/dcx\/?page_id=77"},"modified":"2026-05-06T16:07:39","modified_gmt":"2026-05-06T19:07:39","slug":"missao-visao-e-valores","status":"publish","type":"page","link":"https:\/\/www.ccae.ufpb.br\/dcx\/missao-visao-e-valores\/","title":{"rendered":"Miss\u00e3o, Vis\u00e3o e Valores"},"content":{"rendered":"\n<p>O prop\u00f3sito, a dire\u00e7\u00e3o e os princ\u00edpios que norteiam a atua\u00e7\u00e3o do Departamento de Ci\u00eancias Exatas<\/p>\n\n\n\n<p><\/p>\n\n\n\n<figure class=\"wp-block-image size-thumbnail is-resized\"><img loading=\"lazy\" decoding=\"async\" width=\"150\" height=\"150\" src=\"https:\/\/www.ccae.ufpb.br\/dcx\/wp-content\/uploads\/sites\/170\/sites\/293\/2026\/05\/1-150x150.png\" alt=\"\" class=\"wp-image-80\" style=\"width:89px;height:auto\" srcset=\"https:\/\/www.ccae.ufpb.br\/dcx\/wp-content\/uploads\/sites\/170\/sites\/293\/2026\/05\/1-150x150.png 150w, https:\/\/www.ccae.ufpb.br\/dcx\/wp-content\/uploads\/sites\/170\/sites\/293\/2026\/05\/1-300x300.png 300w, https:\/\/www.ccae.ufpb.br\/dcx\/wp-content\/uploads\/sites\/170\/sites\/293\/2026\/05\/1-1024x1024.png 1024w, https:\/\/www.ccae.ufpb.br\/dcx\/wp-content\/uploads\/sites\/170\/sites\/293\/2026\/05\/1-768x768.png 768w, https:\/\/www.ccae.ufpb.br\/dcx\/wp-content\/uploads\/sites\/170\/sites\/293\/2026\/05\/1-1536x1536.png 1536w, https:\/\/www.ccae.ufpb.br\/dcx\/wp-content\/uploads\/sites\/170\/sites\/293\/2026\/05\/1.png 1563w\" sizes=\"auto, (max-width: 150px) 100vw, 150px\" \/><\/figure>\n\n\n\n<h2 class=\"wp-block-heading\"><div class=\"linha-header\">MISS\u00c3O<\/div><\/h2>\n\n\n\n<p>Produzir e disseminar o conhecimento no ensino superior na \u00e1rea de ci\u00eancias exatas, formando cidad\u00e3os universit\u00e1rios para atuarem com excel\u00eancia no mercado de trabalho.<\/p>\n\n\n\n<p><\/p>\n\n\n\n<figure class=\"wp-block-image size-thumbnail is-resized\"><img loading=\"lazy\" decoding=\"async\" width=\"150\" height=\"150\" src=\"https:\/\/www.ccae.ufpb.br\/dcx\/wp-content\/uploads\/sites\/170\/sites\/293\/2026\/05\/2-150x150.png\" alt=\"\" class=\"wp-image-88\" style=\"width:89px;height:auto\" srcset=\"https:\/\/www.ccae.ufpb.br\/dcx\/wp-content\/uploads\/sites\/170\/sites\/293\/2026\/05\/2-150x150.png 150w, https:\/\/www.ccae.ufpb.br\/dcx\/wp-content\/uploads\/sites\/170\/sites\/293\/2026\/05\/2-300x300.png 300w, https:\/\/www.ccae.ufpb.br\/dcx\/wp-content\/uploads\/sites\/170\/sites\/293\/2026\/05\/2-1024x1024.png 1024w, https:\/\/www.ccae.ufpb.br\/dcx\/wp-content\/uploads\/sites\/170\/sites\/293\/2026\/05\/2-768x768.png 768w, https:\/\/www.ccae.ufpb.br\/dcx\/wp-content\/uploads\/sites\/170\/sites\/293\/2026\/05\/2-1536x1536.png 1536w, https:\/\/www.ccae.ufpb.br\/dcx\/wp-content\/uploads\/sites\/170\/sites\/293\/2026\/05\/2.png 1563w\" sizes=\"auto, (max-width: 150px) 100vw, 150px\" \/><\/figure>\n\n\n\n<h2 class=\"wp-block-heading\"><div class=\"linha-header\">VIS\u00c3O<\/div><\/h2>\n\n\n\n<p>Consolidar-se como refer\u00eancia regional em ensino, pesquisa e extens\u00e3o nas \u00e1reas de Sistemas de Informa\u00e7\u00e3o, Licenciatura em Ci\u00eancia da Computa\u00e7\u00e3o e Licenciatura em Matem\u00e1tica.<\/p>\n\n\n\n<p><\/p>\n\n\n\n<figure class=\"wp-block-image size-thumbnail is-resized\"><img loading=\"lazy\" decoding=\"async\" width=\"150\" height=\"150\" src=\"https:\/\/www.ccae.ufpb.br\/dcx\/wp-content\/uploads\/sites\/170\/sites\/293\/2026\/05\/3-150x150.png\" alt=\"\" class=\"wp-image-90\" style=\"width:89px;height:auto\" srcset=\"https:\/\/www.ccae.ufpb.br\/dcx\/wp-content\/uploads\/sites\/170\/sites\/293\/2026\/05\/3-150x150.png 150w, https:\/\/www.ccae.ufpb.br\/dcx\/wp-content\/uploads\/sites\/170\/sites\/293\/2026\/05\/3-300x300.png 300w, https:\/\/www.ccae.ufpb.br\/dcx\/wp-content\/uploads\/sites\/170\/sites\/293\/2026\/05\/3-1024x1024.png 1024w, https:\/\/www.ccae.ufpb.br\/dcx\/wp-content\/uploads\/sites\/170\/sites\/293\/2026\/05\/3-768x768.png 768w, https:\/\/www.ccae.ufpb.br\/dcx\/wp-content\/uploads\/sites\/170\/sites\/293\/2026\/05\/3-1536x1536.png 1536w, https:\/\/www.ccae.ufpb.br\/dcx\/wp-content\/uploads\/sites\/170\/sites\/293\/2026\/05\/3.png 1563w\" sizes=\"auto, (max-width: 150px) 100vw, 150px\" \/><\/figure>\n\n\n\n<h2 class=\"wp-block-heading\"><div class=\"linha-header\">VALORES<\/div><\/h2>\n\n\n\n<ul class=\"wp-block-list\">\n<li>\u00c9tica e transpar\u00eancia;<\/li>\n\n\n\n<li>Excel\u00eancia profissional;<\/li>\n\n\n\n<li>Proatividade;<\/li>\n\n\n\n<li>Trabalho em equipe;<\/li>\n\n\n\n<li>Solidariedade e respeito;<\/li>\n\n\n\n<li>Evolu\u00e7\u00e3o cont\u00ednua.<\/li>\n<\/ul>\n","protected":false},"excerpt":{"rendered":"<p>O prop\u00f3sito, a dire\u00e7\u00e3o e os princ\u00edpios que norteiam a atua\u00e7\u00e3o do Departamento de Ci\u00eancias [&hellip;]<\/p>\n","protected":false},"author":63,"featured_media":0,"parent":0,"menu_order":0,"comment_status":"closed","ping_status":"closed","template":"","meta":{"footnotes":""},"class_list":["post-77","page","type-page","status-publish","hentry"],"_links":{"self":[{"href":"https:\/\/www.ccae.ufpb.br\/dcx\/wp-json\/wp\/v2\/pages\/77","targetHints":{"allow":["GET"]}}],"collection":[{"href":"https:\/\/www.ccae.ufpb.br\/dcx\/wp-json\/wp\/v2\/pages"}],"about":[{"href":"https:\/\/www.ccae.ufpb.br\/dcx\/wp-json\/wp\/v2\/types\/page"}],"author":[{"embeddable":true,"href":"https:\/\/www.ccae.ufpb.br\/dcx\/wp-json\/wp\/v2\/users\/63"}],"replies":[{"embeddable":true,"href":"https:\/\/www.ccae.ufpb.br\/dcx\/wp-json\/wp\/v2\/comments?post=77"}],"version-history":[{"count":11,"href":"https:\/\/www.ccae.ufpb.br\/dcx\/wp-json\/wp\/v2\/pages\/77\/revisions"}],"predecessor-version":[{"id":91,"href":"https:\/\/www.ccae.ufpb.br\/dcx\/wp-json\/wp\/v2\/pages\/77\/revisions\/91"}],"wp:attachment":[{"href":"https:\/\/www.ccae.ufpb.br\/dcx\/wp-json\/wp\/v2\/media?parent=77"}],"curies":[{"name":"wp","href":"https:\/\/api.w.org\/{rel}","templated":true}]}}