{"id":37,"date":"2025-03-24T16:58:11","date_gmt":"2025-03-24T19:58:11","guid":{"rendered":"https:\/\/www.ccae.ufpb.br\/ded\/?page_id=37"},"modified":"2026-04-02T13:23:54","modified_gmt":"2026-04-02T16:23:54","slug":"equipe","status":"publish","type":"page","link":"https:\/\/www.ccae.ufpb.br\/ded\/equipe\/","title":{"rendered":"Equipe"},"content":{"rendered":"\n<h2 class=\"wp-block-heading\">Chefia Departamental<\/h2>\n\n\n\n<p><\/p>\n\n\n\n<div class=\"wp-block-columns is-layout-flex wp-container-core-columns-is-layout-9d6595d7 wp-block-columns-is-layout-flex\">\n<div class=\"wp-block-column is-layout-flow wp-block-column-is-layout-flow\" style=\"flex-basis:33.33%\"><div class=\"wp-block-image\">\n<figure class=\"aligncenter size-full\"><img loading=\"lazy\" decoding=\"async\" width=\"102\" height=\"128\" src=\"https:\/\/www.ccae.ufpb.br\/ded\/wp-content\/uploads\/sites\/170\/sites\/272\/2025\/03\/d689629c-dcb2-454c-89e4-f6c8490e01f1.png\" alt=\"\" class=\"wp-image-38\" \/><\/figure>\n<\/div><\/div>\n\n\n\n<div class=\"wp-block-column is-vertically-aligned-center is-layout-flow wp-block-column-is-layout-flow\" style=\"flex-basis:66.66%\">\n<p>Prof.\u00ba Dr.\u00ba Joel Ara\u00fajo Queiroz | Chefe<\/p>\n\n\n\n<p><a href=\"http:\/\/www.ccae.ufpb.br\/ded\/wp-content\/uploads\/sites\/170\/sites\/272\/2025\/03\/copy2_of_Portaria_chefia_JoelAQueiroz.pdf\">Portaria<\/a><\/p>\n<\/div>\n<\/div>\n\n\n\n<p><\/p>\n\n\n\n<div class=\"wp-block-columns is-layout-flex wp-container-core-columns-is-layout-9d6595d7 wp-block-columns-is-layout-flex\">\n<div class=\"wp-block-column is-layout-flow wp-block-column-is-layout-flow\" style=\"flex-basis:33.33%\"><div class=\"wp-block-image\">\n<figure class=\"aligncenter size-full\"><img loading=\"lazy\" decoding=\"async\" width=\"102\" height=\"128\" src=\"https:\/\/www.ccae.ufpb.br\/ded\/wp-content\/uploads\/sites\/170\/sites\/272\/2025\/03\/57778fa9-c7bd-4f0d-834e-fee8f35489a6.png\" alt=\"\" class=\"wp-image-43\" \/><\/figure>\n<\/div><\/div>\n\n\n\n<div class=\"wp-block-column is-vertically-aligned-center is-layout-flow wp-block-column-is-layout-flow\" style=\"flex-basis:66.66%\">\n<p>Prof.\u00aa Dr.\u00aa&nbsp;Renata Monteiro Garcia | Vice Chefe<\/p>\n\n\n\n<p><a href=\"http:\/\/www.ccae.ufpb.br\/ded\/wp-content\/uploads\/sites\/170\/sites\/272\/2025\/03\/Portaria_chefia_RenataGMonteiro.pdf\" target=\"_blank\" rel=\"noreferrer noopener\">Portaria<\/a><\/p>\n<\/div>\n<\/div>\n\n\n\n<p><\/p>\n\n\n\n<h2 class=\"wp-block-heading\"><strong><strong>Secretaria departamental&nbsp;<\/strong><\/strong><\/h2>\n\n\n\n<p><\/p>\n\n\n\n<p class=\" \">Hor\u00e1rio de trabalho: de 13h \u00e0s 17h&nbsp; &#8211; 18h &#8211; 22h<\/p>\n\n\n\n<p class=\" \">Contatos: chefiaded@ccae.ufpb.br.<\/p>\n\n\n\n<p><\/p>\n\n\n\n<h2 class=\"wp-block-heading\"><strong>Coordenadores de \u00e1rea<\/strong><\/h2>\n\n\n\n<p><\/p>\n\n\n\n<p class=\" \"><strong>Coordenadora da \u00e1rea de Organiza\u00e7\u00e3o do Trabalho Pedag\u00f3gico e Processos de Ensino<\/strong><\/p>\n\n\n\n<p class=\" \">Profa. Aur\u00edlia Coutinho Beserra de Andrade (<em>Pr\u00f3-Tempore<\/em>)<\/p>\n\n\n\n<p class=\" \"><em>PORTARIA DED N\u00ba 3\/202<\/em>6 (<a href=\"https:\/\/www.ccae.ufpb.br\/ded\/wp-content\/uploads\/sites\/170\/sites\/272\/2026\/04\/PORTARIA_3_2026_CCAE_-_DED8490868853140490803.pdf\" data-type=\"attachment\" data-id=\"252\">clique aqui<\/a>)<\/p>\n\n\n\n<p class=\" \">&nbsp;<\/p>\n\n\n\n<p class=\" \"><strong>Coordenador da \u00e1rea de Fundamentos e Pol\u00edticas da Educa\u00e7\u00e3o<\/strong><\/p>\n\n\n\n<p class=\" \">Prof. Ivonaldo Neres Leite (<em>Pr\u00f3-Tempore<\/em>)<\/p>\n\n\n\n<p class=\" \"><em>PORTARIA DED N\u00ba 3\/202<\/em>6 (<a href=\"https:\/\/www.ccae.ufpb.br\/ded\/wp-content\/uploads\/sites\/170\/sites\/272\/2026\/04\/PORTARIA_3_2026_CCAE_-_DED8490868853140490803.pdf\" data-type=\"attachment\" data-id=\"252\">clique aqui<\/a>)<\/p>\n\n\n\n<p class=\" \">&nbsp;<\/p>\n\n\n\n<p class=\" \"><\/p>\n\n\n\n<p><\/p>\n","protected":false},"excerpt":{"rendered":"<p>Chefia Departamental Prof.\u00ba Dr.\u00ba Joel Ara\u00fajo Queiroz | Chefe Portaria Prof.\u00aa Dr.\u00aa&nbsp;Renata Monteiro Garcia | Vice Chefe Portaria Secretaria departamental&nbsp; Hor\u00e1rio de trabalho: de 13h \u00e0s 17h&nbsp; &#8211; 18h &#8211; 22h Contatos: chefiaded@ccae.ufpb.br. Coordenadores de \u00e1rea Coordenadora da \u00e1rea de Organiza\u00e7\u00e3o do Trabalho Pedag\u00f3gico e Processos de Ensino Profa. Aur\u00edlia Coutinho Beserra de Andrade (Pr\u00f3-Tempore) [&hellip;]<\/p>\n","protected":false},"author":63,"featured_media":0,"parent":0,"menu_order":0,"comment_status":"closed","ping_status":"closed","template":"","meta":{"footnotes":""},"class_list":["post-37","page","type-page","status-publish","hentry"],"_links":{"self":[{"href":"https:\/\/www.ccae.ufpb.br\/ded\/wp-json\/wp\/v2\/pages\/37","targetHints":{"allow":["GET"]}}],"collection":[{"href":"https:\/\/www.ccae.ufpb.br\/ded\/wp-json\/wp\/v2\/pages"}],"about":[{"href":"https:\/\/www.ccae.ufpb.br\/ded\/wp-json\/wp\/v2\/types\/page"}],"author":[{"embeddable":true,"href":"https:\/\/www.ccae.ufpb.br\/ded\/wp-json\/wp\/v2\/users\/63"}],"replies":[{"embeddable":true,"href":"https:\/\/www.ccae.ufpb.br\/ded\/wp-json\/wp\/v2\/comments?post=37"}],"version-history":[{"count":14,"href":"https:\/\/www.ccae.ufpb.br\/ded\/wp-json\/wp\/v2\/pages\/37\/revisions"}],"predecessor-version":[{"id":253,"href":"https:\/\/www.ccae.ufpb.br\/ded\/wp-json\/wp\/v2\/pages\/37\/revisions\/253"}],"wp:attachment":[{"href":"https:\/\/www.ccae.ufpb.br\/ded\/wp-json\/wp\/v2\/media?parent=37"}],"curies":[{"name":"wp","href":"https:\/\/api.w.org\/{rel}","templated":true}]}}

<h2 class="wp-block-heading">Chefia Departamental</h2>



<p></p>



<div class="wp-block-columns is-layout-flex wp-container-core-columns-is-layout-9d6595d7 wp-block-columns-is-layout-flex">
<div class="wp-block-column is-layout-flow wp-block-column-is-layout-flow" style="flex-basis:33.33%"><div class="wp-block-image">
<figure class="aligncenter size-full"><img loading="lazy" decoding="async" width="102" height="128" src="https://www.ccae.ufpb.br/ded/wp-content/uploads/sites/170/sites/272/2025/03/d689629c-dcb2-454c-89e4-f6c8490e01f1.png" alt="" class="wp-image-38" /></figure>
</div></div>



<div class="wp-block-column is-vertically-aligned-center is-layout-flow wp-block-column-is-layout-flow" style="flex-basis:66.66%">
<p>Prof.º Dr.º Joel Araújo Queiroz | Chefe</p>



<p><a href="http://www.ccae.ufpb.br/ded/wp-content/uploads/sites/170/sites/272/2025/03/copy2_of_Portaria_chefia_JoelAQueiroz.pdf">Portaria</a></p>
</div>
</div>



<p></p>



<div class="wp-block-columns is-layout-flex wp-container-core-columns-is-layout-9d6595d7 wp-block-columns-is-layout-flex">
<div class="wp-block-column is-layout-flow wp-block-column-is-layout-flow" style="flex-basis:33.33%"><div class="wp-block-image">
<figure class="aligncenter size-full"><img loading="lazy" decoding="async" width="102" height="128" src="https://www.ccae.ufpb.br/ded/wp-content/uploads/sites/170/sites/272/2025/03/57778fa9-c7bd-4f0d-834e-fee8f35489a6.png" alt="" class="wp-image-43" /></figure>
</div></div>



<div class="wp-block-column is-vertically-aligned-center is-layout-flow wp-block-column-is-layout-flow" style="flex-basis:66.66%">
<p>Prof.ª Dr.ª&nbsp;Renata Monteiro Garcia | Vice Chefe</p>



<p><a href="http://www.ccae.ufpb.br/ded/wp-content/uploads/sites/170/sites/272/2025/03/Portaria_chefia_RenataGMonteiro.pdf" target="_blank" rel="noreferrer noopener">Portaria</a></p>
</div>
</div>



<p></p>



<h2 class="wp-block-heading"><strong><strong>Secretaria departamental&nbsp;</strong></strong></h2>



<p></p>



<p class=" ">Horário de trabalho: de 13h às 17h&nbsp; &#8211; 18h &#8211; 22h</p>



<p class=" ">Contatos: chefiaded@ccae.ufpb.br.</p>



<p></p>



<h2 class="wp-block-heading"><strong>Coordenadores de área</strong></h2>



<p></p>



<p class=" "><strong>Coordenadora da área de Organização do Trabalho Pedagógico e Processos de Ensino</strong></p>



<p class=" ">Profa. Aurília Coutinho Beserra de Andrade (<em>Pró-Tempore</em>)</p>



<p class=" "><em>PORTARIA DED Nº 3/202</em>6 (<a href="https://www.ccae.ufpb.br/ded/wp-content/uploads/sites/170/sites/272/2026/04/PORTARIA_3_2026_CCAE_-_DED8490868853140490803.pdf" data-type="attachment" data-id="252">clique aqui</a>)</p>



<p class=" ">&nbsp;</p>



<p class=" "><strong>Coordenador da área de Fundamentos e Políticas da Educação</strong></p>



<p class=" ">Prof. Ivonaldo Neres Leite (<em>Pró-Tempore</em>)</p>



<p class=" "><em>PORTARIA DED Nº 3/202</em>6 (<a href="https://www.ccae.ufpb.br/ded/wp-content/uploads/sites/170/sites/272/2026/04/PORTARIA_3_2026_CCAE_-_DED8490868853140490803.pdf" data-type="attachment" data-id="252">clique aqui</a>)</p>



<p class=" ">&nbsp;</p>



<p class=" "></p>



<p></p>

<p>Chefia Departamental Prof.º Dr.º Joel Araújo Queiroz | Chefe Portaria Prof.ª Dr.ª&nbsp;Renata Monteiro Garcia | Vice Chefe Portaria Secretaria departamental&nbsp; Horário de trabalho: de 13h às 17h&nbsp; &#8211; 18h &#8211; 22h Contatos: chefiaded@ccae.ufpb.br. Coordenadores de área Coordenadora da área de Organização do Trabalho Pedagógico e Processos de Ensino Profa. Aurília Coutinho Beserra de Andrade (Pró-Tempore) [&hellip;]</p>
