{"id":30,"date":"2024-11-26T15:28:45","date_gmt":"2024-11-26T15:28:45","guid":{"rendered":"https:\/\/www.ccae.ufpb.br\/dema\/?page_id=30"},"modified":"2026-02-12T17:17:03","modified_gmt":"2026-02-12T17:17:03","slug":"quem-somos","status":"publish","type":"page","link":"https:\/\/www.ccae.ufpb.br\/dema\/quem-somos\/","title":{"rendered":"Quem somos?"},"content":{"rendered":"\n<p>Site SIGAA:&nbsp;&nbsp;<a href=\"https:\/\/sigaa.ufpb.br\/sigaa\/public\/departamento\/portal.jsf?id=1636\" target=\"_blank\" rel=\"noreferrer noopener\">https:\/\/sigaa.ufpb.br\/sigaa\/public\/departamento\/portal.jsf?id=1636<\/a><\/p>\n\n\n\n<p><strong>Chefe<\/strong><\/p>\n\n\n\n<hr class=\"wp-block-separator has-alpha-channel-opacity\" \/>\n\n\n\n<p>Prof. Dr.&nbsp;Leonardo Figueiredo de Meneses<\/p>\n\n\n\n<p>E-mail:&nbsp;chefia.dema@ccae.ufpb.br<\/p>\n\n\n\n<p><\/p>\n\n\n\n<p><\/p>\n\n\n\n<p><strong>Subchefe<\/strong><\/p>\n\n\n\n<hr class=\"wp-block-separator has-alpha-channel-opacity\" \/>\n\n\n\n<p>Prof. Dr.&nbsp;Wallace Beiroz Imbrosio da Silva<\/p>\n\n\n\n<p>E-mail:&nbsp;chefia.dema@ccae.ufpb.br<\/p>\n\n\n\n<p><\/p>\n\n\n\n<p><\/p>\n\n\n\n<p><strong>Secretaria&nbsp;<\/strong><\/p>\n\n\n\n<hr class=\"wp-block-separator has-alpha-channel-opacity\" \/>\n\n\n\n<p>Secretaria Integrada de Atendimento aos Departamentos &#8211; SIAD <\/p>\n\n\n\n<p>E-mail: siadrt@ccae.ufpb.br&nbsp;<\/p>\n\n\n\n<p><em>Chatwoot<\/em>: (83) 3049-4304<\/p>\n\n\n\n<p><\/p>\n\n\n\n<p><\/p>\n\n\n\n<p><strong>Comiss\u00e3o de Encargos Docentes<\/strong><\/p>\n\n\n\n<hr class=\"wp-block-separator has-alpha-channel-opacity\" \/>\n\n\n\n<p>Prof. Dr.  Leonardo Figueiredo de Meneses (presidente)<\/p>\n\n\n\n<p>Prof. Dr.&nbsp; Ricardo Koroiva (titular)<\/p>\n\n\n\n<p>Profa. Dra.&nbsp;Zelma Glebya Maciel Quirino&nbsp;(titular)<\/p>\n\n\n\n<p>Prof. Dr.&nbsp;&nbsp;Wallace Beiroz Imbrosio da Silva (suplente)<\/p>\n\n\n\n<p><\/p>\n\n\n\n<p><\/p>\n\n\n\n<p><strong>Comiss\u00e3o de Progress\u00e3o Funcional<\/strong><\/p>\n\n\n\n<div class=\"wp-block-group\"><div class=\"wp-block-group__inner-container is-layout-constrained wp-block-group-is-layout-constrained\">\n<hr class=\"wp-block-separator has-alpha-channel-opacity is-style-default\" \/>\n<\/div><\/div>\n\n\n\n<p>Profa. Dra.&nbsp;Elaine Bernini (titular)<\/p>\n\n\n\n<p>Profa. Dra.&nbsp;Evelise Marcia Locatelli de Souza (titular)<\/p>\n\n\n\n<p>Prof. Dr. \u00c9vio Eduardo Chaves de Melo (titular)<\/p>\n\n\n\n<p>Profa. Dra. Nadjacl\u00e9ia Vilar Almeida (suplente)<\/p>\n\n\n\n<p><\/p>\n\n\n\n<p><\/p>\n\n\n\n<p><strong>Comiss\u00e3o de acompanhamento de Est\u00e1gio Probat\u00f3rio<\/strong> (<em>tempor\u00e1ria<\/em>)<\/p>\n\n\n\n<div class=\"wp-block-group\"><div class=\"wp-block-group__inner-container is-layout-constrained wp-block-group-is-layout-constrained\">\n<hr class=\"wp-block-separator has-alpha-channel-opacity is-style-default\" \/>\n<\/div><\/div>\n\n\n\n<p>Prof. Dr. Frederico Gustavo&nbsp;Rodrigues Fran\u00e7a<\/p>\n\n\n\n<p>Profa. Dra.&nbsp;&nbsp;Nadjacleia Vilar Almeida<\/p>\n\n\n\n<p>Prof. Dr. Wallace Beiroz Imbrosio da Silva<\/p>\n\n\n\n<p><\/p>\n\n\n\n<p><\/p>\n\n\n\n<p><strong>Corpo docente<\/strong><\/p>\n\n\n\n<div class=\"wp-block-group\"><div class=\"wp-block-group__inner-container is-layout-constrained wp-block-group-is-layout-constrained\">\n<hr class=\"wp-block-separator has-alpha-channel-opacity is-style-default\" \/>\n<\/div><\/div>\n\n\n\n<ul class=\"wp-block-list\">\n<li>Dra. Ana Pavla Almeida Diniz&nbsp;Gurgel &#8211; <a href=\"http:\/\/lattes.cnpq.br\/1857108893545275\" target=\"_blank\" rel=\"noreferrer noopener\">Curr\u00edculo&nbsp;<\/a>(apavla@yahoo.com.br)<\/li>\n\n\n\n<li>Dr. Anderson Alves dos Santos &#8211; <a href=\"http:\/\/lattes.cnpq.br\/4797862591191881\" target=\"_blank\" rel=\"noreferrer noopener\">Curr\u00edculo&nbsp;<\/a>(aads@academico.ufpb.br)<\/li>\n\n\n\n<li>Dr. Ant\u00f4nio Christian de Andrade Moura &#8211;&nbsp;<a href=\"http:\/\/lattes.cnpq.br\/1227708689723082\" target=\"_blank\" rel=\"noreferrer noopener\">Curr\u00edculo&nbsp;<\/a>(mouantonio@gmail.com)<\/li>\n\n\n\n<li>Dra. Carla Soraia Soares de Castro &#8211; <a href=\"http:\/\/lattes.cnpq.br\/3847402967283023\" target=\"_blank\" rel=\"noreferrer noopener\">Curr\u00edculo&nbsp;<\/a>(csscastro9@gmail.com)<\/li>\n\n\n\n<li>Dra. Elaine Bernini&nbsp;&#8211; <a href=\"http:\/\/lattes.cnpq.br\/4813315690632238\" target=\"_blank\" rel=\"noreferrer noopener\">Curr\u00edculo&nbsp;<\/a>(elaine@ccae.ufpb.br)<\/li>\n\n\n\n<li>Dra. Elaine Folly Ramos&nbsp;&#8211; <a href=\"http:\/\/lattes.cnpq.br\/8157596349719107\" target=\"_blank\" rel=\"noreferrer noopener\">Curr\u00edculo&nbsp;<\/a>(elafolly@yahoo.com.br)<\/li>\n\n\n\n<li>Dra. Evelise M\u00e1rcia Locatelli de Souza&nbsp;&#8211; <a href=\"http:\/\/lattes.cnpq.br\/4357727104248345\" target=\"_blank\" rel=\"noreferrer noopener\">Curr\u00edculo&nbsp;<\/a>(eveliselocatelli@yahoo.com.br)<\/li>\n\n\n\n<li>Dr. \u00c9vio Eduardo Chaves de Melo &#8211; <a href=\"http:\/\/lattes.cnpq.br\/9620177633106674\" target=\"_blank\" rel=\"noreferrer noopener\">Curr\u00edculo&nbsp;<\/a> (evioeduardo@gmail.com)<\/li>\n\n\n\n<li>Dr. Frederico Gustavo&nbsp;Rodrigues Fran\u00e7a&nbsp;&#8211; <a href=\"http:\/\/lattes.cnpq.br\/8992160084671089\" target=\"_blank\" rel=\"noreferrer noopener\">Curr\u00edculo&nbsp;<\/a>(frederico.franca@academico.ufpb.br)<\/li>\n\n\n\n<li>Dr. Leonardo Figueiredo de Meneses &#8211; <a href=\"http:\/\/lattes.cnpq.br\/2404884179539211\" target=\"_blank\" rel=\"noreferrer noopener\">Curr\u00edculo&nbsp;<\/a>(lfmeneses@hotmail.com)<\/li>\n\n\n\n<li>Dr. Lincoln El\u00f3i de Ara\u00fajo &#8211; <a href=\"http:\/\/lattes.cnpq.br\/5800585621913283\" target=\"_blank\" rel=\"noreferrer noopener\">Curr\u00edculo<\/a>&nbsp;(lincolneloi@yahoo.com.br)<\/li>\n\n\n\n<li>Dra. Milena Dutra da Silva &#8211; <a href=\"http:\/\/lattes.cnpq.br\/4025036360533510\" target=\"_blank\" rel=\"noreferrer noopener\">Curr\u00edculo&nbsp;<\/a>(milena.dutra@ccae.ufpb.br)<\/li>\n\n\n\n<li>Dra. Nadjacl\u00e9ia Vilar Almeida&nbsp;&#8211; <a href=\"http:\/\/lattes.cnpq.br\/2986683577629994\" target=\"_blank\" rel=\"noreferrer noopener\">Curr\u00edculo&nbsp;<\/a>(nadjacleia.almeida@academico.ufpb.br)<\/li>\n\n\n\n<li>Dr. Rafael Lu\u00eds Galdini Raimundo &#8211; <a href=\"http:\/\/lattes.cnpq.br\/9236593676134620\" target=\"_blank\" rel=\"noreferrer noopener\">Curr\u00edculo&nbsp;<\/a>(rafael.raimundo@academico.ufpb.br)<\/li>\n\n\n\n<li>Dr. Ricardo Koroiva &#8211; <a href=\"http:\/\/lattes.cnpq.br\/3262687790057613\">Curr\u00edculo <\/a>(ricardo.koroiva@gmail.com)<\/li>\n\n\n\n<li>Dr. Wallace Beiroz Imbrosio da Silva &#8211; <a href=\"http:\/\/lattes.cnpq.br\/0784414375673168\" target=\"_blank\" rel=\"noreferrer noopener\">Curr\u00edculo<\/a> (wallace.beiroz@academico.ufpb.br)<\/li>\n\n\n\n<li>Dr. Williame Farias Ribeiro &#8211; <a href=\"http:\/\/lattes.cnpq.br\/6179867510942876\" target=\"_blank\" rel=\"noreferrer noopener\">Curr\u00edculo&nbsp;<\/a>(wl.jampa@gmail.com)<\/li>\n\n\n\n<li>Dra. Zelma Glebya Maciel Quirino&nbsp;&#8211; <a href=\"http:\/\/lattes.cnpq.br\/2654243440511579\" target=\"_blank\" rel=\"noreferrer noopener\">Curr\u00edculo&nbsp;<\/a>(zelmaglebya@gmail.com)<br><\/li>\n<\/ul>\n\n\n\n<p><\/p>\n\n\n\n<p><strong>Corpo t\u00e9cnico<\/strong><\/p>\n\n\n\n<hr class=\"wp-block-separator has-alpha-channel-opacity is-style-default\" \/>\n\n\n\n<ul class=\"wp-block-list\">\n<li>Alisson Pl\u00e1cido da Silva &#8211; <a href=\"http:\/\/lattes.cnpq.br\/6111450542662377\">Curr\u00edculo<\/a> (alisson.silva@ccae.ufpb.br)<\/li>\n\n\n\n<li>Ana Beatriz Rodrigues dos Santos &#8211; <a href=\"http:\/\/lattes.cnpq.br\/7108437590038456\">Curr\u00edculo<\/a><a href=\"http:\/\/lattes.cnpq.br\/3028656811943233\" target=\"_blank\" rel=\"noreferrer noopener\">&nbsp;<\/a>(ana.santos@ccae.ufpb.br)<\/li>\n\n\n\n<li>Elizeu Cordeiro Caiana &#8211; <a href=\"http:\/\/lattes.cnpq.br\/2363873869824434\">Curr\u00edculo <\/a>(elizeu@ccae.ufpb.br)<\/li>\n\n\n\n<li>Frederico Lage Pinto &#8211; <a href=\"http:\/\/lattes.cnpq.br\/1282014666084204\" target=\"_blank\" rel=\"noreferrer noopener\">Curr\u00edculo<\/a> (fredlage@ccae.ufpb.br)<\/li>\n\n\n\n<li>Rafaella Silva Leal &#8211; <a href=\"http:\/\/lattes.cnpq.br\/6108809909086091\" target=\"_blank\" rel=\"noreferrer noopener\">Curr\u00edculo<\/a> (rafaella@ccae.ufpb.br)<\/li>\n<\/ul>\n\n\n\n<p><\/p>\n\n\n\n<p><strong>Representante dos T\u00e9cnicos Administrativos no Colegiado Departamental<\/strong><\/p>\n\n\n\n<hr class=\"wp-block-separator has-alpha-channel-opacity is-style-default\" \/>\n\n\n\n<ul class=\"wp-block-list\">\n<li>Frederico Lage Pinto (titular)<\/li>\n\n\n\n<li>Ana Beatriz Rodrigues dos Santos (suplente)<\/li>\n<\/ul>\n\n\n\n<p><\/p>\n\n\n\n<p><strong>Representantes dos Discentes no Colegiado Departamental<\/strong><\/p>\n\n\n\n<hr class=\"wp-block-separator has-alpha-channel-opacity is-style-default\" \/>\n\n\n\n<ul class=\"wp-block-list\">\n<li>Dayanny Vit\u00f3ria Lima da Silva (titular)<\/li>\n\n\n\n<li>Jade Danielle Maia Marinho (titular)<\/li>\n\n\n\n<li>Williany Alves Maximiano (titular)<\/li>\n<\/ul>\n\n\n\n<p><\/p>\n","protected":false},"excerpt":{"rendered":"<p>Site SIGAA:&nbsp;&nbsp;https:\/\/sigaa.ufpb.br\/sigaa\/public\/departamento\/portal.jsf?id=1636 Chefe Prof. Dr.&nbsp;Leonardo Figueiredo de Meneses E-mail:&nbsp;chefia.dema@ccae.ufpb.br Subchefe Prof. Dr.&nbsp;Wallace Beiroz Imbrosio da Silva E-mail:&nbsp;chefia.dema@ccae.ufpb.br Secretaria&nbsp; Secretaria Integrada de Atendimento aos Departamentos &#8211; SIAD E-mail: siadrt@ccae.ufpb.br&nbsp; Chatwoot: (83) 3049-4304 Comiss\u00e3o de Encargos Docentes Prof. Dr. Leonardo Figueiredo de Meneses (presidente) Prof. Dr.&nbsp; Ricardo Koroiva (titular) Profa. Dra.&nbsp;Zelma Glebya Maciel Quirino&nbsp;(titular) Prof. Dr.&nbsp;&nbsp;Wallace Beiroz [&hellip;]<\/p>\n","protected":false},"author":47,"featured_media":0,"parent":0,"menu_order":0,"comment_status":"closed","ping_status":"closed","template":"","meta":{"footnotes":""},"class_list":["post-30","page","type-page","status-publish","hentry"],"_links":{"self":[{"href":"https:\/\/www.ccae.ufpb.br\/dema\/wp-json\/wp\/v2\/pages\/30","targetHints":{"allow":["GET"]}}],"collection":[{"href":"https:\/\/www.ccae.ufpb.br\/dema\/wp-json\/wp\/v2\/pages"}],"about":[{"href":"https:\/\/www.ccae.ufpb.br\/dema\/wp-json\/wp\/v2\/types\/page"}],"author":[{"embeddable":true,"href":"https:\/\/www.ccae.ufpb.br\/dema\/wp-json\/wp\/v2\/users\/47"}],"replies":[{"embeddable":true,"href":"https:\/\/www.ccae.ufpb.br\/dema\/wp-json\/wp\/v2\/comments?post=30"}],"version-history":[{"count":34,"href":"https:\/\/www.ccae.ufpb.br\/dema\/wp-json\/wp\/v2\/pages\/30\/revisions"}],"predecessor-version":[{"id":498,"href":"https:\/\/www.ccae.ufpb.br\/dema\/wp-json\/wp\/v2\/pages\/30\/revisions\/498"}],"wp:attachment":[{"href":"https:\/\/www.ccae.ufpb.br\/dema\/wp-json\/wp\/v2\/media?parent=30"}],"curies":[{"name":"wp","href":"https:\/\/api.w.org\/{rel}","templated":true}]}}