{"id":52,"date":"2024-11-26T17:05:20","date_gmt":"2024-11-26T17:05:20","guid":{"rendered":"https:\/\/www.ccae.ufpb.br\/dema\/?page_id=52"},"modified":"2024-11-26T17:05:20","modified_gmt":"2024-11-26T17:05:20","slug":"pesquisa","status":"publish","type":"page","link":"https:\/\/www.ccae.ufpb.br\/dema\/pesquisa\/","title":{"rendered":"Pesquisa"},"content":{"rendered":"\n<p>As atividades de pesquisa do DEMA s\u00e3o desenvolvidas desde a&nbsp;<strong>Gradua\u00e7\u00e3o em Ecologia<\/strong>,&nbsp;em projetos especiais desenvolvidos em seus laborat\u00f3rios e grupos de pesquisa, com os&nbsp;<strong>Programas de Inicia\u00e7\u00e3o Cient\u00edfica<\/strong>&nbsp;(<a href=\"http:\/\/www.propesq.ufpb.br\/propesq\/contents\/menu\/institucional\/iniciacao-cientifica\/pibic\" target=\"_blank\" rel=\"noreferrer noopener\"><strong>PIBIC<\/strong>&nbsp;e&nbsp;<strong>PIVIC<\/strong><\/a>, com editais de sele\u00e7\u00e3o lan\u00e7ados anualmente pela Pr\u00f3-reitoria de Pesquisa &#8211;&nbsp;<strong><a href=\"http:\/\/www.propesq.ufpb.br\/\" target=\"_blank\" rel=\"noreferrer noopener\">PROPESQ<\/a><\/strong>) como na&nbsp;<strong>P\u00f3s-Gradua\u00e7\u00e3o<\/strong>&nbsp;atrav\u00e9s do Programa de P\u00f3s-gradua\u00e7\u00e3o em Ecologia e Monitoramento Ambiental, em n\u00edvel de Mestrado Acad\u00eamico (com bolsas oferecidas pelo CNPq e CAPES).&nbsp;<\/p>\n\n\n\n<p>A&nbsp;<strong>sele\u00e7\u00e3o de alunos<\/strong>&nbsp;dar-se-\u00e1 atrav\u00e9s de editais de sele\u00e7\u00e3o lan\u00e7ados pelos docentes contemplados nas chamadas espec\u00edficas pela PROPESQ. Fiquem atentos!&nbsp;<\/p>\n\n\n\n<p>Clique em&nbsp;<strong><a href=\"https:\/\/sigaa.ufpb.br\/sigaa\/public\/departamento\/pesquisa.jsf?id=1636\" target=\"_blank\" rel=\"noreferrer noopener\">Projetos de Pesquisa<\/a><\/strong>&nbsp;e confira todas as pesquisas do DEMA.<\/p>\n","protected":false},"excerpt":{"rendered":"<p>As atividades de pesquisa do DEMA s\u00e3o desenvolvidas desde a&nbsp;Gradua\u00e7\u00e3o em Ecologia,&nbsp;em projetos especiais desenvolvidos em seus laborat\u00f3rios e grupos de pesquisa, com os&nbsp;Programas de Inicia\u00e7\u00e3o Cient\u00edfica&nbsp;(PIBIC&nbsp;e&nbsp;PIVIC, com editais de sele\u00e7\u00e3o lan\u00e7ados anualmente pela Pr\u00f3-reitoria de Pesquisa &#8211;&nbsp;PROPESQ) como na&nbsp;P\u00f3s-Gradua\u00e7\u00e3o&nbsp;atrav\u00e9s do Programa de P\u00f3s-gradua\u00e7\u00e3o em Ecologia e Monitoramento Ambiental, em n\u00edvel de Mestrado Acad\u00eamico (com [&hellip;]<\/p>\n","protected":false},"author":47,"featured_media":0,"parent":0,"menu_order":0,"comment_status":"closed","ping_status":"closed","template":"","meta":{"footnotes":""},"class_list":["post-52","page","type-page","status-publish","hentry"],"_links":{"self":[{"href":"https:\/\/www.ccae.ufpb.br\/dema\/wp-json\/wp\/v2\/pages\/52","targetHints":{"allow":["GET"]}}],"collection":[{"href":"https:\/\/www.ccae.ufpb.br\/dema\/wp-json\/wp\/v2\/pages"}],"about":[{"href":"https:\/\/www.ccae.ufpb.br\/dema\/wp-json\/wp\/v2\/types\/page"}],"author":[{"embeddable":true,"href":"https:\/\/www.ccae.ufpb.br\/dema\/wp-json\/wp\/v2\/users\/47"}],"replies":[{"embeddable":true,"href":"https:\/\/www.ccae.ufpb.br\/dema\/wp-json\/wp\/v2\/comments?post=52"}],"version-history":[{"count":1,"href":"https:\/\/www.ccae.ufpb.br\/dema\/wp-json\/wp\/v2\/pages\/52\/revisions"}],"predecessor-version":[{"id":53,"href":"https:\/\/www.ccae.ufpb.br\/dema\/wp-json\/wp\/v2\/pages\/52\/revisions\/53"}],"wp:attachment":[{"href":"https:\/\/www.ccae.ufpb.br\/dema\/wp-json\/wp\/v2\/media?parent=52"}],"curies":[{"name":"wp","href":"https:\/\/api.w.org\/{rel}","templated":true}]}}