{"id":67,"date":"2024-11-26T17:39:36","date_gmt":"2024-11-26T17:39:36","guid":{"rendered":"https:\/\/www.ccae.ufpb.br\/dema\/?page_id=67"},"modified":"2025-11-03T17:48:37","modified_gmt":"2025-11-03T17:48:37","slug":"laboratorio-de-ecologia-quimica","status":"publish","type":"page","link":"https:\/\/www.ccae.ufpb.br\/dema\/laboratorios\/laboratorio-de-ecologia-quimica\/","title":{"rendered":"Laborat\u00f3rio de Ecologia Qu\u00edmica &#8211; LEQ"},"content":{"rendered":"\n<p>O Laborat\u00f3rio de Ecologia Qu\u00edmica (LEQ) foi criado para atender \u00e0s necessidades do Curso de Ecologia da UFPB nas seguintes dimens\u00f5es: curso de gradua\u00e7\u00e3o e projetos de pesquisa e extens\u00e3o, no tocante \u00e0s atividades que demandem recursos de Qu\u00edmica Geral, Qu\u00edmica Org\u00e2nica, Qu\u00edmica Ambiental, Bioqu\u00edmica e Tratamento de Res\u00edduos e Efluentes, visando atender aos acad\u00eamicos do curso de Ecologia, seus docentes e pesquisadores.<\/p>\n\n\n\n<figure class=\"wp-block-table\"><table class=\"has-fixed-layout\"><tbody><tr><th>NOME<\/th><th>FUN\u00c7\u00c3O<\/th><\/tr><tr><td>\u00c9vio Eduardo Chaves de Melo<\/td><td>Coordenador<\/td><\/tr><tr><td>Williame Farias Ribeiro<\/td><td>Vice Coordenador\/ Professor Pesquisador<\/td><\/tr><tr><td>Elizeu Cordeiro Caiana<\/td><td>T\u00e9cnico de Laborat\u00f3rio<\/td><\/tr><tr><td>Ana Pavla Almeida Diniz Gurgel<\/td><td>Professora Pesquisadora<\/td><\/tr><\/tbody><\/table><\/figure>\n\n\n\n<p><\/p>\n\n\n\n<div class=\"wp-block-file\"><a id=\"wp-block-file--media-d16923e5-51f2-465c-950d-5ceadcd009b2\" href=\"https:\/\/www.ccae.ufpb.br\/dema\/wp-content\/uploads\/sites\/170\/sites\/239\/2024\/12\/Regulamento-1.pdf\">Regulamento<\/a><a href=\"https:\/\/www.ccae.ufpb.br\/dema\/wp-content\/uploads\/sites\/170\/sites\/239\/2024\/12\/Regulamento-1.pdf\" class=\"wp-block-file__button wp-element-button\" download aria-describedby=\"wp-block-file--media-d16923e5-51f2-465c-950d-5ceadcd009b2\">Baixar<\/a><\/div>\n\n\n\n<div class=\"wp-block-file\"><a id=\"wp-block-file--media-590bfccc-ae1c-441d-803e-57c80ed2cada\" href=\"https:\/\/www.ccae.ufpb.br\/dema\/wp-content\/uploads\/sites\/170\/sites\/239\/2024\/12\/Materiais-permanentes.pdf\">Materiais permanentes<\/a><a href=\"https:\/\/www.ccae.ufpb.br\/dema\/wp-content\/uploads\/sites\/170\/sites\/239\/2024\/12\/Materiais-permanentes.pdf\" class=\"wp-block-file__button wp-element-button\" download aria-describedby=\"wp-block-file--media-590bfccc-ae1c-441d-803e-57c80ed2cada\">Baixar<\/a><\/div>\n\n\n\n<p><\/p>\n\n\n\n<figure class=\"wp-block-image size-full\"><img loading=\"lazy\" decoding=\"async\" width=\"1024\" height=\"698\" src=\"https:\/\/www.ccae.ufpb.br\/dema\/wp-content\/uploads\/sites\/170\/sites\/239\/2024\/12\/copy_of_20180417_082944.jpg\" alt=\"\" class=\"wp-image-310\" srcset=\"https:\/\/www.ccae.ufpb.br\/dema\/wp-content\/uploads\/sites\/170\/sites\/239\/2024\/12\/copy_of_20180417_082944.jpg 1024w, https:\/\/www.ccae.ufpb.br\/dema\/wp-content\/uploads\/sites\/170\/sites\/239\/2024\/12\/copy_of_20180417_082944-300x204.jpg 300w, https:\/\/www.ccae.ufpb.br\/dema\/wp-content\/uploads\/sites\/170\/sites\/239\/2024\/12\/copy_of_20180417_082944-768x524.jpg 768w\" sizes=\"auto, (max-width: 1024px) 100vw, 1024px\" \/><\/figure>\n\n\n\n<p><\/p>\n\n\n\n<figure class=\"wp-block-image size-full\"><img loading=\"lazy\" decoding=\"async\" width=\"868\" height=\"1000\" src=\"https:\/\/www.ccae.ufpb.br\/dema\/wp-content\/uploads\/sites\/170\/sites\/239\/2024\/12\/20180417_083442.jpg\" alt=\"\" class=\"wp-image-312\" srcset=\"https:\/\/www.ccae.ufpb.br\/dema\/wp-content\/uploads\/sites\/170\/sites\/239\/2024\/12\/20180417_083442.jpg 868w, https:\/\/www.ccae.ufpb.br\/dema\/wp-content\/uploads\/sites\/170\/sites\/239\/2024\/12\/20180417_083442-260x300.jpg 260w, https:\/\/www.ccae.ufpb.br\/dema\/wp-content\/uploads\/sites\/170\/sites\/239\/2024\/12\/20180417_083442-768x885.jpg 768w\" sizes=\"auto, (max-width: 868px) 100vw, 868px\" \/><\/figure>\n\n\n\n<p><\/p>\n\n\n\n<figure class=\"wp-block-image size-full\"><img loading=\"lazy\" decoding=\"async\" width=\"1024\" height=\"768\" src=\"https:\/\/www.ccae.ufpb.br\/dema\/wp-content\/uploads\/sites\/170\/sites\/239\/2024\/12\/20180417_091702.jpg\" alt=\"\" class=\"wp-image-313\" srcset=\"https:\/\/www.ccae.ufpb.br\/dema\/wp-content\/uploads\/sites\/170\/sites\/239\/2024\/12\/20180417_091702.jpg 1024w, https:\/\/www.ccae.ufpb.br\/dema\/wp-content\/uploads\/sites\/170\/sites\/239\/2024\/12\/20180417_091702-300x225.jpg 300w, https:\/\/www.ccae.ufpb.br\/dema\/wp-content\/uploads\/sites\/170\/sites\/239\/2024\/12\/20180417_091702-768x576.jpg 768w\" sizes=\"auto, (max-width: 1024px) 100vw, 1024px\" \/><\/figure>\n\n\n\n<p><\/p>\n\n\n\n<figure class=\"wp-block-image size-full\"><img loading=\"lazy\" decoding=\"async\" width=\"1004\" height=\"768\" src=\"https:\/\/www.ccae.ufpb.br\/dema\/wp-content\/uploads\/sites\/170\/sites\/239\/2024\/12\/20180417_094516.jpg\" alt=\"\" class=\"wp-image-314\" srcset=\"https:\/\/www.ccae.ufpb.br\/dema\/wp-content\/uploads\/sites\/170\/sites\/239\/2024\/12\/20180417_094516.jpg 1004w, https:\/\/www.ccae.ufpb.br\/dema\/wp-content\/uploads\/sites\/170\/sites\/239\/2024\/12\/20180417_094516-300x229.jpg 300w, https:\/\/www.ccae.ufpb.br\/dema\/wp-content\/uploads\/sites\/170\/sites\/239\/2024\/12\/20180417_094516-768x587.jpg 768w\" sizes=\"auto, (max-width: 1004px) 100vw, 1004px\" \/><\/figure>\n\n\n\n<p><\/p>\n\n\n\n<figure class=\"wp-block-image size-full\"><img loading=\"lazy\" decoding=\"async\" width=\"1024\" height=\"963\" src=\"https:\/\/www.ccae.ufpb.br\/dema\/wp-content\/uploads\/sites\/170\/sites\/239\/2024\/12\/20180417_094756.jpg\" alt=\"\" class=\"wp-image-315\" srcset=\"https:\/\/www.ccae.ufpb.br\/dema\/wp-content\/uploads\/sites\/170\/sites\/239\/2024\/12\/20180417_094756.jpg 1024w, https:\/\/www.ccae.ufpb.br\/dema\/wp-content\/uploads\/sites\/170\/sites\/239\/2024\/12\/20180417_094756-300x282.jpg 300w, https:\/\/www.ccae.ufpb.br\/dema\/wp-content\/uploads\/sites\/170\/sites\/239\/2024\/12\/20180417_094756-768x722.jpg 768w\" sizes=\"auto, (max-width: 1024px) 100vw, 1024px\" \/><\/figure>\n\n\n\n<p><\/p>\n\n\n\n<figure class=\"wp-block-image size-full\"><img loading=\"lazy\" decoding=\"async\" width=\"943\" height=\"1024\" src=\"https:\/\/www.ccae.ufpb.br\/dema\/wp-content\/uploads\/sites\/170\/sites\/239\/2024\/12\/copy_of_20180417_094945.jpg\" alt=\"\" class=\"wp-image-316\" srcset=\"https:\/\/www.ccae.ufpb.br\/dema\/wp-content\/uploads\/sites\/170\/sites\/239\/2024\/12\/copy_of_20180417_094945.jpg 943w, https:\/\/www.ccae.ufpb.br\/dema\/wp-content\/uploads\/sites\/170\/sites\/239\/2024\/12\/copy_of_20180417_094945-276x300.jpg 276w, https:\/\/www.ccae.ufpb.br\/dema\/wp-content\/uploads\/sites\/170\/sites\/239\/2024\/12\/copy_of_20180417_094945-768x834.jpg 768w\" sizes=\"auto, (max-width: 943px) 100vw, 943px\" \/><\/figure>\n\n\n\n<p><\/p>\n\n\n\n<figure class=\"wp-block-image size-large\"><img loading=\"lazy\" decoding=\"async\" width=\"1024\" height=\"576\" src=\"https:\/\/www.ccae.ufpb.br\/dema\/wp-content\/uploads\/sites\/170\/sites\/239\/2024\/12\/copy2_of_20180417_082913-1024x576.jpg\" alt=\"\" class=\"wp-image-317\" srcset=\"https:\/\/www.ccae.ufpb.br\/dema\/wp-content\/uploads\/sites\/170\/sites\/239\/2024\/12\/copy2_of_20180417_082913-1024x576.jpg 1024w, https:\/\/www.ccae.ufpb.br\/dema\/wp-content\/uploads\/sites\/170\/sites\/239\/2024\/12\/copy2_of_20180417_082913-300x169.jpg 300w, https:\/\/www.ccae.ufpb.br\/dema\/wp-content\/uploads\/sites\/170\/sites\/239\/2024\/12\/copy2_of_20180417_082913-768x432.jpg 768w, https:\/\/www.ccae.ufpb.br\/dema\/wp-content\/uploads\/sites\/170\/sites\/239\/2024\/12\/copy2_of_20180417_082913.jpg 1481w\" sizes=\"auto, (max-width: 1024px) 100vw, 1024px\" \/><\/figure>\n","protected":false},"excerpt":{"rendered":"<p>O Laborat\u00f3rio de Ecologia Qu\u00edmica (LEQ) foi criado para atender \u00e0s necessidades do Curso de Ecologia da UFPB nas seguintes dimens\u00f5es: curso de gradua\u00e7\u00e3o e projetos de pesquisa e extens\u00e3o, no tocante \u00e0s atividades que demandem recursos de Qu\u00edmica Geral, Qu\u00edmica Org\u00e2nica, Qu\u00edmica Ambiental, Bioqu\u00edmica e Tratamento de Res\u00edduos e Efluentes, visando atender aos acad\u00eamicos [&hellip;]<\/p>\n","protected":false},"author":47,"featured_media":0,"parent":57,"menu_order":0,"comment_status":"closed","ping_status":"closed","template":"","meta":{"footnotes":""},"class_list":["post-67","page","type-page","status-publish","hentry"],"_links":{"self":[{"href":"https:\/\/www.ccae.ufpb.br\/dema\/wp-json\/wp\/v2\/pages\/67","targetHints":{"allow":["GET"]}}],"collection":[{"href":"https:\/\/www.ccae.ufpb.br\/dema\/wp-json\/wp\/v2\/pages"}],"about":[{"href":"https:\/\/www.ccae.ufpb.br\/dema\/wp-json\/wp\/v2\/types\/page"}],"author":[{"embeddable":true,"href":"https:\/\/www.ccae.ufpb.br\/dema\/wp-json\/wp\/v2\/users\/47"}],"replies":[{"embeddable":true,"href":"https:\/\/www.ccae.ufpb.br\/dema\/wp-json\/wp\/v2\/comments?post=67"}],"version-history":[{"count":6,"href":"https:\/\/www.ccae.ufpb.br\/dema\/wp-json\/wp\/v2\/pages\/67\/revisions"}],"predecessor-version":[{"id":421,"href":"https:\/\/www.ccae.ufpb.br\/dema\/wp-json\/wp\/v2\/pages\/67\/revisions\/421"}],"up":[{"embeddable":true,"href":"https:\/\/www.ccae.ufpb.br\/dema\/wp-json\/wp\/v2\/pages\/57"}],"wp:attachment":[{"href":"https:\/\/www.ccae.ufpb.br\/dema\/wp-json\/wp\/v2\/media?parent=67"}],"curies":[{"name":"wp","href":"https:\/\/api.w.org\/{rel}","templated":true}]}}