{"id":37,"date":"2024-11-22T12:00:22","date_gmt":"2024-11-22T12:00:22","guid":{"rendered":"https:\/\/www.ccae.ufpb.br\/ecologia\/?page_id=37"},"modified":"2024-11-22T12:00:22","modified_gmt":"2024-11-22T12:00:22","slug":"laboratorios","status":"publish","type":"page","link":"https:\/\/www.ccae.ufpb.br\/ecologia\/laboratorios\/","title":{"rendered":"Laborat\u00f3rios"},"content":{"rendered":"\n<p><a href=\"http:\/\/www.ccae.ufpb.br\/dema\/contents\/paginas\/laboratorio-de-analise-geoambiental\">Laborat\u00f3rio de An\u00e1lise Geoambiental &#8211; LAGEO<\/a><\/p>\n\n\n\n<p><a href=\"http:\/\/www.ccae.ufpb.br\/lcg\/\">Laborat\u00f3rio de Cartografia e Geoprocessamento &#8211; LCG<\/a><\/p>\n\n\n\n<p><a href=\"http:\/\/www.ccae.ufpb.br\/dema\/contents\/paginas\/laboratorio-de-ecologia-animal-lea\">Laborat\u00f3rio de Ecologia Animal &#8211; LEA<\/a><\/p>\n\n\n\n<p><a href=\"http:\/\/www.ccae.ufpb.br\/dema\/contents\/paginas\/laboratorio-de-ecologia-costeira-e-oceanica-leco\">Laborat\u00f3rio de Ecologia Costeira e Oce\u00e2nica &#8211; LECO<\/a><\/p>\n\n\n\n<p><a href=\"http:\/\/www.ccae.ufpb.br\/dema\/contents\/paginas\/laboratorio-de-ecologia-vegetal-labev\">Laborat\u00f3rio de Ecologia Vegetal &#8211; LABEV<\/a><\/p>\n\n\n\n<p><a href=\"http:\/\/www.ccae.ufpb.br\/dema\/contents\/paginas\/laboratorio-de-quimica-ambiental\">Laborat\u00f3rio de Ecologia Qu\u00edmica &#8211; LEQ<\/a><\/p>\n","protected":false},"excerpt":{"rendered":"<p>Laborat\u00f3rio de An\u00e1lise Geoambiental &#8211; LAGEO Laborat\u00f3rio de Cartografia e Geoprocessamento &#8211; LCG Laborat\u00f3rio de Ecologia Animal &#8211; LEA Laborat\u00f3rio de Ecologia Costeira e Oce\u00e2nica &#8211; LECO Laborat\u00f3rio de Ecologia Vegetal &#8211; LABEV Laborat\u00f3rio de Ecologia Qu\u00edmica &#8211; LEQ<\/p>\n","protected":false},"author":47,"featured_media":0,"parent":0,"menu_order":0,"comment_status":"closed","ping_status":"closed","template":"","meta":{"footnotes":""},"class_list":["post-37","page","type-page","status-publish","hentry"],"_links":{"self":[{"href":"https:\/\/www.ccae.ufpb.br\/ecologia\/wp-json\/wp\/v2\/pages\/37","targetHints":{"allow":["GET"]}}],"collection":[{"href":"https:\/\/www.ccae.ufpb.br\/ecologia\/wp-json\/wp\/v2\/pages"}],"about":[{"href":"https:\/\/www.ccae.ufpb.br\/ecologia\/wp-json\/wp\/v2\/types\/page"}],"author":[{"embeddable":true,"href":"https:\/\/www.ccae.ufpb.br\/ecologia\/wp-json\/wp\/v2\/users\/47"}],"replies":[{"embeddable":true,"href":"https:\/\/www.ccae.ufpb.br\/ecologia\/wp-json\/wp\/v2\/comments?post=37"}],"version-history":[{"count":1,"href":"https:\/\/www.ccae.ufpb.br\/ecologia\/wp-json\/wp\/v2\/pages\/37\/revisions"}],"predecessor-version":[{"id":38,"href":"https:\/\/www.ccae.ufpb.br\/ecologia\/wp-json\/wp\/v2\/pages\/37\/revisions\/38"}],"wp:attachment":[{"href":"https:\/\/www.ccae.ufpb.br\/ecologia\/wp-json\/wp\/v2\/media?parent=37"}],"curies":[{"name":"wp","href":"https:\/\/api.w.org\/{rel}","templated":true}]}}