{"id":6,"date":"2025-04-04T10:39:28","date_gmt":"2025-04-04T13:39:28","guid":{"rendered":"https:\/\/www.ccae.ufpb.br\/ladhme\/?page_id=6"},"modified":"2025-04-24T10:28:39","modified_gmt":"2025-04-24T13:28:39","slug":"quem-somos","status":"publish","type":"page","link":"https:\/\/www.ccae.ufpb.br\/ladhme\/quem-somos\/","title":{"rendered":"Quem somos?"},"content":{"rendered":"\n<p>O Laborat\u00f3rio Digital de Pedagogia: Hist\u00f3ria e Mem\u00f3ria de Educa\u00e7\u00e3o da Para\u00edba &#8211; LADHME \u00e9 resultado permanente de pesquisas desenvolvidas no Grupo de Pesquisa Hist\u00f3ria e Mem\u00f3ria de Educa\u00e7\u00e3o da Para\u00edba,&nbsp;&nbsp;composto por professoras e (ex) alunas (os) da UFPB\/CCAE\/ Campus IV- Litoral Norte e membros externos.&nbsp;<\/p>\n\n\n\n<div class=\"wp-block-media-text is-stacked-on-mobile\" style=\"grid-template-columns:36% auto\"><figure class=\"wp-block-media-text__media\"><img loading=\"lazy\" decoding=\"async\" width=\"128\" height=\"128\" src=\"https:\/\/www.ccae.ufpb.br\/ladhme\/wp-content\/uploads\/sites\/170\/sites\/284\/2025\/04\/e0d82c7b-9dac-4e90-9287-906621dd825a.jpeg\" alt=\"\" class=\"wp-image-9 size-full\"\/><\/figure><div class=\"wp-block-media-text__content\">\n<p><strong>Maria Valdenice Resende Soares<\/strong><\/p>\n\n\n\n<p>Pedagoga,&nbsp;Doutora em Educa\u00e7\u00e3o, professora adjunta da Universidade Federal da Para\u00edba junto ao Departamento de Educa\u00e7\u00e3o do Campus IV. Vincula-se ao Grupo de Estudos e Pesquisas Hist\u00f3ria, Sociedade e Educa\u00e7\u00e3o no Brasil \u2013 HISTEDBR\/PB e ao Grupo Hist\u00f3ria e Mem\u00f3ria da Educa\u00e7\u00e3o da Para\u00edba. Atua como pesquisadora nos campos da educa\u00e7\u00e3o de jovens e adultos, pr\u00e1ticas educativas, institui\u00e7\u00f5es escolares e hist\u00f3ria de vida de professoras.&nbsp;<\/p>\n\n\n\n<p>Orcid: <a href=\"https:\/\/orcid.org\/0000-0002-4088-6024&nbsp;\">https:\/\/orcid.org\/0000-0002-4088-6024&nbsp;<\/a><\/p>\n\n\n\n<p>Email: maria.valdenice@academico.ufpb.br<\/p>\n<\/div><\/div>\n\n\n\n<div class=\"wp-block-media-text is-stacked-on-mobile\" style=\"grid-template-columns:36% auto\"><figure class=\"wp-block-media-text__media\"><img loading=\"lazy\" decoding=\"async\" width=\"100\" height=\"125\" src=\"https:\/\/www.ccae.ufpb.br\/ladhme\/wp-content\/uploads\/sites\/170\/sites\/284\/2025\/04\/dcae90ae-6676-48c2-9477-2b9a7d8fba89.jpeg\" alt=\"\" class=\"wp-image-56 size-full\"\/><\/figure><div class=\"wp-block-media-text__content\">\n<p>Francymara Antonino Nunes de Assis<\/p>\n\n\n\n<p>Pedagoga,\u00a0Doutora em Educa\u00e7\u00e3o, professora adjunta da Universidade Federal da Para\u00edba junto ao Departamento de Educa\u00e7\u00e3o do Campus IV. Vincula-se ao Grupo de Estudos e Pesquisas Hist\u00f3ria, Sociedade e Educa\u00e7\u00e3o no Brasil \u2013 HISTEDBR\/PB e ao Grupo Hist\u00f3ria e Mem\u00f3ria da Educa\u00e7\u00e3o da Para\u00edba. Atua como pesquisadora nos campos da educa\u00e7\u00e3o inclusiva, pr\u00e1ticas educativas, cultura material escolar e hist\u00f3ria de vida de professoras. <\/p>\n\n\n\n<p>Orcid: <a href=\"https:\/\/orcid.org\/0000-0001-7460-2918 \">https:\/\/orcid.org\/0000-0001-7460-2918 <\/a><\/p>\n\n\n\n<p>Email: francymara858@gmail.com<\/p>\n<\/div><\/div>\n\n\n\n<p><\/p>\n","protected":false},"excerpt":{"rendered":"<p>O Laborat\u00f3rio Digital de Pedagogia: Hist\u00f3ria e Mem\u00f3ria da Educa\u00e7\u00e3o da Para\u00edba &#8211; LADHME surgiu da necessidade de  socializar fontes inventariadas no Grupo de Pesquisa  Hist\u00f3ria e Mem\u00f3ria da Educa\u00e7\u00e3o da Para\u00edba coordenado pelas professoras Maria Valdenice Resende Soares e Francymara Antonino Nunes de Assis com a participa\u00e7\u00e3o de colaboradores internos e externos e  (ex) discentes .<\/p>\n","protected":false},"author":47,"featured_media":7,"parent":0,"menu_order":0,"comment_status":"closed","ping_status":"closed","template":"","meta":{"footnotes":""},"class_list":["post-6","page","type-page","status-publish","has-post-thumbnail","hentry"],"_links":{"self":[{"href":"https:\/\/www.ccae.ufpb.br\/ladhme\/wp-json\/wp\/v2\/pages\/6","targetHints":{"allow":["GET"]}}],"collection":[{"href":"https:\/\/www.ccae.ufpb.br\/ladhme\/wp-json\/wp\/v2\/pages"}],"about":[{"href":"https:\/\/www.ccae.ufpb.br\/ladhme\/wp-json\/wp\/v2\/types\/page"}],"author":[{"embeddable":true,"href":"https:\/\/www.ccae.ufpb.br\/ladhme\/wp-json\/wp\/v2\/users\/47"}],"replies":[{"embeddable":true,"href":"https:\/\/www.ccae.ufpb.br\/ladhme\/wp-json\/wp\/v2\/comments?post=6"}],"version-history":[{"count":7,"href":"https:\/\/www.ccae.ufpb.br\/ladhme\/wp-json\/wp\/v2\/pages\/6\/revisions"}],"predecessor-version":[{"id":58,"href":"https:\/\/www.ccae.ufpb.br\/ladhme\/wp-json\/wp\/v2\/pages\/6\/revisions\/58"}],"wp:featuredmedia":[{"embeddable":true,"href":"https:\/\/www.ccae.ufpb.br\/ladhme\/wp-json\/wp\/v2\/media\/7"}],"wp:attachment":[{"href":"https:\/\/www.ccae.ufpb.br\/ladhme\/wp-json\/wp\/v2\/media?parent=6"}],"curies":[{"name":"wp","href":"https:\/\/api.w.org\/{rel}","templated":true}]}}