{"id":40,"date":"2025-05-20T19:22:25","date_gmt":"2025-05-20T22:22:25","guid":{"rendered":"https:\/\/www.ccae.ufpb.br\/lcc\/?page_id=40"},"modified":"2026-04-17T17:49:04","modified_gmt":"2026-04-17T20:49:04","slug":"formularios","status":"publish","type":"page","link":"https:\/\/www.ccae.ufpb.br\/lcc\/formularios\/","title":{"rendered":"Formul\u00e1rios e Documentos"},"content":{"rendered":"\n<p>Nesta p\u00e1gina est\u00e3o dispon\u00edveis alguns formul\u00e1rios e documentos importantes para o curso de LCC.<\/p>\n\n\n\n<h2 class=\"wp-block-heading\"><div class=\"linha-header\">Formul\u00e1rios<\/div><\/h2>\n\n\n\n<div class=\"wp-block-file\"><a id=\"wp-block-file--media-fa248bd7-b64a-4f23-90e1-b0f149449043\" href=\"https:\/\/www.ccae.ufpb.br\/lcc\/wp-content\/uploads\/sites\/170\/sites\/309\/2025\/05\/RequerimentoProrrogao.docx\">Requerimento de dilata\u00e7\u00e3o de curso<\/a><a href=\"https:\/\/www.ccae.ufpb.br\/lcc\/wp-content\/uploads\/sites\/170\/sites\/309\/2025\/05\/RequerimentoProrrogao.docx\" class=\"wp-block-file__button wp-element-button\" download aria-describedby=\"wp-block-file--media-fa248bd7-b64a-4f23-90e1-b0f149449043\">Baixar<\/a><\/div>\n\n\n\n<div class=\"wp-block-file\"><a id=\"wp-block-file--media-36006b73-ac48-44a2-81a5-23448504cb33\" href=\"https:\/\/www.ccae.ufpb.br\/lcc\/wp-content\/uploads\/sites\/170\/sites\/309\/2025\/05\/formulario__conteudo_complementar_flexivel_lcc_2023.doc\">Formul\u00e1rio de aproveitamento de T\u00f3picos Especiais<\/a><a href=\"https:\/\/www.ccae.ufpb.br\/lcc\/wp-content\/uploads\/sites\/170\/sites\/309\/2025\/05\/formulario__conteudo_complementar_flexivel_lcc_2023.doc\" class=\"wp-block-file__button wp-element-button\" download aria-describedby=\"wp-block-file--media-36006b73-ac48-44a2-81a5-23448504cb33\">Baixar<\/a><\/div>\n\n\n\n<div class=\"wp-block-file\"><a id=\"wp-block-file--media-491fc75e-7e53-43ea-826c-70f1bba3a3a0\" href=\"https:\/\/www.ccae.ufpb.br\/lcc\/wp-content\/uploads\/sites\/170\/sites\/309\/2025\/05\/formulario-aproveitamento-de-disciplina-reformulado.doc\">Formul\u00e1rio de aproveitamento de Disciplinas<\/a><a href=\"https:\/\/www.ccae.ufpb.br\/lcc\/wp-content\/uploads\/sites\/170\/sites\/309\/2025\/05\/formulario-aproveitamento-de-disciplina-reformulado.doc\" class=\"wp-block-file__button wp-element-button\" download aria-describedby=\"wp-block-file--media-491fc75e-7e53-43ea-826c-70f1bba3a3a0\">Baixar<\/a><\/div>\n\n\n\n<div class=\"wp-block-file\"><a id=\"wp-block-file--media-dcc606fd-4c6b-422b-bd9b-8529dd8c9050\" href=\"https:\/\/www.ccae.ufpb.br\/lcc\/wp-content\/uploads\/sites\/170\/sites\/309\/2025\/05\/formulario-solicitacao-de-cancelamento-de-disciplina.doc\">&nbsp;Formul\u00e1rio de solicita\u00e7\u00e3o de cancelamento de disciplinas<\/a><a href=\"https:\/\/www.ccae.ufpb.br\/lcc\/wp-content\/uploads\/sites\/170\/sites\/309\/2025\/05\/formulario-solicitacao-de-cancelamento-de-disciplina.doc\" class=\"wp-block-file__button wp-element-button\" download aria-describedby=\"wp-block-file--media-dcc606fd-4c6b-422b-bd9b-8529dd8c9050\">Baixar<\/a><\/div>\n\n\n\n<p><\/p>\n\n\n\n<h2 class=\"wp-block-heading\"><div class=\"linha-header\">Documentos<\/div><\/h2>\n\n\n\n<ul class=\"wp-block-list\">\n<li><a href=\"https:\/\/www.ccae.ufpb.br\/lcc\/wp-content\/uploads\/sites\/170\/sites\/309\/2025\/05\/ppc-lcc-atualizado-em-2012-1.pdf\">PPC (Projeto Pedag\u00f3gico do Curso de LCC)<\/a><\/li>\n\n\n\n<li><a href=\"http:\/\/www.ccae.ufpb.br\/lcc\/wp-content\/uploads\/sites\/170\/sites\/309\/2025\/05\/regulamento_conteudo_complementar_flexivel_lcc_2023.pdf\">Regulamento de T\u00f3picos Especiais do curso<\/a><\/li>\n\n\n\n<li><a href=\"https:\/\/www.ccae.ufpb.br\/lcc\/wp-content\/uploads\/sites\/170\/sites\/309\/2025\/05\/1-regulamento_estagio_lcc.pdf\">Regulamento de Est\u00e1gios do curso LCC<\/a><\/li>\n\n\n\n<li><a href=\"https:\/\/sig-arq.ufpb.br\/arquivos\/2020189051e2be2611980cbe468246287\/Resp29.20.pdf\">Regulamento Geral de Gradua\u00e7\u00e3o da UFPB (Resolu\u00e7\u00e3o 29\/2020 do CONSEPE)<\/a><\/li>\n<\/ul>\n\n\n\n<p><\/p>\n","protected":false},"excerpt":{"rendered":"<p>Nesta p\u00e1gina est\u00e3o dispon\u00edveis alguns formul\u00e1rios e documentos importantes para o curso de LCC. Formul\u00e1rios [&hellip;]<\/p>\n","protected":false},"author":47,"featured_media":0,"parent":0,"menu_order":0,"comment_status":"closed","ping_status":"closed","template":"","meta":{"footnotes":""},"class_list":["post-40","page","type-page","status-publish","hentry"],"_links":{"self":[{"href":"https:\/\/www.ccae.ufpb.br\/lcc\/wp-json\/wp\/v2\/pages\/40","targetHints":{"allow":["GET"]}}],"collection":[{"href":"https:\/\/www.ccae.ufpb.br\/lcc\/wp-json\/wp\/v2\/pages"}],"about":[{"href":"https:\/\/www.ccae.ufpb.br\/lcc\/wp-json\/wp\/v2\/types\/page"}],"author":[{"embeddable":true,"href":"https:\/\/www.ccae.ufpb.br\/lcc\/wp-json\/wp\/v2\/users\/47"}],"replies":[{"embeddable":true,"href":"https:\/\/www.ccae.ufpb.br\/lcc\/wp-json\/wp\/v2\/comments?post=40"}],"version-history":[{"count":6,"href":"https:\/\/www.ccae.ufpb.br\/lcc\/wp-json\/wp\/v2\/pages\/40\/revisions"}],"predecessor-version":[{"id":207,"href":"https:\/\/www.ccae.ufpb.br\/lcc\/wp-json\/wp\/v2\/pages\/40\/revisions\/207"}],"wp:attachment":[{"href":"https:\/\/www.ccae.ufpb.br\/lcc\/wp-json\/wp\/v2\/media?parent=40"}],"curies":[{"name":"wp","href":"https:\/\/api.w.org\/{rel}","templated":true}]}}