{"id":32,"date":"2026-03-29T10:47:17","date_gmt":"2026-03-29T13:47:17","guid":{"rendered":"https:\/\/www.ccae.ufpb.br\/licmat\/?page_id=32"},"modified":"2026-03-29T10:47:17","modified_gmt":"2026-03-29T13:47:17","slug":"calendario-academico-horarios","status":"publish","type":"page","link":"https:\/\/www.ccae.ufpb.br\/licmat\/calendario-academico-horarios\/","title":{"rendered":"Calend\u00e1rio Acad\u00eamico \/ Hor\u00e1rios"},"content":{"rendered":"\n<p><strong><a href=\"http:\/\/plone.ufpb.br\/licmat\/contents\/menu\/resolveuid\/cc1f91ec7c2445e5b639d64080464395\" target=\"_blank\" rel=\"noreferrer noopener\">Calend\u00e1rio&nbsp; Acad\u00eamico 2021.2&nbsp; &nbsp; &nbsp; &nbsp;<\/a><\/strong><\/p>\n\n\n\n<p><strong><a href=\"http:\/\/plone.ufpb.br\/licmat\/contents\/menu\/resolveuid\/b59c37931c6b47eda19c071e8522cb37\" target=\"_blank\" rel=\"noreferrer noopener\">Hor\u00e1rio Calend\u00e1rio 2021.2<\/a><\/strong><\/p>\n","protected":false},"excerpt":{"rendered":"<p>Calend\u00e1rio&nbsp; Acad\u00eamico 2021.2&nbsp; &nbsp; &nbsp; &nbsp; Hor\u00e1rio Calend\u00e1rio 2021.2<\/p>\n","protected":false},"author":47,"featured_media":0,"parent":0,"menu_order":0,"comment_status":"closed","ping_status":"closed","template":"","meta":{"footnotes":""},"class_list":["post-32","page","type-page","status-publish","hentry"],"_links":{"self":[{"href":"https:\/\/www.ccae.ufpb.br\/licmat\/wp-json\/wp\/v2\/pages\/32","targetHints":{"allow":["GET"]}}],"collection":[{"href":"https:\/\/www.ccae.ufpb.br\/licmat\/wp-json\/wp\/v2\/pages"}],"about":[{"href":"https:\/\/www.ccae.ufpb.br\/licmat\/wp-json\/wp\/v2\/types\/page"}],"author":[{"embeddable":true,"href":"https:\/\/www.ccae.ufpb.br\/licmat\/wp-json\/wp\/v2\/users\/47"}],"replies":[{"embeddable":true,"href":"https:\/\/www.ccae.ufpb.br\/licmat\/wp-json\/wp\/v2\/comments?post=32"}],"version-history":[{"count":1,"href":"https:\/\/www.ccae.ufpb.br\/licmat\/wp-json\/wp\/v2\/pages\/32\/revisions"}],"predecessor-version":[{"id":33,"href":"https:\/\/www.ccae.ufpb.br\/licmat\/wp-json\/wp\/v2\/pages\/32\/revisions\/33"}],"wp:attachment":[{"href":"https:\/\/www.ccae.ufpb.br\/licmat\/wp-json\/wp\/v2\/media?parent=32"}],"curies":[{"name":"wp","href":"https:\/\/api.w.org\/{rel}","templated":true}]}}