{"id":348,"date":"2025-04-08T11:23:14","date_gmt":"2025-04-08T14:23:14","guid":{"rendered":"https:\/\/www.ccae.ufpb.br\/secretariadoexecutivo\/?page_id=348"},"modified":"2025-04-08T11:46:21","modified_gmt":"2025-04-08T14:46:21","slug":"solicitacoes","status":"publish","type":"page","link":"https:\/\/www.ccae.ufpb.br\/secretariadoexecutivo\/solicitacoes\/","title":{"rendered":"Solicita\u00e7\u00f5es"},"content":{"rendered":"\n<p><\/p>\n\n\n\n<p><strong>Procedimento para a solicita\u00e7\u00e3o de abertura de processos<\/strong><\/p>\n\n\n\n<ol class=\"wp-block-list\">\n<li>Para abertura de um processo junto \u00e0 Coordena\u00e7\u00e3o do Curso, o discente deve preencher o&nbsp;<strong><a href=\"https:\/\/www.ccae.ufpb.br\/secretariado\/contents\/documentos\/copy3_of_RequerimentoGeral.pdf\">requerimento geral<\/a><\/strong>&nbsp;e envi\u00e1-lo para o e-mail da Coordena\u00e7\u00e3o do Curso (csecretariado@ccae.ufpb.br); &nbsp; &nbsp; &nbsp; &nbsp; &nbsp;<\/li>\n\n\n\n<li>Os requerimentos devem estar devidamente preenchidos, sem rasuras, assinados (manuscrito ou via SouGov) e datados;<\/li>\n\n\n\n<li>Al\u00e9m do requerimento, \u00e9 necess\u00e1rio anexar os documentos exigidos para a abertura do processo;<\/li>\n\n\n\n<li>Ap\u00f3s a abertura do processo, o aluno ser\u00e1 notificado por e-mail contendo o n\u00famero do processo e demais informa\u00e7\u00f5es necess\u00e1rias, para que possa acompanhar o andamento atrav\u00e9s do sistema&nbsp;<strong><a href=\"http:\/\/sipac.ufpb.br\/\" target=\"_blank\" rel=\"noreferrer noopener\">SIPAC<\/a><\/strong>, no menu &#8220;Processos&#8221; clicar em &#8220;Consultar Processos&#8221;.<\/li>\n<\/ol>\n\n\n\n<p class=\" \">&nbsp;<\/p>\n\n\n\n<p><strong>Importante<\/strong>: Antes de fazer uma solicita\u00e7\u00e3o, os discentes devem consultar a&nbsp;<strong><a href=\"https:\/\/www.ccae.ufpb.br\/secretariado\/contents\/documentos\/REGULAMENTOGERALDAGRADUAO292020.pdf\">Resolu\u00e7\u00e3o 29\/2020<\/a><\/strong>&nbsp;e observar as condi\u00e7\u00f5es previstas e a documenta\u00e7\u00e3o exigida.<\/p>\n\n\n\n<p><\/p>\n\n\n\n<h2 class=\"wp-block-heading has-text-align-left\"><strong>Solicita\u00e7\u00f5es<\/strong><\/h2>\n\n\n\n<p><\/p>\n\n\n\n<p><a href=\"https:\/\/www.ccae.ufpb.br\/secretariadoexecutivo\/aproveitamento-dispensa-de-disciplina\/\"><strong>Aproveitamento e Dispensa de Componente Curricular<\/strong><\/a><\/p>\n\n\n\n<p><strong><a href=\"https:\/\/www.ccae.ufpb.br\/secretariadoexecutivo\/aproveitamento-dos-componentes-flexiveis\/\">Aproveitamento de Componentes Flex\u00edveis<\/a><\/strong><\/p>\n\n\n\n<p><strong><a href=\"https:\/\/www.ccae.ufpb.br\/secretariadoexecutivo\/atualizacao-de-dados-cadastrais\/\">Atualiza\u00e7\u00e3o de Dados Cadastrais<\/a><\/strong><\/p>\n\n\n\n<p><strong><a href=\"https:\/\/www.ccae.ufpb.br\/secretariadoexecutivo\/cancelamento-de-vinculo\/\">Cancelamento de V\u00ednculo<\/a><\/strong><\/p>\n\n\n\n<p><strong><a href=\"https:\/\/www.ccae.ufpb.br\/secretariadoexecutivo\/emissao-de-diploma-1-via\/\">Emiss\u00e3o de Diplomas &#8211; 1 Via<\/a><a href=\"https:\/\/www.ccae.ufpb.br\/secretariado\/regime-de-exercicios-domiciliares\"><\/a><\/strong><\/p>\n\n\n\n<p><strong><a href=\"https:\/\/www.ccae.ufpb.br\/secretariadoexecutivo\/regime-de-exercicios-domiciliares\/\">Regime de Exerc\u00edcios Domiciliares<\/a><\/strong><\/p>\n\n\n\n<p><strong><a href=\"https:\/\/www.ccae.ufpb.br\/secretariadoexecutivo\/trancamento-parcial\/\">Trancamento Parcial<\/a>\u00a0<\/strong><\/p>\n\n\n\n<p><strong><a href=\"https:\/\/www.ccae.ufpb.br\/secretariadoexecutivo\/trancamento-total\/\">Trancamento Total<\/a>&nbsp;<\/strong><\/p>\n\n\n\n<p><\/p>\n","protected":false},"excerpt":{"rendered":"<p>Procedimento para a solicita\u00e7\u00e3o de abertura de processos &nbsp; Importante: Antes de fazer uma solicita\u00e7\u00e3o, os discentes devem consultar a&nbsp;Resolu\u00e7\u00e3o 29\/2020&nbsp;e observar as condi\u00e7\u00f5es previstas e a documenta\u00e7\u00e3o exigida. Solicita\u00e7\u00f5es Aproveitamento e Dispensa de Componente Curricular Aproveitamento de Componentes Flex\u00edveis Atualiza\u00e7\u00e3o de Dados Cadastrais Cancelamento de V\u00ednculo Emiss\u00e3o de Diplomas &#8211; 1 Via Regime de [&hellip;]<\/p>\n","protected":false},"author":63,"featured_media":0,"parent":0,"menu_order":0,"comment_status":"closed","ping_status":"closed","template":"","meta":{"footnotes":""},"class_list":["post-348","page","type-page","status-publish","hentry"],"_links":{"self":[{"href":"https:\/\/www.ccae.ufpb.br\/secretariadoexecutivo\/wp-json\/wp\/v2\/pages\/348","targetHints":{"allow":["GET"]}}],"collection":[{"href":"https:\/\/www.ccae.ufpb.br\/secretariadoexecutivo\/wp-json\/wp\/v2\/pages"}],"about":[{"href":"https:\/\/www.ccae.ufpb.br\/secretariadoexecutivo\/wp-json\/wp\/v2\/types\/page"}],"author":[{"embeddable":true,"href":"https:\/\/www.ccae.ufpb.br\/secretariadoexecutivo\/wp-json\/wp\/v2\/users\/63"}],"replies":[{"embeddable":true,"href":"https:\/\/www.ccae.ufpb.br\/secretariadoexecutivo\/wp-json\/wp\/v2\/comments?post=348"}],"version-history":[{"count":6,"href":"https:\/\/www.ccae.ufpb.br\/secretariadoexecutivo\/wp-json\/wp\/v2\/pages\/348\/revisions"}],"predecessor-version":[{"id":355,"href":"https:\/\/www.ccae.ufpb.br\/secretariadoexecutivo\/wp-json\/wp\/v2\/pages\/348\/revisions\/355"}],"wp:attachment":[{"href":"https:\/\/www.ccae.ufpb.br\/secretariadoexecutivo\/wp-json\/wp\/v2\/media?parent=348"}],"curies":[{"name":"wp","href":"https:\/\/api.w.org\/{rel}","templated":true}]}}