{"id":93,"date":"2025-02-11T17:07:22","date_gmt":"2025-02-11T17:07:22","guid":{"rendered":"https:\/\/www.ccae.ufpb.br\/secretariadoexecutivo\/?page_id=93"},"modified":"2025-02-11T17:07:22","modified_gmt":"2025-02-11T17:07:22","slug":"docentes","status":"publish","type":"page","link":"https:\/\/www.ccae.ufpb.br\/secretariadoexecutivo\/docentes\/","title":{"rendered":"Docentes"},"content":{"rendered":"\n<h2 class=\"wp-block-heading has-text-align-center\"><strong>Docentes que lecionam no curso&nbsp;&nbsp;<\/strong><\/h2>\n\n\n\n<p><\/p>\n\n\n\n<figure class=\"wp-block-table\"><table class=\"has-fixed-layout\"><tbody><tr><td><strong>&nbsp; Item&nbsp; &nbsp;<\/strong><\/td><td><strong>Professor(a)&nbsp; &nbsp; &nbsp; &nbsp;<\/strong><\/td><td><strong>&nbsp; &nbsp;Departamento&nbsp; &nbsp; &nbsp;<\/strong><\/td><td><strong>Regime de&nbsp;<\/strong><strong>trabalho&nbsp; &nbsp; &nbsp;<\/strong><\/td><td><strong>&nbsp; &nbsp;Titula\u00e7\u00e3o&nbsp; &nbsp; &nbsp;<\/strong><\/td><\/tr><tr><td>01<\/td><td>Adriana Zenaide Clericuzi<\/td><td>DCX<\/td><td>T40 &#8211; DE<\/td><td>Doutorado<\/td><\/tr><tr><td>02<\/td><td>Alberto Santos Arruda<\/td><td>DCS<\/td><td>T40 &#8211; DE<\/td><td>Doutorado<\/td><\/tr><tr><td>03<\/td><td>Ana C\u00e2ndida Ferreira Vieira<\/td><td>DCSA<\/td><td>T40 &#8211; DE<\/td><td>Mestrado<\/td><\/tr><tr><td>04<\/td><td>Ana Maria Magalh\u00e3es Correia<\/td><td>DCSA<\/td><td>T40 &#8211; DE<\/td><td>Doutorado<\/td><\/tr><tr><td>05<\/td><td>Ant\u00f4nio Manoel El\u00edbio J\u00fanior<\/td><td>DCS<\/td><td>T40 &#8211; DE<\/td><td>Doutorado<\/td><\/tr><tr><td>06<\/td><td>Baltazar Maca\u00edba De Souza<\/td><td>DCS<\/td><td>T40 &#8211; DE<\/td><td>Doutorado<\/td><\/tr><tr><td>07<\/td><td>Claudilene Gomes Da Costa<\/td><td>DCX<\/td><td>T40 &#8211; DE<\/td><td>Doutorado<\/td><\/tr><tr><td>08<\/td><td>Carla Alecsandra De Melo Bonif\u00e1cio<\/td><td>DL<\/td><td>T40 &#8211; DE<\/td><td>Doutorado<\/td><\/tr><tr><td>09<\/td><td>Cibelle Da Silva Santiago<\/td><td>DCSA<\/td><td>T40 &#8211; DE<\/td><td>Doutorado<\/td><\/tr><tr><td>10<\/td><td>Cristiano Bonneau<\/td><td>DCS<\/td><td>T40 &#8211; DE<\/td><td>Doutorado<\/td><\/tr><tr><td>11<\/td><td>Daniel C\u00e9sar Franklin Chacon<\/td><td>DCSA<\/td><td>T40 &#8211; DE<\/td><td>Doutorado<\/td><\/tr><tr><td>12<\/td><td>Eddla Karina Gomes Pereira<\/td><td>DCSA<\/td><td>T40 &#8211; DE<\/td><td>Doutorado<\/td><\/tr><tr><td>13<\/td><td>Edilane Do Amaral Heleno<\/td><td>DCSA<\/td><td>T40 &#8211; DE<\/td><td>Doutorado<\/td><\/tr><tr><td>14<\/td><td>Emanuel de Abreu Silva<\/td><td>DL<\/td><td>T40 \u2013 DE<\/td><td>Doutorado<\/td><\/tr><tr><td>15<\/td><td>F\u00e1bio Pessoa Da Silva<\/td><td>DL<\/td><td>T40 &#8211; DE<\/td><td>Doutorado<\/td><\/tr><tr><td>16<\/td><td>Fernanda Marques De Almeida Holanda<\/td><td>DCSA<\/td><td>T40 &#8211; DE<\/td><td>Doutorado<\/td><\/tr><tr><td>17<\/td><td>Francisca Janete Da Silva Adelino<\/td><td>DCSA<\/td><td>T40 &#8211; DE<\/td><td>Doutorado<\/td><\/tr><tr><td>18<\/td><td>Geraldo Emanuel De Abreu Silva<\/td><td>DL<\/td><td>T40 &#8211; DE<\/td><td>Doutorado<\/td><\/tr><tr><td>19<\/td><td>Geraldo Alexandre De Oliveira Gomes<\/td><td>DCS<\/td><td>T40 &#8211; DE<\/td><td>Doutorado<\/td><\/tr><tr><td>20<\/td><td>Graziellen Gelli Pinheiro Lima<\/td><td>DL<\/td><td>T40 &#8211; DE<\/td><td>Doutorado<\/td><\/tr><tr><td>21<\/td><td>Jo\u00e3o Marcelo Alves Macedo<\/td><td>DCSA<\/td><td>T40 \u2013 DE<\/td><td>Doutorado<\/td><\/tr><tr><td>22<\/td><td>Jos\u00e9 Veranildo Lopes da Costa Junior<\/td><td>DL<\/td><td>T40 &#8211; DE<\/td><td>Doutorado<\/td><\/tr><tr><td>23<\/td><td>Joseilme Fernandes Gouveia<\/td><td>DCX<\/td><td>T40 &#8211; DE<\/td><td>Doutorado<\/td><\/tr><tr><td>24<\/td><td>Juliene Paiva De Ara\u00fajo Osias<\/td><td>DL<\/td><td>T40 &#8211; DE<\/td><td>Doutorado<\/td><\/tr><tr><td>25<\/td><td>J\u00falio Afonso S\u00e1 De Pinho Neto<\/td><td>DCSA<\/td><td>T40 &#8211; DE<\/td><td>Doutorado<\/td><\/tr><tr><td>26<\/td><td>K\u00e1tia Regina Gon\u00e7alves De Deus<\/td><td>DCSA<\/td><td>T40 &#8211; DE<\/td><td>Mestrado<\/td><\/tr><tr><td>27<\/td><td>Kelly Emanuelly De Oliveira<\/td><td>DCS<\/td><td>T40 &#8211; DE<\/td><td>Doutorado<\/td><\/tr><tr><td>28<\/td><td>Laura Taddei Alves Pereira Pinto Berqu\u00f3<\/td><td>DCSA<\/td><td>T20<\/td><td>Mestrado<\/td><\/tr><tr><td>29<\/td><td>Laurenia Souto Sales<\/td><td>DL<\/td><td>T40 &#8211; DE<\/td><td>Doutorado<\/td><\/tr><tr><td>30<\/td><td>Luana Francisleyde Pessoa De Farias<\/td><td>DL<\/td><td>T40 &#8211; DE<\/td><td>Doutorado<\/td><\/tr><tr><td>31<\/td><td>Luziana Marques Da Fonseca Silva<\/td><td>DCS<\/td><td>T40 &#8211; DE<\/td><td>Doutorado<\/td><\/tr><tr><td>32<\/td><td>Maika Bueque Zampier<\/td><td>DCSA<\/td><td>T40 &#8211; DE<\/td><td>Mestrado<\/td><\/tr><tr><td>33<\/td><td>Manoel Heleno Gomes Da Silva<\/td><td>DCSA<\/td><td>T40 &#8211; DE<\/td><td>Mestrado<\/td><\/tr><tr><td>34<\/td><td>Maria Angeluce Soares Peronico Barbotin<\/td><td>DCSA<\/td><td>T40 \u2013 DE<\/td><td>Doutorado<\/td><\/tr><tr><td>35<\/td><td>Maria Luzitana Concei\u00e7\u00e3o Dos Santos<\/td><td>DCSA<\/td><td>T40 &#8211; DE<\/td><td>Doutorado<\/td><\/tr><tr><td>36<\/td><td>Marilza Pereira Valentini<\/td><td>DCSA<\/td><td>T40 &#8211; DE<\/td><td>Mestrado<\/td><\/tr><tr><td>37<\/td><td>Matheus Barbosa<\/td><td>&nbsp;DCX<\/td><td>T20<\/td><td>Mestrado&nbsp;<\/td><\/tr><tr><td>38<\/td><td>Nahuan Alaff Virgino Soares<\/td><td>DCSA<\/td><td>T40&nbsp;<\/td><td>Mestrado<\/td><\/tr><tr><td>39<\/td><td>N\u00edvea Marcela Marques Nascimento De Mac\u00eado<\/td><td>DCSA<\/td><td>T40 &#8211; DE<\/td><td>Doutorado<\/td><\/tr><tr><td>40<\/td><td>Osicleide De Lima Bezerra<\/td><td>DCS<\/td><td>T40 &#8211; DE<\/td><td>Doutorado<\/td><\/tr><tr><td>41<\/td><td>Raquel Alves Santos<\/td><td>DCSA<\/td><td>T40&nbsp;<\/td><td>Doutorado<\/td><\/tr><tr><td>42<\/td><td>Roseane Batista Feitosa Nicolau<\/td><td>DL<\/td><td>T40 &#8211; DE<\/td><td>Doutorado<\/td><\/tr><tr><td>43<\/td><td>Rosiele Fernandes Pinto<\/td><td>DCSA<\/td><td>T40 &#8211; DE<\/td><td>Doutorado<\/td><\/tr><tr><td>44<\/td><td>Patr\u00edcia Silva Nascimento Barros<\/td><td>DCX<\/td><td>T40 &#8211; DE<\/td><td>Doutorado<\/td><\/tr><tr><td>45<\/td><td>Rosemary Marinho Da Silva<\/td><td>DCS<\/td><td>T40 &#8211; DE<\/td><td>Doutorado<\/td><\/tr><tr><td>46<\/td><td>Ruth Marcela Bown Cuello<\/td><td>DL<\/td><td>T40 &#8211; DE<\/td><td>Mestrado<\/td><\/tr><tr><td>47<\/td><td>Sabrina Martins de Ara\u00fajo<\/td><td>&nbsp;DCSA<\/td><td>&nbsp;T20<\/td><td>Doutorado&nbsp;<\/td><\/tr><tr><td>48<\/td><td>Sandra Maria Ara\u00fajo Dias<\/td><td>DL<\/td><td>T40 &#8211; DE<\/td><td>Doutorado<\/td><\/tr><tr><td>49<\/td><td>Saulo Emmanuel Vieira Maciel<\/td><td>DCSA<\/td><td>T40 &#8211; DE<\/td><td>Mestrado<\/td><\/tr><tr><td>50<\/td><td>Surama Santos Ismael Da Costa<\/td><td>DCX<\/td><td>T40 &#8211; DE<\/td><td>Doutorado<\/td><\/tr><tr><td>51<\/td><td>Tabira De Souza Andrade<\/td><td>DCSA<\/td><td>T40 &#8211; DE<\/td><td>Mestrado<\/td><\/tr><tr><td>52<\/td><td>Wendhel&nbsp;Raffa&nbsp;Coimbra<\/td><td>DCX<\/td><td>&nbsp;T40-DE<\/td><td>Doutorado<\/td><\/tr><\/tbody><\/table><\/figure>\n","protected":false},"excerpt":{"rendered":"<p>Docentes que lecionam no curso&nbsp;&nbsp; &nbsp; Item&nbsp; &nbsp; Professor(a)&nbsp; &nbsp; &nbsp; &nbsp; &nbsp; &nbsp;Departamento&nbsp; &nbsp; &nbsp; Regime de&nbsp;trabalho&nbsp; &nbsp; &nbsp; &nbsp; &nbsp;Titula\u00e7\u00e3o&nbsp; &nbsp; &nbsp; 01 Adriana Zenaide Clericuzi DCX T40 &#8211; DE Doutorado 02 Alberto Santos Arruda DCS T40 &#8211; DE Doutorado 03 Ana C\u00e2ndida Ferreira Vieira DCSA T40 &#8211; DE Mestrado 04 Ana Maria [&hellip;]<\/p>\n","protected":false},"author":63,"featured_media":0,"parent":0,"menu_order":0,"comment_status":"closed","ping_status":"closed","template":"","meta":{"footnotes":""},"class_list":["post-93","page","type-page","status-publish","hentry"],"_links":{"self":[{"href":"https:\/\/www.ccae.ufpb.br\/secretariadoexecutivo\/wp-json\/wp\/v2\/pages\/93","targetHints":{"allow":["GET"]}}],"collection":[{"href":"https:\/\/www.ccae.ufpb.br\/secretariadoexecutivo\/wp-json\/wp\/v2\/pages"}],"about":[{"href":"https:\/\/www.ccae.ufpb.br\/secretariadoexecutivo\/wp-json\/wp\/v2\/types\/page"}],"author":[{"embeddable":true,"href":"https:\/\/www.ccae.ufpb.br\/secretariadoexecutivo\/wp-json\/wp\/v2\/users\/63"}],"replies":[{"embeddable":true,"href":"https:\/\/www.ccae.ufpb.br\/secretariadoexecutivo\/wp-json\/wp\/v2\/comments?post=93"}],"version-history":[{"count":1,"href":"https:\/\/www.ccae.ufpb.br\/secretariadoexecutivo\/wp-json\/wp\/v2\/pages\/93\/revisions"}],"predecessor-version":[{"id":94,"href":"https:\/\/www.ccae.ufpb.br\/secretariadoexecutivo\/wp-json\/wp\/v2\/pages\/93\/revisions\/94"}],"wp:attachment":[{"href":"https:\/\/www.ccae.ufpb.br\/secretariadoexecutivo\/wp-json\/wp\/v2\/media?parent=93"}],"curies":[{"name":"wp","href":"https:\/\/api.w.org\/{rel}","templated":true}]}}