{"id":37,"date":"2025-06-04T19:45:47","date_gmt":"2025-06-04T22:45:47","guid":{"rendered":"https:\/\/www.ccae.ufpb.br\/siagrt\/?page_id=37"},"modified":"2026-03-25T13:04:36","modified_gmt":"2026-03-25T16:04:36","slug":"regulamentos","status":"publish","type":"page","link":"https:\/\/www.ccae.ufpb.br\/siagrt\/regulamentos\/","title":{"rendered":"Regulamentos"},"content":{"rendered":"\n<p><a href=\"http:\/\/www.ccae.ufpb.br\/siagrt\/wp-content\/uploads\/sites\/170\/sites\/310\/2025\/10\/Resp29.20.pdf\">Regulamento Geral de Gradua\u00e7\u00e3o da UFPB<\/a><\/p>\n\n\n\n<p>Regimento das Secretarias Integradas de Atendimento \u00e0 Gradua\u00e7\u00e3o &#8211; SIAGs<\/p>\n\n\n\n<p><\/p>\n","protected":false},"excerpt":{"rendered":"<p>Regulamento Geral de Gradua\u00e7\u00e3o da UFPB Regimento das Secretarias Integradas de Atendimento \u00e0 Gradua\u00e7\u00e3o &#8211; [&hellip;]<\/p>\n","protected":false},"author":47,"featured_media":0,"parent":0,"menu_order":4,"comment_status":"closed","ping_status":"closed","template":"","meta":{"footnotes":""},"class_list":["post-37","page","type-page","status-publish","hentry"],"_links":{"self":[{"href":"https:\/\/www.ccae.ufpb.br\/siagrt\/wp-json\/wp\/v2\/pages\/37","targetHints":{"allow":["GET"]}}],"collection":[{"href":"https:\/\/www.ccae.ufpb.br\/siagrt\/wp-json\/wp\/v2\/pages"}],"about":[{"href":"https:\/\/www.ccae.ufpb.br\/siagrt\/wp-json\/wp\/v2\/types\/page"}],"author":[{"embeddable":true,"href":"https:\/\/www.ccae.ufpb.br\/siagrt\/wp-json\/wp\/v2\/users\/47"}],"replies":[{"embeddable":true,"href":"https:\/\/www.ccae.ufpb.br\/siagrt\/wp-json\/wp\/v2\/comments?post=37"}],"version-history":[{"count":4,"href":"https:\/\/www.ccae.ufpb.br\/siagrt\/wp-json\/wp\/v2\/pages\/37\/revisions"}],"predecessor-version":[{"id":191,"href":"https:\/\/www.ccae.ufpb.br\/siagrt\/wp-json\/wp\/v2\/pages\/37\/revisions\/191"}],"wp:attachment":[{"href":"https:\/\/www.ccae.ufpb.br\/siagrt\/wp-json\/wp\/v2\/media?parent=37"}],"curies":[{"name":"wp","href":"https:\/\/api.w.org\/{rel}","templated":true}]}}